000
CDUS43 KILX 240629
CLIILX


CLIMATE REPORT
NATIONAL WEATHER SERVICE LINCOLN IL
129 AM CDT WED AUG 24 2016


...................................

...THE LINCOLN IL CLIMATE SUMMARY FOR AUGUST 23 2016...

CLIMATE NORMAL PERIOD 1981 TO 2010
CLIMATE RECORD PERIOD 1905 TO 2016


WEATHER ITEM   OBSERVED TIME   RECORD YEAR NORMAL DEPARTURE LAST
                VALUE   (LST)  VALUE       VALUE  FROM      YEAR
                                                  NORMAL
..................................................................
TEMPERATURE (F)
 YESTERDAY
  MAXIMUM         81        MM 100    1936  84     -3       78
  MINIMUM         57        MM  43    1923  61     -4       60
  AVERAGE         69                        73     -4       69

PRECIPITATION (IN)
  YESTERDAY        0.00          3.41 1983   0.12  -0.12     0.02
  MONTH TO DATE    4.07                      2.97   1.10     1.04
  SINCE JUN 1     15.12                     12.35   2.77    16.64
  SINCE JAN 1     27.07                     26.47   0.60    31.03

SNOWFALL (IN)
  YESTERDAY        0.0           0.0    MM   0.0    0.0      0.0
  MONTH TO DATE    0.0                       0.0    0.0      0.0
  SINCE JUN 1      0.0                       0.0    0.0      0.0
  SINCE JUL 1      0.0                       0.0    0.0      0.0
  SNOW DEPTH       0

DEGREE DAYS
 HEATING
  YESTERDAY        0                         0      0        0
  MONTH TO DATE    0                         0      0        0
  SINCE JUN 1     11                        19     -8       14
  SINCE JUL 1      9                         2      7        6

 COOLING
  YESTERDAY        4                         8     -4        4
  MONTH TO DATE  218                       197     21      174
  SINCE JUN 1    812                       740     72      660
  SINCE JAN 1    899                       831     68      771
..................................................................


WIND (MPH)
  HIGHEST WIND SPEED    MM   HIGHEST WIND DIRECTION    MM
  HIGHEST GUST SPEED    MM   HIGHEST GUST DIRECTION    MM
  AVERAGE WIND SPEED    MM


SKY COVER
  POSSIBLE SUNSHINE  MM


WEATHER CONDITIONS
 THE FOLLOWING WEATHER WAS RECORDED YESTERDAY.
  NO SIGNIFICANT WEATHER WAS OBSERVED.


..........................................................


THE LINCOLN IL CLIMATE NORMALS FOR TODAY
                         NORMAL    RECORD    YEAR
 MAXIMUM TEMPERATURE (F)   84       101      1936
 MINIMUM TEMPERATURE (F)   61        41      1920


SUNRISE AND SUNSET
AUGUST 24 2016........SUNRISE   618 AM CDT   SUNSET   741 PM CDT
AUGUST 25 2016........SUNRISE   619 AM CDT   SUNSET   739 PM CDT


-  INDICATES NEGATIVE NUMBERS.
R  INDICATES RECORD WAS SET OR TIED.
MM INDICATES DATA IS MISSING.
T  INDICATES TRACE AMOUNT.




$$
