000
CDUS43 KILX 130658
CLIILX


CLIMATE REPORT
NATIONAL WEATHER SERVICE LINCOLN IL
1246 AM CST SAT FEB 13 2016


...................................

...THE LINCOLN IL CLIMATE SUMMARY FOR FEBRUARY 12 2016...

CLIMATE NORMAL PERIOD 1981 TO 2010
CLIMATE RECORD PERIOD 1905 TO 2016


WEATHER ITEM   OBSERVED TIME   RECORD YEAR NORMAL DEPARTURE LAST
                VALUE   (LST)  VALUE       VALUE  FROM      YEAR
                                                  NORMAL
..................................................................
TEMPERATURE (F)
 YESTERDAY
  MAXIMUM         28        MM  72    1938  38    -10       21
  MINIMUM         10        MM -13    1981  21    -11       11
  AVERAGE         19                        29    -10       16

PRECIPITATION (IN)
  YESTERDAY        0.03          0.94 1918   0.07  -0.04      T
  MONTH TO DATE    0.73                      0.73   0.00     0.80
  SINCE DEC 1      8.53                      5.30   3.23     3.64
  SINCE JAN 1      1.72                      2.66  -0.94     2.19

SNOWFALL (IN)
  YESTERDAY        0.5           3.0  1975   0.2    0.3       T
  MONTH TO DATE    1.1                       2.7   -1.6      5.0
  SINCE DEC 1      6.7                      14.8   -8.1     10.0
  SINCE JUL 1      7.7                      15.4   -7.7     11.0
  SNOW DEPTH       1

DEGREE DAYS
 HEATING
  YESTERDAY       46                        36     10       49
  MONTH TO DATE  433                       444    -11      482
  SINCE DEC 1   2393                      2755   -362     2728
  SINCE JUL 1   3320                      3898   -578     4126

 COOLING
  YESTERDAY        0                         0      0        0
  MONTH TO DATE    0                         0      0        0
  SINCE DEC 1      0                         0      0        0
  SINCE JAN 1      0                         0      0        0
..................................................................


WIND (MPH)
  HIGHEST WIND SPEED    MM   HIGHEST WIND DIRECTION    MM
  HIGHEST GUST SPEED    MM   HIGHEST GUST DIRECTION    MM
  AVERAGE WIND SPEED    MM


SKY COVER
  POSSIBLE SUNSHINE  MM


WEATHER CONDITIONS
 THE FOLLOWING WEATHER WAS RECORDED YESTERDAY.
  LIGHT SNOW


..........................................................


THE LINCOLN IL CLIMATE NORMALS FOR TODAY
                         NORMAL    RECORD    YEAR
 MAXIMUM TEMPERATURE (F)   38        68      1938
 MINIMUM TEMPERATURE (F)   21        -4      2014


SUNRISE AND SUNSET
FEBRUARY 13 2016......SUNRISE   654 AM CST   SUNSET   530 PM CST
FEBRUARY 14 2016......SUNRISE   652 AM CST   SUNSET   531 PM CST


-  INDICATES NEGATIVE NUMBERS.
R  INDICATES RECORD WAS SET OR TIED.
MM INDICATES DATA IS MISSING.
T  INDICATES TRACE AMOUNT.




$$
