000
CDUS43 KILX 210628
CLIILX


CLIMATE REPORT
NATIONAL WEATHER SERVICE LINCOLN IL
128 AM CDT SUN SEP 21 2014


...................................

...THE LINCOLN IL CLIMATE SUMMARY FOR SEPTEMBER 20 2014...

CLIMATE NORMAL PERIOD 1981 TO 2010
CLIMATE RECORD PERIOD 1905 TO 2014


WEATHER ITEM   OBSERVED TIME   RECORD YEAR NORMAL DEPARTURE LAST
                VALUE   (LST)  VALUE       VALUE  FROM      YEAR
                                                  NORMAL
..................................................................
TEMPERATURE (F)
 YESTERDAY
  MAXIMUM         83        MM  94    1940  77      6       73
  MINIMUM         54        MM  31    1918  52      2       54
  AVERAGE         69                        64      5       64

PRECIPITATION (IN)
  YESTERDAY        0.58          3.55 1986   0.10   0.48     0.13
  MONTH TO DATE    7.62                      2.18   5.44     0.63
  SINCE SEP 1      7.62                      2.18   5.44     0.63
  SINCE JAN 1     36.27                     29.60   6.67    29.77

SNOWFALL (IN)
  YESTERDAY        0.0           T    1913   0.0    0.0      0.0
  MONTH TO DATE    0.0                       0.0    0.0      0.0
  SINCE SEP 1      0.0                       0.0    0.0      0.0
  SINCE JUL 1      0.0                       0.0    0.0       T
  SNOW DEPTH       0

DEGREE DAYS
 HEATING
  YESTERDAY        0                         3     -3        1
  MONTH TO DATE   92                        33     59       28
  SINCE SEP 1     92                        33     59       28
  SINCE JUL 1    102                        42     60       50

 COOLING
  YESTERDAY        4                         3      1        0
  MONTH TO DATE   63                        95    -32      129
  SINCE SEP 1     63                        95    -32      129
  SINCE JAN 1    817                       984   -167      900
..................................................................


WIND (MPH)
  HIGHEST WIND SPEED    MM   HIGHEST WIND DIRECTION    MM
  HIGHEST GUST SPEED    MM   HIGHEST GUST DIRECTION    MM
  AVERAGE WIND SPEED    MM


SKY COVER
  POSSIBLE SUNSHINE  MM


WEATHER CONDITIONS
 THE FOLLOWING WEATHER WAS RECORDED YESTERDAY.
  THUNDERSTORM
  LIGHT RAIN


..........................................................


THE LINCOLN IL CLIMATE NORMALS FOR TODAY
                         NORMAL    RECORD    YEAR
 MAXIMUM TEMPERATURE (F)   76        94      1940
 MINIMUM TEMPERATURE (F)   51        34      1918


SUNRISE AND SUNSET
SEPTEMBER 21 2014.....SUNRISE   644 AM CDT   SUNSET   656 PM CDT
SEPTEMBER 22 2014.....SUNRISE   645 AM CDT   SUNSET   654 PM CDT


-  INDICATES NEGATIVE NUMBERS.
R  INDICATES RECORD WAS SET OR TIED.
MM INDICATES DATA IS MISSING.
T  INDICATES TRACE AMOUNT.




$$
