000
CDUS43 KILX 180728
CLIILX


CLIMATE REPORT
NATIONAL WEATHER SERVICE LINCOLN IL
227 AM CDT WED OCT 18 2017


...................................

...THE LINCOLN IL CLIMATE SUMMARY FOR OCTOBER 17 2017...

CLIMATE NORMAL PERIOD 1981 TO 2010
CLIMATE RECORD PERIOD 1905 TO 2017


WEATHER ITEM   OBSERVED TIME   RECORD YEAR NORMAL DEPARTURE LAST
                VALUE   (LST)  VALUE       VALUE  FROM      YEAR
                                                  NORMAL
..................................................................
TEMPERATURE (F)
 YESTERDAY
  MAXIMUM         69        MM  87    1935  65      4       86
  MINIMUM         41        MM  26    2015  42     -1       66
  AVERAGE         55                        53      2       76

PRECIPITATION (IN)
  YESTERDAY        0.00          1.28 1923   0.10  -0.10     0.00
  MONTH TO DATE    3.80                      1.65   2.15     1.21
  SINCE SEP 1      4.51                      4.86  -0.35     5.64
  SINCE JAN 1     29.63                     32.28  -2.65    35.08

SNOWFALL (IN)
  YESTERDAY        0.0           T    2002   0.0    0.0      0.0
  MONTH TO DATE    0.0                       0.0    0.0      0.0
  SINCE SEP 1      0.0                       0.0    0.0      0.0
  SINCE JUL 1      T                         0.0    0.0      0.0
  SNOW DEPTH       0

DEGREE DAYS
 HEATING
  YESTERDAY       10                        12     -2        0
  MONTH TO DATE   56                       162   -106       70
  SINCE SEP 1    128                       248   -120       85
  SINCE JUL 1    134                       257   -123       94

 COOLING
  YESTERDAY        0                         0      0       11
  MONTH TO DATE   41                        11     30       39
  SINCE SEP 1    182                       125     57      233
  SINCE JAN 1    981                      1014    -33     1224
..................................................................


WIND (MPH)
  HIGHEST WIND SPEED    MM   HIGHEST WIND DIRECTION    MM
  HIGHEST GUST SPEED    MM   HIGHEST GUST DIRECTION    MM
  AVERAGE WIND SPEED    MM


SKY COVER
  POSSIBLE SUNSHINE  MM


WEATHER CONDITIONS
 THE FOLLOWING WEATHER WAS RECORDED YESTERDAY.
  NO SIGNIFICANT WEATHER WAS OBSERVED.


..........................................................


THE LINCOLN IL CLIMATE NORMALS FOR TODAY
                         NORMAL    RECORD    YEAR
 MAXIMUM TEMPERATURE (F)   65        88      1953
 MINIMUM TEMPERATURE (F)   41        20      1948


SUNRISE AND SUNSET
OCTOBER 18 2017.......SUNRISE   711 AM CDT   SUNSET   613 PM CDT
OCTOBER 19 2017.......SUNRISE   712 AM CDT   SUNSET   611 PM CDT


-  INDICATES NEGATIVE NUMBERS.
R  INDICATES RECORD WAS SET OR TIED.
MM INDICATES DATA IS MISSING.
T  INDICATES TRACE AMOUNT.




$$
