000
CDUS43 KILX 290640
CLIILX


CLIMATE REPORT
NATIONAL WEATHER SERVICE LINCOLN IL
140 AM CDT THU SEP 29 2016


...................................

...THE LINCOLN IL CLIMATE SUMMARY FOR SEPTEMBER 28 2016...

CLIMATE NORMAL PERIOD 1981 TO 2010
CLIMATE RECORD PERIOD 1905 TO 2016


WEATHER ITEM   OBSERVED TIME   RECORD YEAR NORMAL DEPARTURE LAST
                VALUE   (LST)  VALUE       VALUE  FROM      YEAR
                                                  NORMAL
..................................................................
TEMPERATURE (F)
 YESTERDAY
  MAXIMUM         61        MM  96    1953  73    -12       81
  MINIMUM         52        MM  26    1942  48      4       60
  AVERAGE         57                        61     -4       71

PRECIPITATION (IN)
  YESTERDAY        T             2.65 1927   0.10  -0.10     0.00
  MONTH TO DATE    4.11                      3.01   1.10     4.65
  SINCE SEP 1      4.11                      3.01   1.10     4.65
  SINCE JAN 1     33.55                     30.43   3.12    35.72

SNOWFALL (IN)
  YESTERDAY        0.0           0.0    MM   0.0    0.0      0.0
  MONTH TO DATE    0.0                       0.0    0.0      0.0
  SINCE SEP 1      0.0                       0.0    0.0      0.0
  SINCE JUL 1      0.0                       0.0    0.0      0.0
  SNOW DEPTH       0

DEGREE DAYS
 HEATING
  YESTERDAY        8                         6      2        0
  MONTH TO DATE    9                        72    -63       30
  SINCE SEP 1      9                        72    -63       30
  SINCE JUL 1     18                        81    -63       42

 COOLING
  YESTERDAY        0                         2     -2        6
  MONTH TO DATE  194                       112     82      186
  SINCE SEP 1    194                       112     82      186
  SINCE JAN 1   1185                      1001    184      990
..................................................................


WIND (MPH)
  HIGHEST WIND SPEED    MM   HIGHEST WIND DIRECTION    MM
  HIGHEST GUST SPEED    MM   HIGHEST GUST DIRECTION    MM
  AVERAGE WIND SPEED    MM


SKY COVER
  POSSIBLE SUNSHINE  MM


WEATHER CONDITIONS
 THE FOLLOWING WEATHER WAS RECORDED YESTERDAY.
  LIGHT RAIN


..........................................................


THE LINCOLN IL CLIMATE NORMALS FOR TODAY
                         NORMAL    RECORD    YEAR
 MAXIMUM TEMPERATURE (F)   73       101      1953
 MINIMUM TEMPERATURE (F)   48        33      1949


SUNRISE AND SUNSET
SEPTEMBER 29 2016.....SUNRISE   652 AM CDT   SUNSET   642 PM CDT
SEPTEMBER 30 2016.....SUNRISE   653 AM CDT   SUNSET   640 PM CDT


-  INDICATES NEGATIVE NUMBERS.
R  INDICATES RECORD WAS SET OR TIED.
MM INDICATES DATA IS MISSING.
T  INDICATES TRACE AMOUNT.




$$
