000
CDUS43 KILX 300650
CLIILX


CLIMATE REPORT
NATIONAL WEATHER SERVICE LINCOLN IL
150 AM CDT THU JUL 30 2015


...................................

...THE LINCOLN IL CLIMATE SUMMARY FOR JULY 29 2015...

CLIMATE NORMAL PERIOD 1981 TO 2010
CLIMATE RECORD PERIOD 1905 TO 2015


WEATHER ITEM   OBSERVED TIME   RECORD YEAR NORMAL DEPARTURE LAST
                VALUE   (LST)  VALUE       VALUE  FROM      YEAR
                                                  NORMAL
..................................................................
TEMPERATURE (F)
 YESTERDAY
  MAXIMUM         87        MM 104    1916  85      2       77
  MINIMUM         69        MM  47    1925  64      5       55
  AVERAGE         78                        74      4       66

PRECIPITATION (IN)
  YESTERDAY        0.00          2.06 1966   0.14  -0.14     0.00
  MONTH TO DATE    5.93                      4.78   1.15     4.78
  SINCE JUN 1     15.60                      9.10   6.50    11.20
  SINCE JAN 1     29.99                     23.22   6.77    22.52

SNOWFALL (IN)
  YESTERDAY        0.0           0.0    MM   0.0    0.0      0.0
  MONTH TO DATE    0.0                       0.0    0.0      0.0
  SINCE JUN 1      0.0                       0.0    0.0      0.0
  SINCE JUL 1      0.0                       0.0    0.0      0.0
  SNOW DEPTH       0

DEGREE DAYS
 HEATING
  YESTERDAY        0                         0      0        0
  MONTH TO DATE    6                         0      6        9
  SINCE JUN 1     14                        17     -3       16
  SINCE JUL 1      6                         0      6        9

 COOLING
  YESTERDAY       13                         9      4        1
  MONTH TO DATE  235                       293    -58      123
  SINCE JUN 1    461                       525    -64      360
  SINCE JAN 1    572                       616    -44      489
..................................................................


WIND (MPH)
  HIGHEST WIND SPEED    MM   HIGHEST WIND DIRECTION    MM
  HIGHEST GUST SPEED    MM   HIGHEST GUST DIRECTION    MM
  AVERAGE WIND SPEED    MM


SKY COVER
  POSSIBLE SUNSHINE  MM


WEATHER CONDITIONS
 THE FOLLOWING WEATHER WAS RECORDED YESTERDAY.
  NO SIGNIFICANT WEATHER WAS OBSERVED.


..........................................................


THE LINCOLN IL CLIMATE NORMALS FOR TODAY
                         NORMAL    RECORD    YEAR
 MAXIMUM TEMPERATURE (F)   85       104      1913
 MINIMUM TEMPERATURE (F)   64        49      1928


SUNRISE AND SUNSET
JULY 30 2015..........SUNRISE   553 AM CDT   SUNSET   814 PM CDT
JULY 31 2015..........SUNRISE   554 AM CDT   SUNSET   813 PM CDT


-  INDICATES NEGATIVE NUMBERS.
R  INDICATES RECORD WAS SET OR TIED.
MM INDICATES DATA IS MISSING.
T  INDICATES TRACE AMOUNT.




$$
