000
CDUS43 KILX 210637
CLIILX


CLIMATE REPORT
NATIONAL WEATHER SERVICE LINCOLN IL
137 AM CDT TUE OCT 21 2014


...................................

...THE LINCOLN IL CLIMATE SUMMARY FOR OCTOBER 20 2014...

CLIMATE NORMAL PERIOD 1981 TO 2010
CLIMATE RECORD PERIOD 1905 TO 2014


WEATHER ITEM   OBSERVED TIME   RECORD YEAR NORMAL DEPARTURE LAST
                VALUE   (LST)  VALUE       VALUE  FROM      YEAR
                                                  NORMAL
..................................................................
TEMPERATURE (F)
 YESTERDAY
  MAXIMUM         68        MM  87    1953  64      4       70
  MINIMUM         44        MM  17    1930  41      3       33
  AVERAGE         56                        52      4       52

PRECIPITATION (IN)
  YESTERDAY        0.00          1.38 1995   0.11  -0.11     0.00
  MONTH TO DATE    3.82                      1.96   1.86     1.46
  SINCE SEP 1     11.44                      5.17   6.27     2.39
  SINCE JAN 1     40.09                     32.59   7.50    31.53

SNOWFALL (IN)
  YESTERDAY        0.0           2.0  1916   0.0    0.0      0.0
  MONTH TO DATE    0.0                       0.0    0.0      0.0
  SINCE SEP 1      0.0                       0.0    0.0      0.0
  SINCE JUL 1      0.0                       0.0    0.0       T
  SNOW DEPTH       0

DEGREE DAYS
 HEATING
  YESTERDAY        9                        13     -4       13
  MONTH TO DATE  203                       199      4      149
  SINCE SEP 1    316                       285     31      209
  SINCE JUL 1    326                       294     32      231

 COOLING
  YESTERDAY        0                         0      0        0
  MONTH TO DATE    4                        11     -7       39
  SINCE SEP 1     83                       125    -42      176
  SINCE JAN 1    837                      1014   -177      947
..................................................................


WIND (MPH)
  HIGHEST WIND SPEED    MM   HIGHEST WIND DIRECTION    MM
  HIGHEST GUST SPEED    MM   HIGHEST GUST DIRECTION    MM
  AVERAGE WIND SPEED    MM


SKY COVER
  POSSIBLE SUNSHINE  MM


WEATHER CONDITIONS
 THE FOLLOWING WEATHER WAS RECORDED YESTERDAY.
  NO SIGNIFICANT WEATHER WAS OBSERVED.


..........................................................


THE LINCOLN IL CLIMATE NORMALS FOR TODAY
                         NORMAL    RECORD    YEAR
 MAXIMUM TEMPERATURE (F)   64        87      1979
 MINIMUM TEMPERATURE (F)   41        16      1930


SUNRISE AND SUNSET
OCTOBER 21 2014.......SUNRISE   714 AM CDT   SUNSET   609 PM CDT
OCTOBER 22 2014.......SUNRISE   715 AM CDT   SUNSET   608 PM CDT


-  INDICATES NEGATIVE NUMBERS.
R  INDICATES RECORD WAS SET OR TIED.
MM INDICATES DATA IS MISSING.
T  INDICATES TRACE AMOUNT.




$$
