000
CDUS43 KILX 280643
CLIILX


CLIMATE REPORT
NATIONAL WEATHER SERVICE LINCOLN IL
143 AM CDT THU AUG 28 2014


...................................

...THE LINCOLN IL CLIMATE SUMMARY FOR AUGUST 27 2014...

CLIMATE NORMAL PERIOD 1981 TO 2010
CLIMATE RECORD PERIOD 1905 TO 2014


WEATHER ITEM   OBSERVED TIME   RECORD YEAR NORMAL DEPARTURE LAST
                VALUE   (LST)  VALUE       VALUE  FROM      YEAR
                                                  NORMAL
..................................................................
TEMPERATURE (F)
 YESTERDAY
  MAXIMUM         85        MM  98    1953  84      1       91
  MINIMUM         68        MM  39    1910  61      7       71
  AVERAGE         77                        72      5       81

PRECIPITATION (IN)
  YESTERDAY        0.02          1.17 1981   0.12  -0.10     0.00
  MONTH TO DATE    3.55                      3.45   0.10     1.87
  SINCE JUN 1     14.75                     12.83   1.92     7.98
  SINCE JAN 1     26.07                     26.95  -0.88    29.14

SNOWFALL (IN)
  YESTERDAY        0.0           0.0    MM   0.0    0.0      0.0
  MONTH TO DATE    0.0                       0.0    0.0      0.0
  SINCE JUN 1      0.0                       0.0    0.0       T
  SINCE JUL 1      0.0                       0.0    0.0       T
  SNOW DEPTH       0

DEGREE DAYS
 HEATING
  YESTERDAY        0                         0      0        0
  MONTH TO DATE    1                         0      1       11
  SINCE JUN 1     17                        19     -2       39
  SINCE JUL 1     10                         2      8       22

 COOLING
  YESTERDAY       12                         7      5       16
  MONTH TO DATE  209                       228    -19      145
  SINCE JUN 1    575                       771   -196      607
  SINCE JAN 1    704                       862   -158      709
..................................................................


WIND (MPH)
  HIGHEST WIND SPEED    MM   HIGHEST WIND DIRECTION    MM
  HIGHEST GUST SPEED    MM   HIGHEST GUST DIRECTION    MM
  AVERAGE WIND SPEED    MM


SKY COVER
  POSSIBLE SUNSHINE  MM


WEATHER CONDITIONS
 THE FOLLOWING WEATHER WAS RECORDED YESTERDAY.
  THUNDERSTORM
  LIGHT RAIN
  FOG


..........................................................


THE LINCOLN IL CLIMATE NORMALS FOR TODAY
                         NORMAL    RECORD    YEAR
 MAXIMUM TEMPERATURE (F)   84        98      1953
 MINIMUM TEMPERATURE (F)   61        40      1916


SUNRISE AND SUNSET
AUGUST 28 2014........SUNRISE   621 AM CDT   SUNSET   735 PM CDT
AUGUST 29 2014........SUNRISE   622 AM CDT   SUNSET   734 PM CDT


-  INDICATES NEGATIVE NUMBERS.
R  INDICATES RECORD WAS SET OR TIED.
MM INDICATES DATA IS MISSING.
T  INDICATES TRACE AMOUNT.




$$
