000
CDUS43 KILX 100648
CLIILX


CLIMATE REPORT
NATIONAL WEATHER SERVICE LINCOLN IL
1246 AM CST SAT DEC 10 2016


...................................

...THE LINCOLN IL CLIMATE SUMMARY FOR DECEMBER 9 2016...

CLIMATE NORMAL PERIOD 1981 TO 2010
CLIMATE RECORD PERIOD 1905 TO 2016


WEATHER ITEM   OBSERVED TIME   RECORD YEAR NORMAL DEPARTURE LAST
                VALUE   (LST)  VALUE       VALUE  FROM      YEAR
                                                  NORMAL
..................................................................
TEMPERATURE (F)
 YESTERDAY
  MAXIMUM         24        MM  69    1918  39    -15       54
  MINIMUM         21        MM -10    1958  24     -3       35
  AVERAGE         23                        31     -8       45

PRECIPITATION (IN)
  YESTERDAY        T             1.70 1907   0.10  -0.10     0.00
  MONTH TO DATE    0.41                      0.86  -0.45     0.11
  SINCE DEC 1      0.41                      0.86  -0.45     0.11
  SINCE JAN 1     38.83                     37.82   1.01    41.92

SNOWFALL (IN)
  YESTERDAY       MM             3.0  1977   0.1   MM        0.0
  MONTH TO DATE    2.7                       1.2    1.5       T
  SINCE DEC 1      2.7                       1.2    1.5       T
  SINCE JUL 1      2.7                       1.8    0.9      1.0
  SNOW DEPTH      MM

DEGREE DAYS
 HEATING
  YESTERDAY       42                        34      8       20
  MONTH TO DATE  298                       289      9      248
  SINCE DEC 1    298                       289      9      248
  SINCE JUL 1   1075                      1432   -357     1175

 COOLING
  YESTERDAY        0                         0      0        0
  MONTH TO DATE    0                         0      0        0
  SINCE DEC 1      0                         0      0        0
  SINCE JAN 1   1241                      1017    224      998
..................................................................


WIND (MPH)
  HIGHEST WIND SPEED    MM   HIGHEST WIND DIRECTION    MM
  HIGHEST GUST SPEED    MM   HIGHEST GUST DIRECTION    MM
  AVERAGE WIND SPEED    MM


SKY COVER
  POSSIBLE SUNSHINE  MM


WEATHER CONDITIONS
 THE FOLLOWING WEATHER WAS RECORDED YESTERDAY.
  NO SIGNIFICANT WEATHER WAS OBSERVED.


..........................................................


THE LINCOLN IL CLIMATE NORMALS FOR TODAY
                         NORMAL    RECORD    YEAR
 MAXIMUM TEMPERATURE (F)   39        65      1918
 MINIMUM TEMPERATURE (F)   23       -11      1917


SUNRISE AND SUNSET
DECEMBER 10 2016......SUNRISE   709 AM CST   SUNSET   432 PM CST
DECEMBER 11 2016......SUNRISE   710 AM CST   SUNSET   432 PM CST


-  INDICATES NEGATIVE NUMBERS.
R  INDICATES RECORD WAS SET OR TIED.
MM INDICATES DATA IS MISSING.
T  INDICATES TRACE AMOUNT.




$$
