000
CDUS43 KILX 060641
CLIILX


CLIMATE REPORT
NATIONAL WEATHER SERVICE LINCOLN IL
1241 AM CST FRI MAR 6 2015


...................................

...THE LINCOLN IL CLIMATE SUMMARY FOR MARCH 5 2015...

CLIMATE NORMAL PERIOD 1981 TO 2010
CLIMATE RECORD PERIOD 1905 TO 2015


WEATHER ITEM   OBSERVED TIME   RECORD YEAR NORMAL DEPARTURE LAST
                VALUE   (LST)  VALUE       VALUE  FROM      YEAR
                                                  NORMAL
..................................................................
TEMPERATURE (F)
 YESTERDAY
  MAXIMUM         16        MM  76    1918  46    -30       31
  MINIMUM         -2        MM  -7    1960  28    -30       21
  AVERAGE          7                        37    -30       26

PRECIPITATION (IN)
  YESTERDAY        0.00          0.98 1963   0.08  -0.08     0.00
  MONTH TO DATE    0.32                      0.37  -0.05     0.13
  SINCE MAR 1      0.32                      0.37  -0.05     0.13
  SINCE JAN 1      3.08                      4.12  -1.04     4.79

SNOWFALL (IN)
  YESTERDAY        0.0           1.5  1993   0.1   -0.1      0.0
  MONTH TO DATE    3.7                       0.5    3.2      2.4
  SINCE MAR 1      3.7                       0.5    3.2      2.4
  SINCE JUL 1     21.9                      19.0    2.9     44.0
  SNOW DEPTH       1

DEGREE DAYS
 HEATING
  YESTERDAY       58                        28     30       39
  MONTH TO DATE  224                       144     80      234
  SINCE MAR 1    224                       144     80      234
  SINCE JUL 1   5161                      4567    594     5478

 COOLING
  YESTERDAY        0                         0      0        0
  MONTH TO DATE    0                         0      0        0
  SINCE MAR 1      0                         0      0        0
  SINCE JAN 1      0                         0      0        0
..................................................................


WIND (MPH)
  HIGHEST WIND SPEED    MM   HIGHEST WIND DIRECTION    MM
  HIGHEST GUST SPEED    MM   HIGHEST GUST DIRECTION    MM
  AVERAGE WIND SPEED    MM


SKY COVER
  POSSIBLE SUNSHINE  MM


WEATHER CONDITIONS
 THE FOLLOWING WEATHER WAS RECORDED YESTERDAY.
  NO SIGNIFICANT WEATHER WAS OBSERVED.


..........................................................


THE LINCOLN IL CLIMATE NORMALS FOR TODAY
                         NORMAL    RECORD    YEAR
 MAXIMUM TEMPERATURE (F)   47        80      1956
 MINIMUM TEMPERATURE (F)   28        -7      1960


SUNRISE AND SUNSET
MARCH  6 2015.........SUNRISE   624 AM CST   SUNSET   554 PM CST
MARCH  7 2015.........SUNRISE   622 AM CST   SUNSET   555 PM CST


-  INDICATES NEGATIVE NUMBERS.
R  INDICATES RECORD WAS SET OR TIED.
MM INDICATES DATA IS MISSING.
T  INDICATES TRACE AMOUNT.




$$
