000
CDUS43 KIND 220534
CLIIND


CLIMATE REPORT
NATIONAL WEATHER SERVICE INDIANAPOLIS IN
1234 AM EST MON DEC 22 2014


...................................

...THE INDIANAPOLIS IN CLIMATE SUMMARY FOR DECEMBER 21 2014...

CLIMATE NORMAL PERIOD 1981 TO 2010
CLIMATE RECORD PERIOD 1871 TO 2014


WEATHER ITEM   OBSERVED TIME   RECORD YEAR NORMAL DEPARTURE LAST
                VALUE   (LST)  VALUE       VALUE  FROM      YEAR
                                                  NORMAL
..................................................................
TEMPERATURE (F)
 YESTERDAY
  MAXIMUM         36    350 PM  67    1967  37     -1       50
  MINIMUM         20    759 AM -21    1989  23     -3       36
  AVERAGE         28                        30     -2       43

PRECIPITATION (IN)
  YESTERDAY        0.00          2.57 2013   0.11  -0.11     2.57
  MONTH TO DATE    1.61                      2.13  -0.52     4.40
  SINCE DEC 1      1.61                      2.13  -0.52     4.40
  SINCE JAN 1     40.63                     41.40  -0.77    45.88

SNOWFALL (IN)
  YESTERDAY        0.0           5.0  1981   0.3   -0.3      0.0
  MONTH TO DATE    0.1                       4.2   -4.1      8.8
  SINCE DEC 1      0.1                       4.2   -4.1      8.8
  SINCE JUL 1      2.8                       5.3   -2.5      8.9
  SNOW DEPTH       0

DEGREE DAYS
 HEATING
  YESTERDAY       37                        35      2       22
  MONTH TO DATE  664                       675    -11      714
  SINCE DEC 1    664                       675    -11      714
  SINCE JUL 1   1943                      1717    226     1858

 COOLING
  YESTERDAY        0                         0      0        0
  MONTH TO DATE    0                         0      0        0
  SINCE DEC 1      0                         0      0        0
  SINCE JAN 1    900                      1066   -166     1160
..................................................................


WIND (MPH)
  HIGHEST WIND SPEED    13   HIGHEST WIND DIRECTION    SE (120)
  HIGHEST GUST SPEED    16   HIGHEST GUST DIRECTION    SE (120)
  AVERAGE WIND SPEED     5.6


SKY COVER
  AVERAGE SKY COVER 0.5


WEATHER CONDITIONS
 THE FOLLOWING WEATHER WAS RECORDED YESTERDAY.
  FOG
  HAZE


RELATIVE HUMIDITY (PERCENT)
 HIGHEST   100           800 AM
 LOWEST     70           200 PM
 AVERAGE    85

..........................................................


THE INDIANAPOLIS IN CLIMATE NORMALS FOR TODAY
                         NORMAL    RECORD    YEAR
 MAXIMUM TEMPERATURE (F)   37        61      1949
 MINIMUM TEMPERATURE (F)   23       -23      1989


SUNRISE AND SUNSET
DECEMBER 22 2014......SUNRISE   803 AM EST   SUNSET   524 PM EST
DECEMBER 23 2014......SUNRISE   804 AM EST   SUNSET   525 PM EST


-  INDICATES NEGATIVE NUMBERS.
R  INDICATES RECORD WAS SET OR TIED.
MM INDICATES DATA IS MISSING.
T  INDICATES TRACE AMOUNT.




$$
