000
CDUS43 KIND 210533
CLIIND


CLIMATE REPORT
NATIONAL WEATHER SERVICE INDIANAPOLIS IN
133 AM EDT MON APR 21 2014


...................................

...THE INDIANAPOLIS IN CLIMATE SUMMARY FOR APRIL 20 2014...

CLIMATE NORMAL PERIOD 1981 TO 2010
CLIMATE RECORD PERIOD 1871 TO 2014


WEATHER ITEM   OBSERVED TIME   RECORD YEAR NORMAL DEPARTURE LAST
                VALUE   (LST)  VALUE       VALUE  FROM      YEAR
                                                  NORMAL
..................................................................
TEMPERATURE (F)
 YESTERDAY
  MAXIMUM         75    547 PM  85    1915  65     10       48
  MINIMUM         43    617 AM  23    1897  44     -1       30
  AVERAGE         59                        55      4       39

PRECIPITATION (IN)
  YESTERDAY        0.00          2.66 1920   0.12  -0.12     0.00
  MONTH TO DATE    4.09                      2.47   1.62     6.55
  SINCE MAR 1      6.47                      6.03   0.44     8.51
  SINCE JAN 1     11.26                     11.01   0.25    16.29

SNOWFALL (IN)
  YESTERDAY        0.0           T    2000   0.0    0.0      0.0
                                      1953
  MONTH TO DATE    0.3                       0.2    0.1       T
  SINCE MAR 1      3.4                       2.8    0.6     14.5
  SINCE JUL 1     55.7                      25.9   29.8     34.5
  SNOW DEPTH       0

DEGREE DAYS
 HEATING
  YESTERDAY        6                        11     -5       26
  MONTH TO DATE  279                       278      1      257
  SINCE MAR 1   1178                       985    193     1163
  SINCE JUL 1   5975                      5128    847     5174

 COOLING
  YESTERDAY        0                         1     -1        0
  MONTH TO DATE    4                         3      1        9
  SINCE MAR 1      4                         5     -1        9
  SINCE JAN 1      4                         5     -1        9
..................................................................


WIND (MPH)
  HIGHEST WIND SPEED    13   HIGHEST WIND DIRECTION     S (200)
  HIGHEST GUST SPEED    17   HIGHEST GUST DIRECTION     S (200)
  AVERAGE WIND SPEED     5.1


SKY COVER
  AVERAGE SKY COVER 0.5


WEATHER CONDITIONS
 THE FOLLOWING WEATHER WAS RECORDED YESTERDAY.
  NO SIGNIFICANT WEATHER WAS OBSERVED.


RELATIVE HUMIDITY (PERCENT)
 HIGHEST    62           400 AM
 LOWEST     20           500 PM
 AVERAGE    41

..........................................................


THE INDIANAPOLIS IN CLIMATE NORMALS FOR TODAY
                         NORMAL    RECORD    YEAR
 MAXIMUM TEMPERATURE (F)   65        84      1987
                                             1985
                                             1902
 MINIMUM TEMPERATURE (F)   45        28      1907


SUNRISE AND SUNSET
APRIL 21 2014.........SUNRISE   659 AM EDT   SUNSET   829 PM EDT
APRIL 22 2014.........SUNRISE   658 AM EDT   SUNSET   830 PM EDT


-  INDICATES NEGATIVE NUMBERS.
R  INDICATES RECORD WAS SET OR TIED.
MM INDICATES DATA IS MISSING.
T  INDICATES TRACE AMOUNT.




$$
