000
CDUS43 KIND 030619
CLIIND


CLIMATE REPORT
NATIONAL WEATHER SERVICE INDIANAPOLIS IN
218 AM EDT TUE MAY 3 2016


...................................

...THE INDIANAPOLIS IN CLIMATE SUMMARY FOR MAY 2 2016...

CLIMATE NORMAL PERIOD 1981 TO 2010
CLIMATE RECORD PERIOD 1871 TO 2016


WEATHER ITEM   OBSERVED TIME   RECORD YEAR NORMAL DEPARTURE LAST
                VALUE   (LST)  VALUE       VALUE  FROM      YEAR
                                                  NORMAL
..................................................................
TEMPERATURE (F)
 YESTERDAY
  MAXIMUM         59    124 AM  87    1959  69    -10       75
  MINIMUM         51    927 AM  31    2005  48      3       49
                                      1961
                                      1877
  AVERAGE         55                        58     -3       62

PRECIPITATION (IN)
  YESTERDAY        0.08          2.93 1935   0.15  -0.07     0.00
  MONTH TO DATE    1.29                      0.31   0.98     0.00
  SINCE MAR 1     11.35                      7.68   3.67     7.53
  SINCE JAN 1     15.06                     12.66   2.40    10.68

SNOWFALL (IN)
  YESTERDAY        0.0           2.4  1897   0.0    0.0      0.0
  MONTH TO DATE    T                         0.0    0.0      0.0
  SINCE MAR 1      1.2                       2.8   -1.6      5.9
  SINCE JUL 1     13.3                      25.9  -12.6     25.6
  SNOW DEPTH       0

DEGREE DAYS
 HEATING
  YESTERDAY       10                         7      3        3
  MONTH TO DATE   10                        15     -5       13
  SINCE MAR 1    842                      1094   -252     1116
  SINCE JUL 1   4295                      5237   -942     5842

 COOLING
  YESTERDAY        0                         1     -1        0
  MONTH TO DATE    1                         2     -1        0
  SINCE MAR 1     19                        17      2        6
  SINCE JAN 1     19                        17      2        6
..................................................................


WIND (MPH)
  HIGHEST WIND SPEED    MM   HIGHEST WIND DIRECTION     W (290)
  HIGHEST GUST SPEED    MM   HIGHEST GUST DIRECTION     W (280)
  AVERAGE WIND SPEED     8.2


SKY COVER
  AVERAGE SKY COVER 1.0


WEATHER CONDITIONS
 THE FOLLOWING WEATHER WAS RECORDED YESTERDAY.
  LIGHT RAIN
  FOG
  HAZE


RELATIVE HUMIDITY (PERCENT)
 HIGHEST    93          1200 AM
 LOWEST     77          1200 PM
 AVERAGE    85

..........................................................


THE INDIANAPOLIS IN CLIMATE NORMALS FOR TODAY
                         NORMAL    RECORD    YEAR
 MAXIMUM TEMPERATURE (F)   69        86      1959
                                             1949
                                             1902
 MINIMUM TEMPERATURE (F)   49        29      2005


SUNRISE AND SUNSET
MAY  3 2016...........SUNRISE   643 AM EDT   SUNSET   842 PM EDT
MAY  4 2016...........SUNRISE   642 AM EDT   SUNSET   843 PM EDT


-  INDICATES NEGATIVE NUMBERS.
R  INDICATES RECORD WAS SET OR TIED.
MM INDICATES DATA IS MISSING.
T  INDICATES TRACE AMOUNT.




$$
