000
CDUS43 KIND 210532
CLIIND


CLIMATE REPORT
NATIONAL WEATHER SERVICE INDIANAPOLIS IN
131 AM EDT SUN SEP 21 2014


...................................

...THE INDIANAPOLIS IN CLIMATE SUMMARY FOR SEPTEMBER 20 2014...

CLIMATE NORMAL PERIOD 1981 TO 2010
CLIMATE RECORD PERIOD 1871 TO 2014


WEATHER ITEM   OBSERVED TIME   RECORD YEAR NORMAL DEPARTURE LAST
                VALUE   (LST)  VALUE       VALUE  FROM      YEAR
                                                  NORMAL
..................................................................
TEMPERATURE (F)
 YESTERDAY
  MAXIMUM         80    421 PM  94    1940  76      4       80
  MINIMUM         54    700 AM  36    1991  54      0       63
  AVERAGE         67                        65      2       72

PRECIPITATION (IN)
  YESTERDAY        0.02          2.20 1950   0.10  -0.08     0.49
  MONTH TO DATE    2.49                      2.05   0.44     2.30
  SINCE SEP 1      2.49                      2.05   0.44     2.30
  SINCE JAN 1     33.01                     31.38   1.63    32.23

SNOWFALL (IN)
  YESTERDAY        0.0           0.0    MM   0.0    0.0      0.0
  MONTH TO DATE    0.0                       0.0    0.0      0.0
  SINCE SEP 1      0.0                       0.0    0.0      0.0
  SINCE JUL 1      0.0                       0.0    0.0      0.0
  SNOW DEPTH       0

DEGREE DAYS
 HEATING
  YESTERDAY        0                         3     -3        0
  MONTH TO DATE   54                        25     29       12
  SINCE SEP 1     54                        25     29       12
  SINCE JUL 1     60                        29     31       20

 COOLING
  YESTERDAY        2                         3     -1        7
  MONTH TO DATE   76                       106    -30      158
  SINCE SEP 1     76                       106    -30      158
  SINCE JAN 1    873                      1027   -154     1117
..................................................................


WIND (MPH)
  HIGHEST WIND SPEED    24   HIGHEST WIND DIRECTION    SW (210)
  HIGHEST GUST SPEED    28   HIGHEST GUST DIRECTION    SW (210)
  AVERAGE WIND SPEED     9.2


SKY COVER
  AVERAGE SKY COVER 0.7


WEATHER CONDITIONS
 THE FOLLOWING WEATHER WAS RECORDED YESTERDAY.
  THUNDERSTORM
  LIGHT RAIN
  FOG


RELATIVE HUMIDITY (PERCENT)
 HIGHEST    93           700 AM
 LOWEST     58           300 PM
 AVERAGE    76

..........................................................


THE INDIANAPOLIS IN CLIMATE NORMALS FOR TODAY
                         NORMAL    RECORD    YEAR
 MAXIMUM TEMPERATURE (F)   76        96      2010
 MINIMUM TEMPERATURE (F)   54        35      1875


SUNRISE AND SUNSET
SEPTEMBER 21 2014.....SUNRISE   732 AM EDT   SUNSET   744 PM EDT
SEPTEMBER 22 2014.....SUNRISE   733 AM EDT   SUNSET   742 PM EDT


-  INDICATES NEGATIVE NUMBERS.
R  INDICATES RECORD WAS SET OR TIED.
MM INDICATES DATA IS MISSING.
T  INDICATES TRACE AMOUNT.




$$
