000
CDUS43 KIND 230531
CLIIND


CLIMATE REPORT
NATIONAL WEATHER SERVICE INDIANAPOLIS IN
130 AM EDT SAT MAY 23 2015


...................................

...THE INDIANAPOLIS IN CLIMATE SUMMARY FOR MAY 22 2015...

CLIMATE NORMAL PERIOD 1981 TO 2010
CLIMATE RECORD PERIOD 1871 TO 2015


WEATHER ITEM   OBSERVED TIME   RECORD YEAR NORMAL DEPARTURE LAST
                VALUE   (LST)  VALUE       VALUE  FROM      YEAR
                                                  NORMAL
..................................................................
TEMPERATURE (F)
 YESTERDAY
  MAXIMUM         76    254 PM  93    1941  75      1       74
  MINIMUM         44    315 AM  35    1883  55    -11       56
  AVERAGE         60                        64     -4       65

PRECIPITATION (IN)
  YESTERDAY        0.00          2.16 1989   0.16  -0.16     0.00
  MONTH TO DATE    0.94                      3.62  -2.68     4.85
  SINCE MAR 1      8.47                     10.99  -2.52    12.62
  SINCE JAN 1     11.62                     15.97  -4.35    17.41

SNOWFALL (IN)
  YESTERDAY        0.0           0.0    MM   0.0    0.0      0.0
  MONTH TO DATE    0.0                       0.0    0.0       T
  SINCE MAR 1      5.9                       2.8    3.1      3.4
  SINCE JUL 1     25.6                      25.9   -0.3     55.7
  SNOW DEPTH       0

DEGREE DAYS
 HEATING
  YESTERDAY        5                         3      2        0
  MONTH TO DATE   75                       118    -43      149
  SINCE MAR 1   1178                      1197    -19     1405
  SINCE JUL 1   5904                      5340    564     6202

 COOLING
  YESTERDAY        0                         3     -3        0
  MONTH TO DATE   83                        37     46       43
  SINCE MAR 1     89                        52     37       47
  SINCE JAN 1     89                        52     37       47
..................................................................


WIND (MPH)
  HIGHEST WIND SPEED    15   HIGHEST WIND DIRECTION     W (280)
  HIGHEST GUST SPEED    19   HIGHEST GUST DIRECTION     W (260)
  AVERAGE WIND SPEED     7.8


SKY COVER
  AVERAGE SKY COVER 0.3


WEATHER CONDITIONS
 THE FOLLOWING WEATHER WAS RECORDED YESTERDAY.
  NO SIGNIFICANT WEATHER WAS OBSERVED.


RELATIVE HUMIDITY (PERCENT)
 HIGHEST    83           300 AM
 LOWEST     31           300 PM
 AVERAGE    57

..........................................................


THE INDIANAPOLIS IN CLIMATE NORMALS FOR TODAY
                         NORMAL    RECORD    YEAR
 MAXIMUM TEMPERATURE (F)   75        92      1939
 MINIMUM TEMPERATURE (F)   55        37      1963


SUNRISE AND SUNSET
MAY 23 2015...........SUNRISE   624 AM EDT   SUNSET   900 PM EDT
MAY 24 2015...........SUNRISE   624 AM EDT   SUNSET   901 PM EDT


-  INDICATES NEGATIVE NUMBERS.
R  INDICATES RECORD WAS SET OR TIED.
MM INDICATES DATA IS MISSING.
T  INDICATES TRACE AMOUNT.




$$
