000
CDUS43 KIND 230532
CLIIND


CLIMATE REPORT
NATIONAL WEATHER SERVICE INDIANAPOLIS IN
131 AM EDT SAT AUG 23 2014


...................................

...THE INDIANAPOLIS IN CLIMATE SUMMARY FOR AUGUST 22 2014...

CLIMATE NORMAL PERIOD 1981 TO 2010
CLIMATE RECORD PERIOD 1871 TO 2014


WEATHER ITEM   OBSERVED TIME   RECORD YEAR NORMAL DEPARTURE LAST
                VALUE   (LST)  VALUE       VALUE  FROM      YEAR
                                                  NORMAL
..................................................................
TEMPERATURE (F)
 YESTERDAY
  MAXIMUM         86    426 PM 101    1936  84      2       88
  MINIMUM         73   1155 PM  46    1950  64      9       68
  AVERAGE         80                        74      6       78

PRECIPITATION (IN)
  YESTERDAY        0.02          1.90 1989   0.10  -0.08     0.00
  MONTH TO DATE    1.07                      2.23  -1.16     0.85
  SINCE JUN 1     11.21                     11.03   0.18     7.80
  SINCE JAN 1     28.64                     28.43   0.21    29.63

SNOWFALL (IN)
  YESTERDAY        0.0           0.0    MM   0.0    0.0      0.0
  MONTH TO DATE    0.0                       0.0    0.0      0.0
  SINCE JUN 1      0.0                       0.0    0.0      0.0
  SINCE JUL 1      0.0                       0.0    0.0      0.0
  SNOW DEPTH       0

DEGREE DAYS
 HEATING
  YESTERDAY        0                         0      0        0
  MONTH TO DATE    2                         0      2        5
  SINCE JUN 1      8                        17     -9       17
  SINCE JUL 1      6                         1      5        8

 COOLING
  YESTERDAY       15                         9      6       13
  MONTH TO DATE  166                       214    -48      187
  SINCE JUN 1    576                       763   -187      698
  SINCE JAN 1    680                       847   -167      827
..................................................................


WIND (MPH)
  HIGHEST WIND SPEED    13   HIGHEST WIND DIRECTION    SW (230)
  HIGHEST GUST SPEED    17   HIGHEST GUST DIRECTION    SW (240)
  AVERAGE WIND SPEED     5.9


SKY COVER
  AVERAGE SKY COVER 0.7


WEATHER CONDITIONS
 THE FOLLOWING WEATHER WAS RECORDED YESTERDAY.
  LIGHT RAIN
  FOG


RELATIVE HUMIDITY (PERCENT)
 HIGHEST    94           300 AM
 LOWEST     59           300 PM
 AVERAGE    77

..........................................................


THE INDIANAPOLIS IN CLIMATE NORMALS FOR TODAY
                         NORMAL    RECORD    YEAR
 MAXIMUM TEMPERATURE (F)   84        96      1936
 MINIMUM TEMPERATURE (F)   64        46      1890


SUNRISE AND SUNSET
AUGUST 23 2014........SUNRISE   705 AM EDT   SUNSET   830 PM EDT
AUGUST 24 2014........SUNRISE   706 AM EDT   SUNSET   829 PM EDT


-  INDICATES NEGATIVE NUMBERS.
R  INDICATES RECORD WAS SET OR TIED.
MM INDICATES DATA IS MISSING.
T  INDICATES TRACE AMOUNT.




$$
