000
CDUS43 KIND 200537
CLIIND


CLIMATE REPORT
NATIONAL WEATHER SERVICE INDIANAPOLIS IN
133 AM EDT MON OCT 20 2014


...................................

...THE INDIANAPOLIS IN CLIMATE SUMMARY FOR OCTOBER 19 2014...

CLIMATE NORMAL PERIOD 1981 TO 2010
CLIMATE RECORD PERIOD 1871 TO 2014


WEATHER ITEM   OBSERVED TIME   RECORD YEAR NORMAL DEPARTURE LAST
                VALUE   (LST)  VALUE       VALUE  FROM      YEAR
                                                  NORMAL
..................................................................
TEMPERATURE (F)
 YESTERDAY
  MAXIMUM         56        MM  85    1953  64     -8       54
  MINIMUM         43        MM  25    1992  44     -1       39
  AVERAGE         50                        54     -4       47

PRECIPITATION (IN)
  YESTERDAY        0.00          1.33 2011   0.10  -0.10     0.30
  MONTH TO DATE    2.63                      1.95   0.68     3.02
  SINCE SEP 1      5.16                      5.07   0.09     5.88
  SINCE JAN 1     35.68                     34.40   1.28    35.81

SNOWFALL (IN)
  YESTERDAY        0.0           7.5  1989   0.0    0.0      0.0
  MONTH TO DATE    0.0                       0.2   -0.2      0.0
  SINCE SEP 1      0.0                       0.2   -0.2      0.0
  SINCE JUL 1      0.0                       0.2   -0.2      0.0
  SNOW DEPTH       0

DEGREE DAYS
 HEATING
  YESTERDAY       15                        11      4       18
  MONTH TO DATE  185                       167     18      115
  SINCE SEP 1    258                       238     20      141
  SINCE JUL 1    264                       242     22      149

 COOLING
  YESTERDAY        0                         0      0        0
  MONTH TO DATE    8                        13     -5       31
  SINCE SEP 1    102                       141    -39      201
  SINCE JAN 1    899                      1062   -163     1160
..................................................................


WIND (MPH)
  HIGHEST WIND SPEED    12   HIGHEST WIND DIRECTION    NW (320)
  HIGHEST GUST SPEED    MM   HIGHEST GUST DIRECTION    MM
  AVERAGE WIND SPEED     7.0


SKY COVER
  AVERAGE SKY COVER 0.8


WEATHER CONDITIONS
 THE FOLLOWING WEATHER WAS RECORDED YESTERDAY.
  NO SIGNIFICANT WEATHER WAS OBSERVED.


RELATIVE HUMIDITY (PERCENT)
 HIGHEST    83          1000 PM
 LOWEST     51           300 PM
 AVERAGE    67

..........................................................


THE INDIANAPOLIS IN CLIMATE NORMALS FOR TODAY
                         NORMAL    RECORD    YEAR
 MAXIMUM TEMPERATURE (F)   64        86      1953
 MINIMUM TEMPERATURE (F)   44        23      1972


SUNRISE AND SUNSET
OCTOBER 20 2014.......SUNRISE   801 AM EDT   SUNSET   659 PM EDT
OCTOBER 21 2014.......SUNRISE   802 AM EDT   SUNSET   657 PM EDT


-  INDICATES NEGATIVE NUMBERS.
R  INDICATES RECORD WAS SET OR TIED.
MM INDICATES DATA IS MISSING.
T  INDICATES TRACE AMOUNT.




$$
