060
CDUS43 KIND 180532
CLIIND


CLIMATE REPORT
NATIONAL WEATHER SERVICE INDIANAPOLIS IN
1231 AM EST SUN FEB 18 2018


...................................

...THE INDIANAPOLIS IN CLIMATE SUMMARY FOR FEBRUARY 17 2018...

CLIMATE NORMAL PERIOD 1981 TO 2010
CLIMATE RECORD PERIOD 1871 TO 2018


WEATHER ITEM   OBSERVED TIME   RECORD YEAR NORMAL DEPARTURE LAST
                VALUE   (LST)  VALUE       VALUE  FROM      YEAR
                                                  NORMAL
..................................................................
TEMPERATURE (F)
 YESTERDAY
  MAXIMUM         36    923 PM  69    1911  41     -5       66
  MINIMUM         25    549 AM  -9    1903  24      1       41
  AVERAGE         31                        32     -1       54

PRECIPITATION (IN)
  YESTERDAY        0.07          0.91 1883   0.08  -0.01     0.00
  MONTH TO DATE    1.24                      1.39  -0.15     0.41
  SINCE DEC 1      4.36                      7.22  -2.86     6.28
  SINCE JAN 1      3.24                      4.05  -0.81     4.76

SNOWFALL (IN)
  YESTERDAY        T             6.1  1910   0.3   -0.3      0.0
  MONTH TO DATE    1.4                       4.4   -3.0      2.1
  SINCE DEC 1      9.0                      19.9  -10.9      8.7
  SINCE JUL 1      9.0                      21.0  -12.0      8.7
  SNOW DEPTH       0

DEGREE DAYS
 HEATING
  YESTERDAY       34                        32      2       11
  MONTH TO DATE  588                       586      2      457
  SINCE DEC 1   2888                      2765    123     2449
  SINCE JUL 1   3792                      3807    -15     3142

 COOLING
  YESTERDAY        0                         0      0        0
  MONTH TO DATE    0                         0      0        0
  SINCE DEC 1      0                         0      0        0
  SINCE JAN 1      0                         0      0        0
..................................................................


WIND (MPH)
  HIGHEST WIND SPEED    32   HIGHEST WIND DIRECTION     W (280)
  HIGHEST GUST SPEED    32   HIGHEST GUST DIRECTION     W (280)
  AVERAGE WIND SPEED     9.0


SKY COVER
  AVERAGE SKY COVER 0.8


WEATHER CONDITIONS
 THE FOLLOWING WEATHER WAS RECORDED YESTERDAY.
  LIGHT RAIN
  SNOW
  LIGHT SNOW
  FOG


RELATIVE HUMIDITY (PERCENT)
 HIGHEST    96           700 PM
 LOWEST     63          1200 AM
 AVERAGE    80

..........................................................


THE INDIANAPOLIS IN CLIMATE NORMALS FOR TODAY
                         NORMAL    RECORD    YEAR
 MAXIMUM TEMPERATURE (F)   41        66      2017
                                             1961
                                             1948
 MINIMUM TEMPERATURE (F)   25       -11      1936


SUNRISE AND SUNSET
FEBRUARY 18 2018......SUNRISE   734 AM EST   SUNSET   625 PM EST
FEBRUARY 19 2018......SUNRISE   732 AM EST   SUNSET   626 PM EST


-  INDICATES NEGATIVE NUMBERS.
R  INDICATES RECORD WAS SET OR TIED.
MM INDICATES DATA IS MISSING.
T  INDICATES TRACE AMOUNT.




$$
