000
CDUS43 KIND 240541
CLIIND


CLIMATE REPORT
NATIONAL WEATHER SERVICE INDIANAPOLIS IN
1240 AM EST TUE JAN 24 2017


...................................

...THE INDIANAPOLIS IN CLIMATE SUMMARY FOR JANUARY 23 2017...

CLIMATE NORMAL PERIOD 1981 TO 2010
CLIMATE RECORD PERIOD 1871 TO 2017


WEATHER ITEM   OBSERVED TIME   RECORD YEAR NORMAL DEPARTURE LAST
                VALUE   (LST)  VALUE       VALUE  FROM      YEAR
                                                  NORMAL
..................................................................
TEMPERATURE (F)
 YESTERDAY
  MAXIMUM         50    134 AM  67    1909  36     14       31
  MINIMUM         39   1159 PM -18    1936  20     19       18
  AVERAGE         45                        28     17       25

PRECIPITATION (IN)
  YESTERDAY        T             0.90 1950   0.08  -0.08     0.00
  MONTH TO DATE    4.32                      2.02   2.30     1.40
  SINCE DEC 1      5.84                      5.19   0.65     6.99
  SINCE JAN 1      4.32                      2.02   2.30     1.40

SNOWFALL (IN)
  YESTERDAY        0.0           2.5  1963   0.3   -0.3      0.0
  MONTH TO DATE    1.2                       6.3   -5.1      5.8
  SINCE DEC 1      6.1                      13.2   -7.1      6.4
  SINCE JUL 1      6.1                      14.3   -8.2      7.7
  SNOW DEPTH       0

DEGREE DAYS
 HEATING
  YESTERDAY       20                        37    -17       40
  MONTH TO DATE  677                       851   -174      892
  SINCE DEC 1   1744                      1885   -141     1577
  SINCE JUL 1   2437                      2927   -490     2364

 COOLING
  YESTERDAY        0                         0      0        0
  MONTH TO DATE    0                         0      0        0
  SINCE DEC 1      0                         0      0        0
  SINCE JAN 1      0                         0      0        0
..................................................................


WIND (MPH)
  HIGHEST WIND SPEED    22   HIGHEST WIND DIRECTION    NW (330)
  HIGHEST GUST SPEED    33   HIGHEST GUST DIRECTION     W (290)
  AVERAGE WIND SPEED    15.0


SKY COVER
  AVERAGE SKY COVER 1.0


WEATHER CONDITIONS
 THE FOLLOWING WEATHER WAS RECORDED YESTERDAY.
  LIGHT RAIN
  FOG


RELATIVE HUMIDITY (PERCENT)
 HIGHEST   100           300 AM
 LOWEST     86          1200 AM
 AVERAGE    93

..........................................................


THE INDIANAPOLIS IN CLIMATE NORMALS FOR TODAY
                         NORMAL    RECORD    YEAR
 MAXIMUM TEMPERATURE (F)   36        70      1967
 MINIMUM TEMPERATURE (F)   20       -16      1963


SUNRISE AND SUNSET
JANUARY 24 2017.......SUNRISE   759 AM EST   SUNSET   556 PM EST
JANUARY 25 2017.......SUNRISE   759 AM EST   SUNSET   557 PM EST


-  INDICATES NEGATIVE NUMBERS.
R  INDICATES RECORD WAS SET OR TIED.
MM INDICATES DATA IS MISSING.
T  INDICATES TRACE AMOUNT.




$$
