000
CDUS43 KDLH 302232
CLIINL


CLIMATE REPORT
NATIONAL WEATHER SERVICE DULUTH MN
529 PM CDT MON MAY 30 2016


...................................

...THE INTERNATIONAL FALLS MN CLIMATE SUMMARY FOR MAY 30 2016...
VALID TODAY AS OF 0500 PM LOCAL TIME.

CLIMATE NORMAL PERIOD 1981 TO 2010
CLIMATE RECORD PERIOD 1895 TO 2016


WEATHER ITEM   OBSERVED TIME   RECORD YEAR NORMAL DEPARTURE LAST
                VALUE   (LST)  VALUE       VALUE  FROM      YEAR
                                                  NORMAL
..................................................................
TEMPERATURE (F)
 TODAY
  MAXIMUM         75    359 PM  92    1986  69      6       54
  MINIMUM         44    452 AM  26    1924  43      1       31
  AVERAGE         60                        56      4       43

PRECIPITATION (IN)
  TODAY            0.00                      0.11  -0.11     0.00
  MONTH TO DATE    0.88                      2.75  -1.87     4.79
  SINCE MAR 1      5.70                      5.23   0.47     6.15
  SINCE JAN 1      7.07                      6.42   0.65     8.17

SNOWFALL (IN)
  TODAY            0.0                       0.0    0.0      0.0
  MONTH TO DATE    T                         0.2   -0.2       T
  SINCE JUL 1     47.7                      71.0  -23.3     64.5
  SNOW DEPTH       0

DEGREE DAYS
 HEATING
  TODAY            5                         9     -4       22
  MONTH TO DATE  355                       410    -55      434
  SINCE MAR 1   2284                      2465   -181     2362
  SINCE JUL 1   8816                     10048  -1232    10116

 COOLING
  TODAY            0                         1     -1        0
  MONTH TO DATE    2                         2      0        0
  SINCE MAR 1      2                         3     -1        0
  SINCE JAN 1      2                         3     -1        0
..................................................................


WIND (MPH)
  HIGHEST WIND SPEED    14   HIGHEST WIND DIRECTION    NE (40)
  HIGHEST GUST SPEED    17   HIGHEST GUST DIRECTION    NE (40)


SKY COVER
  AVERAGE SKY COVER 0.2


WEATHER CONDITIONS
 THE FOLLOWING WEATHER WAS RECORDED TODAY.
  FOG


RELATIVE HUMIDITY (PERCENT)
 HIGHEST   100           100 AM
 LOWEST     38           400 PM
 AVERAGE    69

..........................................................


THE INTERNATIONAL FALLS MN CLIMATE NORMALS FOR TOMORROW
                         NORMAL    RECORD    YEAR
 MAXIMUM TEMPERATURE (F)   69        90      1988
 MINIMUM TEMPERATURE (F)   44        29      2012
                                             1910


SUNRISE AND SUNSET
MAY 30 2016...........SUNRISE   517 AM CDT   SUNSET   906 PM CDT
MAY 31 2016...........SUNRISE   516 AM CDT   SUNSET   907 PM CDT


-  INDICATES NEGATIVE NUMBERS.
R  INDICATES RECORD WAS SET OR TIED.
MM INDICATES DATA IS MISSING.
T  INDICATES TRACE AMOUNT.




$$
