000
CDUS43 KDLH 260628
CLIINL


CLIMATE REPORT
NATIONAL WEATHER SERVICE DULUTH MN
127 AM CDT WED APR 26 2017


...................................

...THE INTERNATIONAL FALLS MN CLIMATE SUMMARY FOR APRIL 25 2017...

CLIMATE NORMAL PERIOD 1981 TO 2010
CLIMATE RECORD PERIOD 1895 TO 2017


WEATHER ITEM   OBSERVED TIME   RECORD YEAR NORMAL DEPARTURE LAST
                VALUE   (LST)  VALUE       VALUE  FROM      YEAR
                                                  NORMAL
..................................................................
TEMPERATURE (F)
 YESTERDAY
  MAXIMUM         36    431 AM  82    1990  57    -21       42
  MINIMUM         26   1159 PM  13    1909  31     -5       35
  AVERAGE         31                        44    -13       39

PRECIPITATION (IN)
  YESTERDAY        0.03          1.07 1950   0.05  -0.02     0.80
  MONTH TO DATE    1.32                      1.19   0.13     2.11
  SINCE MAR 1      2.00                      2.14  -0.14     4.82
  SINCE JAN 1      4.75                      3.33   1.42     6.19

SNOWFALL (IN)
  YESTERDAY        0.0          13.9  1950   0.1   -0.1       T
  MONTH TO DATE    0.9                       5.8   -4.9      4.9
  SINCE MAR 1      5.4                      13.4   -8.0     14.2
  SINCE JUL 1     68.7                      70.2   -1.5     47.7
  SNOW DEPTH       0

DEGREE DAYS
 HEATING
  YESTERDAY       34                        21     13       26
  MONTH TO DATE  590                       672    -82      717
  SINCE MAR 1   1847                      1955   -108     1820
  SINCE JUL 1   8321                      9538  -1217     8352

 COOLING
  YESTERDAY        0                         0      0        0
  MONTH TO DATE    0                         0      0        0
  SINCE MAR 1      0                         0      0        0
  SINCE JAN 1      0                         0      0        0
..................................................................


WIND (MPH)
  HIGHEST WIND SPEED    21   HIGHEST WIND DIRECTION    NE (60)
  HIGHEST GUST SPEED    29   HIGHEST GUST DIRECTION    NE (40)
  AVERAGE WIND SPEED    12.8


SKY COVER
  AVERAGE SKY COVER 1.0


WEATHER CONDITIONS
 THE FOLLOWING WEATHER WAS RECORDED YESTERDAY.
  LIGHT RAIN
  FOG
  HAZE


RELATIVE HUMIDITY (PERCENT)
 HIGHEST    96           800 AM
 LOWEST     75           900 PM
 AVERAGE    86

..........................................................


THE INTERNATIONAL FALLS MN CLIMATE NORMALS FOR TODAY
                         NORMAL    RECORD    YEAR
 MAXIMUM TEMPERATURE (F)   57        83      1952
 MINIMUM TEMPERATURE (F)   32        14      1996
                                             1959


SUNRISE AND SUNSET
APRIL 26 2017.........SUNRISE   602 AM CDT   SUNSET   822 PM CDT
APRIL 27 2017.........SUNRISE   600 AM CDT   SUNSET   823 PM CDT


-  INDICATES NEGATIVE NUMBERS.
R  INDICATES RECORD WAS SET OR TIED.
MM INDICATES DATA IS MISSING.
T  INDICATES TRACE AMOUNT.




$$
