000
CDUS43 KDLH 252223
CLIINL


CLIMATE REPORT
NATIONAL WEATHER SERVICE DULUTH MN
523 PM CDT SAT OCT 25 2014


...................................

...THE INTERNATIONAL FALLS MN CLIMATE SUMMARY FOR OCTOBER 25 2014...
VALID TODAY AS OF 0500 PM LOCAL TIME.

CLIMATE NORMAL PERIOD 1981 TO 2010
CLIMATE RECORD PERIOD 1895 TO 2014


WEATHER ITEM   OBSERVED TIME   RECORD YEAR NORMAL DEPARTURE LAST
                VALUE   (LST)  VALUE       VALUE  FROM      YEAR
                                                  NORMAL
..................................................................
TEMPERATURE (F)
 TODAY
  MAXIMUM         54    257 PM  76    1989  47      7       49
  MINIMUM         40    731 AM  10    2002  28     12       26
                                      1981
  AVERAGE         47                        37     10       38

PRECIPITATION (IN)
  TODAY            0.00                      0.06  -0.06     0.04
  MONTH TO DATE    0.62                      1.74  -1.12     2.03
  SINCE SEP 1      3.72                      4.73  -1.01     4.04
  SINCE JAN 1     28.26                     21.69   6.57    29.15

SNOWFALL (IN)
  TODAY            0.0                       0.1   -0.1       T
  MONTH TO DATE    T                         1.4   -1.4      1.4
  SINCE JUL 1      T                         1.5   -1.5      1.4
  SNOW DEPTH       0

DEGREE DAYS
 HEATING
  TODAY           18                        28    -10       27
  MONTH TO DATE  518                       567    -49      527
  SINCE SEP 1    840                       920    -80      749
  SINCE JUL 1   1054                      1101    -47      969

 COOLING
  TODAY            0                         0      0        0
  MONTH TO DATE    0                         0      0        0
  SINCE SEP 1     10                        11     -1       11
  SINCE JAN 1    121                       192    -71      224
..................................................................


WIND (MPH)
  HIGHEST WIND SPEED    26   HIGHEST WIND DIRECTION    NW (300)
  HIGHEST GUST SPEED    37   HIGHEST GUST DIRECTION    NW (330)


SKY COVER
  AVERAGE SKY COVER 0.0


WEATHER CONDITIONS
 THE FOLLOWING WEATHER WAS RECORDED TODAY.
  NO SIGNIFICANT WEATHER WAS OBSERVED.


RELATIVE HUMIDITY (PERCENT)
 HIGHEST    70           500 AM
 LOWEST     35           200 PM
 AVERAGE    53

..........................................................


THE INTERNATIONAL FALLS MN CLIMATE NORMALS FOR TOMORROW
                         NORMAL    RECORD    YEAR
 MAXIMUM TEMPERATURE (F)   46        77      1989
 MINIMUM TEMPERATURE (F)   28        10      1976
                                             1919


SUNRISE AND SUNSET
OCTOBER 25 2014.......SUNRISE   749 AM CDT   SUNSET   606 PM CDT
OCTOBER 26 2014.......SUNRISE   750 AM CDT   SUNSET   604 PM CDT


-  INDICATES NEGATIVE NUMBERS.
R  INDICATES RECORD WAS SET OR TIED.
MM INDICATES DATA IS MISSING.
T  INDICATES TRACE AMOUNT.




$$
