000
CDUS45 KFGZ 230811
CLIINW
CLIMATE REPORT
NATIONAL WEATHER SERVICE FLAGSTAFF, AZ
110 AM MST WED JUL 23 2014


...................................

...THE WINSLOW AZ AIRPORT CLIMATE SUMMARY FOR JULY 22 2014...

CLIMATE NORMAL PERIOD 1981 TO 2010
CLIMATE RECORD PERIOD 1898 TO 2014


WEATHER ITEM   OBSERVED TIME   RECORD YEAR NORMAL DEPARTURE LAST
                VALUE   (LST)  VALUE       VALUE  FROM      YEAR
                                                  NORMAL
..................................................................
TEMPERATURE (F)
 YESTERDAY
  MAXIMUM        101    403 PM 104    1996  94      7       90
  MINIMUM         60    512 AM  50    1973  63     -3       65
                                      1924
  AVERAGE         81                        78      3       78

PRECIPITATION (IN)
  YESTERDAY        T             1.12 1917   0.05  -0.05     0.00
  MONTH TO DATE    0.29                      0.67  -0.38     1.14
  SINCE SEP 1      5.28                      5.44  -0.16     4.20
  SINCE JAN 1      1.47                      2.96  -1.49     2.93

DEGREE DAYS
 HEATING
  YESTERDAY        0                         0      0        0
  MONTH TO DATE    0                         0      0        0
  SINCE JUL 1      0                         0      0        0

 COOLING
  YESTERDAY       16                        14      2       13
  MONTH TO DATE  331                       293     38      344
  SINCE JAN 1    668                       601     67      771
..................................................................


WIND (MPH)
  HIGHEST WIND SPEED    23   HIGHEST WIND DIRECTION     S (170)
  HIGHEST GUST SPEED    30   HIGHEST GUST DIRECTION     S (180)
  AVERAGE WIND SPEED     6.2


SKY COVER
  POSSIBLE SUNSHINE  MM
  AVERAGE SKY COVER 0.0


WEATHER CONDITIONS
 THE FOLLOWING WEATHER WAS RECORDED YESTERDAY.
  LIGHT RAIN


RELATIVE HUMIDITY (PERCENT)
 HIGHEST    46           500 AM
 LOWEST     11           400 PM
 AVERAGE    29

..........................................................


THE WINSLOW AZ AIRPORT CLIMATE NORMALS FOR TODAY
                         NORMAL    RECORD    YEAR
 MAXIMUM TEMPERATURE (F)   94       104      1996
 MINIMUM TEMPERATURE (F)   63        51      1995
                                             1973


SUNRISE AND SUNSET
JULY 23 2014..........SUNRISE   526 AM MST   SUNSET   733 PM MST
JULY 24 2014..........SUNRISE   526 AM MST   SUNSET   732 PM MST


-  INDICATES NEGATIVE NUMBERS.
R  INDICATES RECORD WAS SET OR TIED.
MM INDICATES DATA IS MISSING.
T  INDICATES TRACE AMOUNT.




$$
