000
CDUS45 KFGZ 210751
CLIINW
CLIMATE REPORT
NATIONAL WEATHER SERVICE FLAGSTAFF, AZ
1250 AM MST THU AUG 21 2014


...................................

...THE WINSLOW AZ AIRPORT CLIMATE SUMMARY FOR AUGUST 20 2014...

CLIMATE NORMAL PERIOD 1981 TO 2010
CLIMATE RECORD PERIOD 1898 TO 2014


WEATHER ITEM   OBSERVED TIME   RECORD YEAR NORMAL DEPARTURE LAST
                VALUE   (LST)  VALUE       VALUE  FROM      YEAR
                                                  NORMAL
..................................................................
TEMPERATURE (F)
 YESTERDAY
  MAXIMUM         85    132 PM 100    1928  91     -6       97
  MINIMUM         59    513 AM  48    1917  60     -1       61
  AVERAGE         72                        76     -4       79

PRECIPITATION (IN)
  YESTERDAY        0.00          0.78 1952   0.04  -0.04     0.00
  MONTH TO DATE    2.19                      0.79   1.40     0.90
  SINCE SEP 1      7.50                      6.60   0.90     5.29
  SINCE JAN 1      3.69                      4.12  -0.43     4.02

DEGREE DAYS
 HEATING
  YESTERDAY        0                         0      0        0
  MONTH TO DATE    0                         0      0        0
  SINCE JUL 1      0                         0      0        0

 COOLING
  YESTERDAY        7                        11     -4       14
  MONTH TO DATE  220                       235    -15      219
  SINCE JAN 1   1039                       952     87     1117
..................................................................


WIND (MPH)
  HIGHEST WIND SPEED    22   HIGHEST WIND DIRECTION    SE (150)
  HIGHEST GUST SPEED    29   HIGHEST GUST DIRECTION    SE (150)
  AVERAGE WIND SPEED     7.1


SKY COVER
  POSSIBLE SUNSHINE  MM
  AVERAGE SKY COVER 0.2


WEATHER CONDITIONS
 THE FOLLOWING WEATHER WAS RECORDED YESTERDAY.
  NO SIGNIFICANT WEATHER WAS OBSERVED.


RELATIVE HUMIDITY (PERCENT)
 HIGHEST    90           400 AM
 LOWEST     30           200 PM
 AVERAGE    60

..........................................................


THE WINSLOW AZ AIRPORT CLIMATE NORMALS FOR TODAY
                         NORMAL    RECORD    YEAR
 MAXIMUM TEMPERATURE (F)   91       104      1928
 MINIMUM TEMPERATURE (F)   60        46      1980


SUNRISE AND SUNSET
AUGUST 21 2014........SUNRISE   548 AM MST   SUNSET   704 PM MST
AUGUST 22 2014........SUNRISE   548 AM MST   SUNSET   703 PM MST


-  INDICATES NEGATIVE NUMBERS.
R  INDICATES RECORD WAS SET OR TIED.
MM INDICATES DATA IS MISSING.
T  INDICATES TRACE AMOUNT.




$$
