000
CDUS45 KFGZ 050805
CLIINW
CLIMATE REPORT
NATIONAL WEATHER SERVICE FLAGSTAFF, AZ
104 AM MST MON DEC 5 2016


...................................

...THE WINSLOW AZ AIRPORT CLIMATE SUMMARY FOR DECEMBER 4 2016...

CLIMATE NORMAL PERIOD 1981 TO 2010
CLIMATE RECORD PERIOD 1915 TO 2016


WEATHER ITEM   OBSERVED TIME   RECORD YEAR NORMAL DEPARTURE LAST
                VALUE   (LST)  VALUE       VALUE  FROM      YEAR
                                                  NORMAL
..................................................................
TEMPERATURE (F)
 YESTERDAY
  MAXIMUM         50    330 PM  74    1958  51     -1       64
  MINIMUM         12    720 AM   3    2009  22    -10       20
  AVERAGE         31                        37     -6       42

PRECIPITATION (IN)
  YESTERDAY        0.00          1.30 1992   0.02  -0.02     0.00
  MONTH TO DATE    0.00                      0.07  -0.07     0.00
  SINCE SEP 1      2.02                      1.99   0.03     3.67
  SINCE JAN 1      5.64                      6.52  -0.88    12.57

DEGREE DAYS
 HEATING
  YESTERDAY       34                        28      6       23
  MONTH TO DATE  131                       111     20      126
  SINCE JUL 1    822                      1047   -225      989

 COOLING
  YESTERDAY        0                         0      0        0
  MONTH TO DATE    0                         0      0        0
  SINCE JAN 1   1278                      1208     70     1316
..................................................................


WIND (MPH)
  HIGHEST WIND SPEED    12   HIGHEST WIND DIRECTION    SE (120)
  HIGHEST GUST SPEED    12   HIGHEST GUST DIRECTION    SE (120)
  AVERAGE WIND SPEED     3.3


SKY COVER
  POSSIBLE SUNSHINE  MM
  AVERAGE SKY COVER 0.0


WEATHER CONDITIONS
 THE FOLLOWING WEATHER WAS RECORDED YESTERDAY.
  NO SIGNIFICANT WEATHER WAS OBSERVED.


RELATIVE HUMIDITY (PERCENT)
 HIGHEST    80           600 AM
 LOWEST     19           300 PM
 AVERAGE    50

..........................................................


THE WINSLOW AZ AIRPORT CLIMATE NORMALS FOR TODAY
                         NORMAL    RECORD    YEAR
 MAXIMUM TEMPERATURE (F)   51        72      2012
 MINIMUM TEMPERATURE (F)   22         3      2005


SUNRISE AND SUNSET
DECEMBER  5 2016......SUNRISE   716 AM MST   SUNSET   511 PM MST
DECEMBER  6 2016......SUNRISE   717 AM MST   SUNSET   511 PM MST


-  INDICATES NEGATIVE NUMBERS.
R  INDICATES RECORD WAS SET OR TIED.
MM INDICATES DATA IS MISSING.
T  INDICATES TRACE AMOUNT.




$$
