000
CDUS45 KFGZ 010759
CLIINW
CLIMATE REPORT
NATIONAL WEATHER SERVICE FLAGSTAFF, AZ
1258 AM MST FRI AUG 1 2014


...................................

...THE WINSLOW AZ AIRPORT CLIMATE SUMMARY FOR JULY 31 2014...

CLIMATE NORMAL PERIOD 1981 TO 2010
CLIMATE RECORD PERIOD 1898 TO 2014


WEATHER ITEM   OBSERVED TIME   RECORD YEAR NORMAL DEPARTURE LAST
                VALUE   (LST)  VALUE       VALUE  FROM      YEAR
                                                  NORMAL
..................................................................
TEMPERATURE (F)
 YESTERDAY
  MAXIMUM         92   1106 AM 102    1970  93     -1       98
  MINIMUM         68   1132 PM  52    1973  63      5       64
                                      1921
  AVERAGE         80                        78      2       81

PRECIPITATION (IN)
  YESTERDAY        0.00          0.67 1959   0.04  -0.04     0.00
  MONTH TO DATE    0.32                      1.04  -0.72     1.33
  SINCE SEP 1      5.31                      5.81  -0.50     4.39
  SINCE JAN 1      1.50                      3.33  -1.83     3.12

DEGREE DAYS
 HEATING
  YESTERDAY        0                         0      0        0
  MONTH TO DATE    0                         0      0        0
  SINCE JUL 1      0                         0      0        0

 COOLING
  YESTERDAY       15                        13      2       16
  MONTH TO DATE  482                       409     73      471
  SINCE JAN 1    819                       717    102      898
..................................................................


WIND (MPH)
  HIGHEST WIND SPEED    35   HIGHEST WIND DIRECTION     W (270)
  HIGHEST GUST SPEED    43   HIGHEST GUST DIRECTION     W (280)
  AVERAGE WIND SPEED    11.1


SKY COVER
  POSSIBLE SUNSHINE  MM
  AVERAGE SKY COVER 0.1


WEATHER CONDITIONS
 THE FOLLOWING WEATHER WAS RECORDED YESTERDAY.
  NO SIGNIFICANT WEATHER WAS OBSERVED.


RELATIVE HUMIDITY (PERCENT)
 HIGHEST    49           900 PM
 LOWEST     23          1100 AM
 AVERAGE    36

..........................................................


THE WINSLOW AZ AIRPORT CLIMATE NORMALS FOR TODAY
                         NORMAL    RECORD    YEAR
 MAXIMUM TEMPERATURE (F)   93       103      1938
 MINIMUM TEMPERATURE (F)   63        49      1921


SUNRISE AND SUNSET
AUGUST  1 2014........SUNRISE   532 AM MST   SUNSET   726 PM MST
AUGUST  2 2014........SUNRISE   533 AM MST   SUNSET   725 PM MST


-  INDICATES NEGATIVE NUMBERS.
R  INDICATES RECORD WAS SET OR TIED.
MM INDICATES DATA IS MISSING.
T  INDICATES TRACE AMOUNT.




$$
