000
CDUS45 KFGZ 200101
CLIINW
CLIMATE REPORT
NATIONAL WEATHER SERVICE FLAGSTAFF, AZ
600 PM MST THU OCT 19 2017


...................................

...THE WINSLOW AZ AIRPORT CLIMATE SUMMARY FOR OCTOBER 19 2017...
VALID TODAY AS OF 0500 PM LOCAL TIME.

CLIMATE NORMAL PERIOD 1981 TO 2010
CLIMATE RECORD PERIOD 1915 TO 2017


WEATHER ITEM   OBSERVED TIME   RECORD YEAR NORMAL DEPARTURE LAST
                VALUE   (LST)  VALUE       VALUE  FROM      YEAR
                                                  NORMAL
..................................................................
TEMPERATURE (F)
 TODAY
  MAXIMUM         77    347 PM  85    2003  72      5       72
                                      1952
                                      1921
  MINIMUM         54    641 AM  19    1917  38     16       40
  AVERAGE         66                        55     11       56

PRECIPITATION (IN)
  TODAY            0.01          1.86 1972   0.02  -0.01     0.00
  MONTH TO DATE    0.01                      0.34  -0.33      T
  SINCE SEP 1      0.22                      1.22  -1.00     0.85
  SINCE JAN 1      4.25                      5.75  -1.50     4.47

DEGREE DAYS
 HEATING
  TODAY            0                        10    -10        9
  MONTH TO DATE  111                       127    -16       71
  SINCE JUL 1    162                       158      4      101

 COOLING
  TODAY            1                         0      1        0
  MONTH TO DATE   11                         6      5        6
  SINCE JAN 1   1444                      1207    237     1275
..................................................................


WIND (MPH)
  HIGHEST WIND SPEED    24   HIGHEST WIND DIRECTION    SE (150)
  HIGHEST GUST SPEED    30   HIGHEST GUST DIRECTION    SE (140)
  AVERAGE WIND SPEED     8.8


SKY COVER
  POSSIBLE SUNSHINE  MM
  AVERAGE SKY COVER 0.4


WEATHER CONDITIONS
 THE FOLLOWING WEATHER WAS RECORDED TODAY.
  THUNDERSTORM
  LIGHT RAIN


RELATIVE HUMIDITY (PERCENT)
 HIGHEST    51           700 AM
 LOWEST     24           300 PM
 AVERAGE    38

..........................................................


THE WINSLOW AZ AIRPORT CLIMATE NORMALS FOR TOMORROW
                         NORMAL    RECORD    YEAR
 MAXIMUM TEMPERATURE (F)   72        89      1921
 MINIMUM TEMPERATURE (F)   38        19      1917


SUNRISE AND SUNSET
OCTOBER 19 2017.......SUNRISE   633 AM MST   SUNSET   543 PM MST
OCTOBER 20 2017.......SUNRISE   633 AM MST   SUNSET   541 PM MST


-  INDICATES NEGATIVE NUMBERS.
R  INDICATES RECORD WAS SET OR TIED.
MM INDICATES DATA IS MISSING.
T  INDICATES TRACE AMOUNT.




$$
