000
CDUS45 KFGZ 170843
CLIINW
CLIMATE REPORT
NATIONAL WEATHER SERVICE FLAGSTAFF, AZ
143 AM MST SUN DEC 17 2017


...................................

...THE WINSLOW AZ AIRPORT CLIMATE SUMMARY FOR DECEMBER 16 2017...

CLIMATE NORMAL PERIOD 1981 TO 2010
CLIMATE RECORD PERIOD 1915 TO 2017


WEATHER ITEM   OBSERVED TIME   RECORD YEAR NORMAL DEPARTURE LAST
                VALUE   (LST)  VALUE       VALUE  FROM      YEAR
                                                  NORMAL
..................................................................
TEMPERATURE (F)
 YESTERDAY
  MAXIMUM         50    417 PM  64    2006  48      2       62
  MINIMUM         19    536 AM  -7    1931  20     -1       46
  AVERAGE         35                        34      1       54

PRECIPITATION (IN)
  YESTERDAY        0.00          0.75 2010   0.01  -0.01     0.03
  MONTH TO DATE    0.01                      0.29  -0.28     0.03
  SINCE SEP 1      0.23                      2.21  -1.98     2.05
  SINCE JAN 1      4.26                      6.74  -2.48     5.67

DEGREE DAYS
 HEATING
  YESTERDAY       30                        31     -1       11
  MONTH TO DATE  455                       471    -16      363
  SINCE JUL 1   1137                      1407   -270     1054

 COOLING
  YESTERDAY        0                         0      0        0
  MONTH TO DATE    0                         0      0        0
  SINCE JAN 1   1443                      1208    235     1278
..................................................................


WIND (MPH)
  HIGHEST WIND SPEED    15   HIGHEST WIND DIRECTION     E (110)
  HIGHEST GUST SPEED    20   HIGHEST GUST DIRECTION    SE (130)
  AVERAGE WIND SPEED     6.4


SKY COVER
  POSSIBLE SUNSHINE  MM
  AVERAGE SKY COVER 0.0


WEATHER CONDITIONS
 THE FOLLOWING WEATHER WAS RECORDED YESTERDAY.
  NO SIGNIFICANT WEATHER WAS OBSERVED.


RELATIVE HUMIDITY (PERCENT)
 HIGHEST    45           100 AM
 LOWEST     16           400 PM
 AVERAGE    31

..........................................................


THE WINSLOW AZ AIRPORT CLIMATE NORMALS FOR TODAY
                         NORMAL    RECORD    YEAR
 MAXIMUM TEMPERATURE (F)   48        67      1982
 MINIMUM TEMPERATURE (F)   20        -5      1931


SUNRISE AND SUNSET
DECEMBER 17 2017......SUNRISE   725 AM MST   SUNSET   513 PM MST
DECEMBER 18 2017......SUNRISE   726 AM MST   SUNSET   514 PM MST


-  INDICATES NEGATIVE NUMBERS.
R  INDICATES RECORD WAS SET OR TIED.
MM INDICATES DATA IS MISSING.
T  INDICATES TRACE AMOUNT.




$$
