695
CDUS45 KFGZ 300757
CLIINW
CLIMATE REPORT
NATIONAL WEATHER SERVICE FLAGSTAFF, AZ
1256 AM MST THU MAR 30 2017


...................................

...THE WINSLOW AZ AIRPORT CLIMATE SUMMARY FOR MARCH 29 2017...

CLIMATE NORMAL PERIOD 1981 TO 2010
CLIMATE RECORD PERIOD 1915 TO 2017


WEATHER ITEM   OBSERVED TIME   RECORD YEAR NORMAL DEPARTURE LAST
                VALUE   (LST)  VALUE       VALUE  FROM      YEAR
                                                  NORMAL
..................................................................
TEMPERATURE (F)
 YESTERDAY
  MAXIMUM         70    359 PM  81    2015  67      3       55
  MINIMUM         37    627 AM  15    1944  32      5       32
  AVERAGE         54                        50      4       44

PRECIPITATION (IN)
  YESTERDAY        0.00          0.41 1973   0.02  -0.02     0.04
  MONTH TO DATE    0.09                      0.51  -0.42     0.04
  SINCE SEP 1      4.70                      3.97   0.73     4.63
  SINCE JAN 1      1.62                      1.49   0.13     0.61

DEGREE DAYS
 HEATING
  YESTERDAY       11                        15     -4       21
  MONTH TO DATE  367                       529   -162      410
  SINCE JUL 1   3173                      4024   -851     3744

 COOLING
  YESTERDAY        0                         0      0        0
  MONTH TO DATE    0                         0      0        0
  SINCE JAN 1      0                         0      0        0
..................................................................


WIND (MPH)
  HIGHEST WIND SPEED    22   HIGHEST WIND DIRECTION    NW (300)
  HIGHEST GUST SPEED    29   HIGHEST GUST DIRECTION    NW (310)
  AVERAGE WIND SPEED    11.9


SKY COVER
  POSSIBLE SUNSHINE  MM
  AVERAGE SKY COVER 0.0


WEATHER CONDITIONS
 THE FOLLOWING WEATHER WAS RECORDED YESTERDAY.
  NO SIGNIFICANT WEATHER WAS OBSERVED.


RELATIVE HUMIDITY (PERCENT)
 HIGHEST    59           600 AM
 LOWEST      9           500 PM
 AVERAGE    34

..........................................................


THE WINSLOW AZ AIRPORT CLIMATE NORMALS FOR TODAY
                         NORMAL    RECORD    YEAR
 MAXIMUM TEMPERATURE (F)   67        85      1971
 MINIMUM TEMPERATURE (F)   33        14      1975


SUNRISE AND SUNSET
MARCH 30 2017.........SUNRISE   612 AM MST   SUNSET   643 PM MST
MARCH 31 2017.........SUNRISE   611 AM MST   SUNSET   644 PM MST


-  INDICATES NEGATIVE NUMBERS.
R  INDICATES RECORD WAS SET OR TIED.
MM INDICATES DATA IS MISSING.
T  INDICATES TRACE AMOUNT.




$$
