000
CDUS45 KFGZ 050855
CLIINW
CLIMATE REPORT
NATIONAL WEATHER SERVICE FLAGSTAFF, AZ
154 AM MST SUN JUL 5 2015


...................................

...THE WINSLOW AZ AIRPORT CLIMATE SUMMARY FOR JULY 4 2015...

CLIMATE NORMAL PERIOD 1981 TO 2010
CLIMATE RECORD PERIOD 1915 TO 2015


WEATHER ITEM   OBSERVED TIME   RECORD YEAR NORMAL DEPARTURE LAST
                VALUE   (LST)  VALUE       VALUE  FROM      YEAR
                                                  NORMAL
..................................................................
TEMPERATURE (F)
 YESTERDAY
  MAXIMUM         85   1245 PM 106    2007  95    -10       93
  MINIMUM         66   1159 PM  48    1935  60      6       68
  AVERAGE         76                        78     -2       81

PRECIPITATION (IN)
  YESTERDAY        0.15          0.32 1927   0.02   0.13      T
  MONTH TO DATE    0.28                      0.08   0.20      T
  SINCE SEP 1      7.44                      4.85   2.59     4.99
  SINCE JAN 1      4.59                      2.37   2.22     1.18

DEGREE DAYS
 HEATING
  YESTERDAY        0                         0      0        0
  MONTH TO DATE    0                         0      0        0
  SINCE JUL 1      0                         0      0        0

 COOLING
  YESTERDAY       11                        13     -2       16
  MONTH TO DATE   62                        49     13       66
  SINCE JAN 1    415                       357     58      403
..................................................................


WIND (MPH)
  HIGHEST WIND SPEED    25   HIGHEST WIND DIRECTION     W (270)
  HIGHEST GUST SPEED    30   HIGHEST GUST DIRECTION     W (270)
  AVERAGE WIND SPEED     8.0


SKY COVER
  POSSIBLE SUNSHINE  MM
  AVERAGE SKY COVER 0.4


WEATHER CONDITIONS
 THE FOLLOWING WEATHER WAS RECORDED YESTERDAY.
  THUNDERSTORM
  RAIN
  LIGHT RAIN
  FOG


RELATIVE HUMIDITY (PERCENT)
 HIGHEST    87           200 AM
 LOWEST     47           100 PM
 AVERAGE    67

..........................................................


THE WINSLOW AZ AIRPORT CLIMATE NORMALS FOR TODAY
                         NORMAL    RECORD    YEAR
 MAXIMUM TEMPERATURE (F)   95       104      1922
 MINIMUM TEMPERATURE (F)   60        44      1931


SUNRISE AND SUNSET
JULY  5 2015..........SUNRISE   514 AM MST   SUNSET   740 PM MST
JULY  6 2015..........SUNRISE   515 AM MST   SUNSET   740 PM MST


-  INDICATES NEGATIVE NUMBERS.
R  INDICATES RECORD WAS SET OR TIED.
MM INDICATES DATA IS MISSING.
T  INDICATES TRACE AMOUNT.




$$
