000
CDUS43 KDVN 240936
CLIIOW


CLIMATE REPORT
NATIONAL WEATHER SERVICE QUAD CITIES IA IL
435 AM CDT SUN SEP 24 2017


...................................

...THE IOWA CITY IA CLIMATE SUMMARY FOR SEPTEMBER 23 2017...

CLIMATE NORMAL PERIOD 1981 TO 2010
CLIMATE RECORD PERIOD 9999 TO 9999


WEATHER ITEM   OBSERVED TIME   RECORD YEAR NORMAL DEPARTURE LAST
                VALUE   (LST)  VALUE       VALUE  FROM      YEAR
                                                  NORMAL
..................................................................
TEMPERATURE (F)
 YESTERDAY
  MAXIMUM         95    347 PM  MM      MM  73     22       81
  MINIMUM         65    536 AM  MM      MM  49     16       69
  AVERAGE         80                        61     19       75

PRECIPITATION (IN)
  YESTERDAY        0.00         MM      MM   0.11  -0.11     0.65
  MONTH TO DATE    0.49                      2.70  -2.21     2.83
  SINCE SEP 1      0.49                      2.70  -2.21     2.83
  SINCE JAN 1     26.02                     28.85  -2.83    28.47

DEGREE DAYS
 HEATING
  YESTERDAY        0                         5     -5        0
  MONTH TO DATE   17                        57    -40        0
  SINCE SEP 1     17                        57    -40        0
  SINCE JUL 1     17                        65    -48        2

 COOLING
  YESTERDAY       15                         1     14       10
  MONTH TO DATE  138                        71     67      165
  SINCE SEP 1    138                        71     67      165
  SINCE JAN 1   1010                       893    117     1141
..................................................................


WIND (MPH)
  HIGHEST WIND SPEED    14   HIGHEST WIND DIRECTION     S (170)
  HIGHEST GUST SPEED    17   HIGHEST GUST DIRECTION     S (170)
  AVERAGE WIND SPEED     2.6


SKY COVER
  POSSIBLE SUNSHINE  MM
  AVERAGE SKY COVER 0.0


WEATHER CONDITIONS
 THE FOLLOWING WEATHER WAS RECORDED YESTERDAY.
  NO SIGNIFICANT WEATHER WAS OBSERVED.


RELATIVE HUMIDITY (PERCENT)
 HIGHEST    87           300 AM
 LOWEST     33           400 PM
 AVERAGE    60

..........................................................


THE IOWA CITY IA CLIMATE NORMALS FOR TODAY
                         NORMAL    RECORD    YEAR
 MAXIMUM TEMPERATURE (F)   73        MM        MM
 MINIMUM TEMPERATURE (F)   49        MM        MM


SUNRISE AND SUNSET
SEPTEMBER 24 2017.....SUNRISE   656 AM CDT   SUNSET   659 PM CDT
SEPTEMBER 25 2017.....SUNRISE   657 AM CDT   SUNSET   658 PM CDT


-  INDICATES NEGATIVE NUMBERS.
R  INDICATES RECORD WAS SET OR TIED.
MM INDICATES DATA IS MISSING.
T  INDICATES TRACE AMOUNT.




$$
