000
CDUS43 KDVN 021005
CLIIOW


CLIMATE REPORT
NATIONAL WEATHER SERVICE QUAD CITIES IA IL
403 AM CST MON MAR 2 2015


...................................

...THE IOWA CITY IA CLIMATE SUMMARY FOR MARCH 1 2015...

CLIMATE NORMAL PERIOD 1981 TO 2010
CLIMATE RECORD PERIOD 9999 TO 9999


WEATHER ITEM   OBSERVED TIME   RECORD YEAR NORMAL DEPARTURE LAST
                VALUE   (LST)  VALUE       VALUE  FROM      YEAR
                                                  NORMAL
..................................................................
TEMPERATURE (F)
 YESTERDAY
  MAXIMUM         28    516 PM  MM      MM  40    -12       24
  MINIMUM          4   1216 AM  MM      MM  23    -19        3
  AVERAGE         16                        31    -15       14

PRECIPITATION (IN)
  YESTERDAY        0.00         MM      MM   0.07  -0.07     0.12
  MONTH TO DATE    0.00                      0.07  -0.07     0.12
  SINCE MAR 1      0.00                      0.07  -0.07     0.12
  SINCE JAN 1      1.58                      2.23  -0.65     1.95

DEGREE DAYS
 HEATING
  YESTERDAY       49                        34     15       51
  MONTH TO DATE   49                        34     15       51
  SINCE MAR 1     49                        34     15       51
  SINCE JUL 1   5414                      4984    430     5844

 COOLING
  YESTERDAY        0                         0      0        0
  MONTH TO DATE    0                         0      0        0
  SINCE MAR 1      0                         0      0        0
  SINCE JAN 1      0                         0      0        0
..................................................................


WIND (MPH)
  HIGHEST WIND SPEED    16   HIGHEST WIND DIRECTION     W (260)
  HIGHEST GUST SPEED    20   HIGHEST GUST DIRECTION     W (260)
  AVERAGE WIND SPEED     5.5


SKY COVER
  POSSIBLE SUNSHINE  MM
  AVERAGE SKY COVER 0.6


WEATHER CONDITIONS
 THE FOLLOWING WEATHER WAS RECORDED YESTERDAY.
  FOG
  HAZE


RELATIVE HUMIDITY (PERCENT)
 HIGHEST    96           400 AM
 LOWEST     65           700 PM
 AVERAGE    81

..........................................................


THE IOWA CITY IA CLIMATE NORMALS FOR TODAY
                         NORMAL    RECORD    YEAR
 MAXIMUM TEMPERATURE (F)   40        MM        MM
 MINIMUM TEMPERATURE (F)   23        MM        MM


SUNRISE AND SUNSET
MARCH  2 2015.........SUNRISE   640 AM CST   SUNSET   558 PM CST
MARCH  3 2015.........SUNRISE   638 AM CST   SUNSET   559 PM CST


-  INDICATES NEGATIVE NUMBERS.
R  INDICATES RECORD WAS SET OR TIED.
MM INDICATES DATA IS MISSING.
T  INDICATES TRACE AMOUNT.




$$
