000
CDUS43 KDVN 240914
CLIIOW


CLIMATE REPORT
NATIONAL WEATHER SERVICE QUAD CITIES IA IL
412 AM CDT THU APR 24 2014


...................................

...THE IOWA CITY IA CLIMATE SUMMARY FOR APRIL 23 2014...

CLIMATE NORMAL PERIOD 1981 TO 2010
CLIMATE RECORD PERIOD 9999 TO 9999


WEATHER ITEM   OBSERVED TIME   RECORD YEAR NORMAL DEPARTURE LAST
                VALUE   (LST)  VALUE       VALUE  FROM      YEAR
                                                  NORMAL
..................................................................
TEMPERATURE (F)
 YESTERDAY
  MAXIMUM         52    114 PM  MM      MM  64    -12       52
  MINIMUM         41    648 AM  MM      MM  43     -2       36
  AVERAGE         47                        53     -6       44

PRECIPITATION (IN)
  YESTERDAY        0.17         MM      MM   0.13   0.04     0.14
  MONTH TO DATE    2.83                      2.44   0.39     8.44
  SINCE MAR 1      3.46                      4.66  -1.20    10.87
  SINCE JAN 1      5.29                      6.82  -1.53    13.32

DEGREE DAYS
 HEATING
  YESTERDAY       18                        12      6       21
  MONTH TO DATE  385                       353     32      449
  SINCE MAR 1   1428                      1170    258     1503
  SINCE JUL 1   7221                      6120   1101     6189

 COOLING
  YESTERDAY        0                         0      0        0
  MONTH TO DATE    3                         0      3        0
  SINCE MAR 1      3                         0      3        0
  SINCE JAN 1      3                         0      3        0
..................................................................


WIND (MPH)
  HIGHEST WIND SPEED    18   HIGHEST WIND DIRECTION    SE (120)
  HIGHEST GUST SPEED    25   HIGHEST GUST DIRECTION     E (100)
  AVERAGE WIND SPEED    10.4


SKY COVER
  POSSIBLE SUNSHINE  MM
  AVERAGE SKY COVER 0.8


WEATHER CONDITIONS
 THE FOLLOWING WEATHER WAS RECORDED YESTERDAY.
  LIGHT RAIN


RELATIVE HUMIDITY (PERCENT)
 HIGHEST    82           700 PM
 LOWEST     44           100 PM
 AVERAGE    63

..........................................................


THE IOWA CITY IA CLIMATE NORMALS FOR TODAY
                         NORMAL    RECORD    YEAR
 MAXIMUM TEMPERATURE (F)   64        MM        MM
 MINIMUM TEMPERATURE (F)   43        MM        MM


SUNRISE AND SUNSET
APRIL 24 2014.........SUNRISE   613 AM CDT   SUNSET   757 PM CDT
APRIL 25 2014.........SUNRISE   611 AM CDT   SUNSET   758 PM CDT


-  INDICATES NEGATIVE NUMBERS.
R  INDICATES RECORD WAS SET OR TIED.
MM INDICATES DATA IS MISSING.
T  INDICATES TRACE AMOUNT.




$$
