000
CDUS43 KDVN 241017
CLIIOW


CLIMATE REPORT
NATIONAL WEATHER SERVICE QUAD CITIES IA IL
416 AM CST FRI NOV 24 2017


...................................

...THE IOWA CITY IA CLIMATE SUMMARY FOR NOVEMBER 23 2017...

CLIMATE NORMAL PERIOD 1981 TO 2010
CLIMATE RECORD PERIOD 9999 TO 9999


WEATHER ITEM   OBSERVED TIME   RECORD YEAR NORMAL DEPARTURE LAST
                VALUE   (LST)  VALUE       VALUE  FROM      YEAR
                                                  NORMAL
..................................................................
TEMPERATURE (F)
 YESTERDAY
  MAXIMUM         53    306 PM  MM      MM  43     10       45
  MINIMUM         28    704 AM  MM      MM  27      1       39
  AVERAGE         41                        35      6       42

PRECIPITATION (IN)
  YESTERDAY        0.00         MM      MM   0.07  -0.07     0.06
  MONTH TO DATE    0.83                      1.84  -1.01     0.31
  SINCE SEP 1      5.05                      8.10  -3.05     5.30
  SINCE JAN 1     30.58                     34.25  -3.67    30.94

DEGREE DAYS
 HEATING
  YESTERDAY       24                        30     -6       23
  MONTH TO DATE  620                       558     62      373
  SINCE SEP 1    948                      1075   -127      622
  SINCE JUL 1    948                      1083   -135      624

 COOLING
  YESTERDAY        0                         0      0        0
  MONTH TO DATE    0                         0      0        0
  SINCE SEP 1    201                        90    111      216
  SINCE JAN 1   1073                       912    161     1192
..................................................................


WIND (MPH)
  HIGHEST WIND SPEED    10   HIGHEST WIND DIRECTION     W (270)
  HIGHEST GUST SPEED    14   HIGHEST GUST DIRECTION     W (280)
  AVERAGE WIND SPEED     3.5


SKY COVER
  POSSIBLE SUNSHINE  MM
  AVERAGE SKY COVER 0.1


WEATHER CONDITIONS
 THE FOLLOWING WEATHER WAS RECORDED YESTERDAY.
  NO SIGNIFICANT WEATHER WAS OBSERVED.


RELATIVE HUMIDITY (PERCENT)
 HIGHEST    85          1000 PM
 LOWEST     38           200 PM
 AVERAGE    62

..........................................................


THE IOWA CITY IA CLIMATE NORMALS FOR TODAY
                         NORMAL    RECORD    YEAR
 MAXIMUM TEMPERATURE (F)   43        MM        MM
 MINIMUM TEMPERATURE (F)   26        MM        MM


SUNRISE AND SUNSET
NOVEMBER 24 2017......SUNRISE   706 AM CST   SUNSET   440 PM CST
NOVEMBER 25 2017......SUNRISE   707 AM CST   SUNSET   439 PM CST


-  INDICATES NEGATIVE NUMBERS.
R  INDICATES RECORD WAS SET OR TIED.
MM INDICATES DATA IS MISSING.
T  INDICATES TRACE AMOUNT.




$$
