000
CDUS41 KCTP 230618
CLIIPT


CLIMATE REPORT
NATIONAL WEATHER SERVICE STATE COLLEGE PA
218 AM EDT TUE MAY 23 2017


...................................

...THE WILLIAMSPORT PA CLIMATE SUMMARY FOR MAY 22 2017...

CLIMATE NORMAL PERIOD 1981 TO 2010
CLIMATE RECORD PERIOD 1895 TO 2017


WEATHER ITEM   OBSERVED TIME   RECORD YEAR NORMAL DEPARTURE LAST
                VALUE   (LST)  VALUE       VALUE  FROM      YEAR
                                                  NORMAL
..................................................................
TEMPERATURE (F)
 YESTERDAY
  MAXIMUM         67    436 PM  95    1941  73     -6       64
  MINIMUM         55   1158 PM  32    2002  50      5       53
  AVERAGE         61                        62     -1       59

PRECIPITATION (IN)
  YESTERDAY        0.02          1.77 1901   0.12  -0.10     0.39
  MONTH TO DATE    3.40                      2.56   0.84     2.22
  SINCE MAR 1     11.05                      8.77   2.28     4.92
  SINCE JAN 1     16.35                     13.81   2.54    11.34

SNOWFALL (IN)
  YESTERDAY        0.0           T    1953   0.0    0.0      0.0
  MONTH TO DATE    0.0                       0.0    0.0       T
  SINCE MAR 1     22.6                       8.0   14.6      2.0
  SINCE JUL 1     41.1                      36.0    5.1      7.7
  SNOW DEPTH       0

DEGREE DAYS
 HEATING
  YESTERDAY        4                         5     -1        6
  MONTH TO DATE  170                       166      4      207
  SINCE MAR 1   1278                      1454   -176     1264
  SINCE JUL 1   4914                      5921  -1007     4907

 COOLING
  YESTERDAY        0                         2     -2        0
  MONTH TO DATE   29                        18     11        0
  SINCE MAR 1     44                        23     21        0
  SINCE JAN 1     44                        23     21        0
..................................................................


WIND (MPH)
  HIGHEST WIND SPEED    14   HIGHEST WIND DIRECTION    NE (60)
  HIGHEST GUST SPEED    21   HIGHEST GUST DIRECTION    NE (50)
  AVERAGE WIND SPEED     6.1


SKY COVER
  POSSIBLE SUNSHINE  MM
  AVERAGE SKY COVER 0.7


WEATHER CONDITIONS
 THE FOLLOWING WEATHER WAS RECORDED YESTERDAY.
  LIGHT RAIN
  FOG


RELATIVE HUMIDITY (PERCENT)
 HIGHEST   100          1100 PM
 LOWEST     72           900 AM
 AVERAGE    86

..........................................................


THE WILLIAMSPORT PA CLIMATE NORMALS FOR TODAY
                         NORMAL    RECORD    YEAR
 MAXIMUM TEMPERATURE (F)   74        96      1925
 MINIMUM TEMPERATURE (F)   50        34      1932


SUNRISE AND SUNSET
MAY 23 2017...........SUNRISE   542 AM EDT   SUNSET   827 PM EDT
MAY 24 2017...........SUNRISE   541 AM EDT   SUNSET   828 PM EDT


-  INDICATES NEGATIVE NUMBERS.
R  INDICATES RECORD WAS SET OR TIED.
MM INDICATES DATA IS MISSING.
T  INDICATES TRACE AMOUNT.




$$
