000
CDUS41 KCTP 122116
CLIIPT


CLIMATE REPORT
NATIONAL WEATHER SERVICE STATE COLLEGE PA
516 PM EDT SAT JUL 12 2014


...................................

...THE WILLIAMSPORT PA CLIMATE SUMMARY FOR JULY 12 2014...
VALID TODAY AS OF 0500 PM LOCAL TIME.

CLIMATE NORMAL PERIOD 1981 TO 2010
CLIMATE RECORD PERIOD 1895 TO 2014


WEATHER ITEM   OBSERVED TIME   RECORD YEAR NORMAL DEPARTURE LAST
                VALUE   (LST)  VALUE       VALUE  FROM      YEAR
                                                  NORMAL
..................................................................
TEMPERATURE (F)
 TODAY
  MAXIMUM         86    342 PM  95    1936  84      2       79
                                      1922
                                      1911
  MINIMUM         62    415 AM  43    1945  62      0       64
  AVERAGE         74                        73      1       72

PRECIPITATION (IN)
  TODAY            0.01          2.82 1990   0.14  -0.13     0.03
  MONTH TO DATE    2.44                      1.57   0.87     1.74
  SINCE JUN 1      5.90                      5.49   0.41     5.91
  SINCE JAN 1     20.65                     20.40   0.25    18.48

DEGREE DAYS
 HEATING
  TODAY            0                         0      0        0
  MONTH TO DATE    0                         0      0        0
  SINCE JUN 1      8                        37    -29        9
  SINCE JUL 1      0                         0      0        0

 COOLING
  TODAY            9                         8      1        7
  MONTH TO DATE  114                        93     21      150
  SINCE JUN 1    283                       239     44      310
  SINCE JAN 1    335                       282     53      381
..................................................................


WIND (MPH)
  HIGHEST WIND SPEED     9   HIGHEST WIND DIRECTION    SW (230)
  HIGHEST GUST SPEED    14   HIGHEST GUST DIRECTION     S (170)
  AVERAGE WIND SPEED     2.3


SKY COVER
  POSSIBLE SUNSHINE  MM
  AVERAGE SKY COVER 0.3


WEATHER CONDITIONS
 THE FOLLOWING WEATHER WAS RECORDED TODAY.
  LIGHT RAIN


RELATIVE HUMIDITY (PERCENT)
 HIGHEST    90           200 AM
 LOWEST     51           400 PM
 AVERAGE    71

..........................................................


THE WILLIAMSPORT PA CLIMATE NORMALS FOR TOMORROW
                         NORMAL    RECORD    YEAR
 MAXIMUM TEMPERATURE (F)   84        97      1927
 MINIMUM TEMPERATURE (F)   62        50      2002


SUNRISE AND SUNSET
JULY 12 2014..........SUNRISE   545 AM EDT   SUNSET   841 PM EDT
JULY 13 2014..........SUNRISE   546 AM EDT   SUNSET   840 PM EDT


-  INDICATES NEGATIVE NUMBERS.
R  INDICATES RECORD WAS SET OR TIED.
MM INDICATES DATA IS MISSING.
T  INDICATES TRACE AMOUNT.




$$
