000
CDUS41 KCTP 172218
CLIIPT


CLIMATE REPORT
NATIONAL WEATHER SERVICE STATE COLLEGE PA
517 PM EST WED DEC 17 2014


...................................

...THE WILLIAMSPORT PA CLIMATE SUMMARY FOR DECEMBER 17 2014...
VALID TODAY AS OF 0500 PM LOCAL TIME.

CLIMATE NORMAL PERIOD 1981 TO 2010
CLIMATE RECORD PERIOD 1895 TO 2014


WEATHER ITEM   OBSERVED TIME   RECORD YEAR NORMAL DEPARTURE LAST
                VALUE   (LST)  VALUE       VALUE  FROM      YEAR
                                                  NORMAL
..................................................................
TEMPERATURE (F)
 TODAY
  MAXIMUM         47   1059 AM  65    1912  37     10       25
  MINIMUM         38    459 PM -11    1951  24     14        9
  AVERAGE         43                        31     12       17

PRECIPITATION (IN)
  TODAY            T             1.20 1908   0.08  -0.08     0.08
  MONTH TO DATE    2.04                      1.80   0.24     2.12
  SINCE DEC 1      2.04                      1.80   0.24     2.12
  SINCE JAN 1     36.61                     40.15  -3.54    31.17

SNOWFALL (IN)
  TODAY            T
  MONTH TO DATE    4.0
  SINCE DEC 1      4.0
  SINCE JUL 1      9.1
  SNOW DEPTH       0

DEGREE DAYS
 HEATING
  TODAY           22                        34    -12       48
  MONTH TO DATE  497                       541    -44      602
  SINCE DEC 1    497                       541    -44      602
  SINCE JUL 1   1667                      1786   -119     1845

 COOLING
  TODAY            0                         0      0        0
  MONTH TO DATE    0                         0      0        0
  SINCE DEC 1      0                         0      0        0
  SINCE JAN 1    713                       702     11      863
..................................................................


WIND (MPH)
  HIGHEST WIND SPEED    21   HIGHEST WIND DIRECTION     W (260)
  HIGHEST GUST SPEED    26   HIGHEST GUST DIRECTION     W (250)
  AVERAGE WIND SPEED     5.3


SKY COVER
  POSSIBLE SUNSHINE  MM
  AVERAGE SKY COVER 1.0


WEATHER CONDITIONS
 THE FOLLOWING WEATHER WAS RECORDED TODAY.
  LIGHT RAIN
  SLEET
  FOG


RELATIVE HUMIDITY (PERCENT)
 HIGHEST    93          1200 AM
 LOWEST     65          1100 AM
 AVERAGE    79

..........................................................


THE WILLIAMSPORT PA CLIMATE NORMALS FOR TOMORROW
                         NORMAL    RECORD    YEAR
 MAXIMUM TEMPERATURE (F)   37        65      1912
 MINIMUM TEMPERATURE (F)   24        -8      1914


SUNRISE AND SUNSET
DECEMBER 17 2014......SUNRISE   728 AM EST   SUNSET   440 PM EST
DECEMBER 18 2014......SUNRISE   728 AM EST   SUNSET   440 PM EST


-  INDICATES NEGATIVE NUMBERS.
R  INDICATES RECORD WAS SET OR TIED.
MM INDICATES DATA IS MISSING.
T  INDICATES TRACE AMOUNT.




$$
