000
CDUS41 KCTP 302116
CLIIPT


CLIMATE REPORT
NATIONAL WEATHER SERVICE STATE COLLEGE PA
516 PM EDT WED JUL 30 2014


...................................

...THE WILLIAMSPORT PA CLIMATE SUMMARY FOR JULY 30 2014...
VALID TODAY AS OF 0500 PM LOCAL TIME.

CLIMATE NORMAL PERIOD 1981 TO 2010
CLIMATE RECORD PERIOD 1895 TO 2014


WEATHER ITEM   OBSERVED TIME   RECORD YEAR NORMAL DEPARTURE LAST
                VALUE   (LST)  VALUE       VALUE  FROM      YEAR
                                                  NORMAL
..................................................................
TEMPERATURE (F)
 TODAY
  MAXIMUM         77    114 PM  98    1933  83     -6       77
  MINIMUM         54    348 AM  48    1997  62     -8       53
  AVERAGE         66                        73     -7       65

PRECIPITATION (IN)
  TODAY            0.00          3.29 2000   0.15  -0.15     0.00
  MONTH TO DATE    3.77                      4.20  -0.43     3.12
  SINCE JUN 1      7.23                      8.12  -0.89     7.29
  SINCE JAN 1     21.98                     23.03  -1.05    19.86

DEGREE DAYS
 HEATING
  TODAY            0                         0      0        0
  MONTH TO DATE    0                         0      0        0
  SINCE JUN 1      8                        37    -29        9
  SINCE JUL 1      0                         0      0        0

 COOLING
  TODAY            1                         8     -7        0
  MONTH TO DATE  233                       237     -4      333
  SINCE JUN 1    402                       383     19      493
  SINCE JAN 1    454                       426     28      564
..................................................................


WIND (MPH)
  HIGHEST WIND SPEED    13   HIGHEST WIND DIRECTION     S (200)
  HIGHEST GUST SPEED    16   HIGHEST GUST DIRECTION    SE (150)
  AVERAGE WIND SPEED     2.3


SKY COVER
  POSSIBLE SUNSHINE  MM
  AVERAGE SKY COVER 0.6


WEATHER CONDITIONS
 THE FOLLOWING WEATHER WAS RECORDED TODAY.
  FOG
  HAZE


RELATIVE HUMIDITY (PERCENT)
 HIGHEST    93           200 AM
 LOWEST     46           100 PM
 AVERAGE    70

..........................................................


THE WILLIAMSPORT PA CLIMATE NORMALS FOR TOMORROW
                         NORMAL    RECORD    YEAR
 MAXIMUM TEMPERATURE (F)   83       100      1933
 MINIMUM TEMPERATURE (F)   62        47      1936


SUNRISE AND SUNSET
JULY 30 2014..........SUNRISE   601 AM EDT   SUNSET   827 PM EDT
JULY 31 2014..........SUNRISE   602 AM EDT   SUNSET   825 PM EDT


-  INDICATES NEGATIVE NUMBERS.
R  INDICATES RECORD WAS SET OR TIED.
MM INDICATES DATA IS MISSING.
T  INDICATES TRACE AMOUNT.




$$
