000
CDUS41 KCTP 060629
CLIIPT


CLIMATE REPORT
NATIONAL WEATHER SERVICE STATE COLLEGE PA
129 AM EST SAT FEB 6 2016


...................................

...THE WILLIAMSPORT PA CLIMATE SUMMARY FOR FEBRUARY 5 2016...

CLIMATE NORMAL PERIOD 1981 TO 2010
CLIMATE RECORD PERIOD 1895 TO 2016


WEATHER ITEM   OBSERVED TIME   RECORD YEAR NORMAL DEPARTURE LAST
                VALUE   (LST)  VALUE       VALUE  FROM      YEAR
                                                  NORMAL
..................................................................
TEMPERATURE (F)
 YESTERDAY
  MAXIMUM         41    353 PM  53    1993  36      5       33
                                      1991
  MINIMUM         27   1159 PM -10    1918  20      7        4
  AVERAGE         34                        28      6       19

PRECIPITATION (IN)
  YESTERDAY        T             0.92 2014   0.09  -0.09      T
  MONTH TO DATE    0.96                      0.43   0.53     0.53
  SINCE DEC 1      6.38                      6.06   0.32     4.84
  SINCE JAN 1      3.02                      3.13  -0.11     2.24

SNOWFALL (IN)
  YESTERDAY        T             7.8  1908   0.3   -0.3      0.2
  MONTH TO DATE    T                         1.7   -1.7      4.7
  SINCE DEC 1      0.9                      19.1  -18.2     23.4
  SINCE JUL 1      0.9                      20.9  -20.0     28.5
  SNOW DEPTH       0

DEGREE DAYS
 HEATING
  YESTERDAY       31                        37     -6       46
  MONTH TO DATE  121                       186    -65      215
  SINCE DEC 1   1921                      2420   -499     2375
  SINCE JUL 1   2848                      3665   -817     3545

 COOLING
  YESTERDAY        0                         0      0        0
  MONTH TO DATE    0                         0      0        0
  SINCE DEC 1      0                         0      0        0
  SINCE JAN 1      0                         0      0        0
..................................................................


WIND (MPH)
  HIGHEST WIND SPEED    21   HIGHEST WIND DIRECTION     N (340)
  HIGHEST GUST SPEED    29   HIGHEST GUST DIRECTION    NW (330)
  AVERAGE WIND SPEED     7.3


SKY COVER
  POSSIBLE SUNSHINE  MM
  AVERAGE SKY COVER 0.7


WEATHER CONDITIONS
 THE FOLLOWING WEATHER WAS RECORDED YESTERDAY.
  LIGHT SNOW


RELATIVE HUMIDITY (PERCENT)
 HIGHEST    63           700 PM
 LOWEST     37           200 PM
 AVERAGE    50

..........................................................


THE WILLIAMSPORT PA CLIMATE NORMALS FOR TODAY
                         NORMAL    RECORD    YEAR
 MAXIMUM TEMPERATURE (F)   36        55      1990
 MINIMUM TEMPERATURE (F)   20        -4      2015


SUNRISE AND SUNSET
FEBRUARY  6 2016......SUNRISE   714 AM EST   SUNSET   530 PM EST
FEBRUARY  7 2016......SUNRISE   713 AM EST   SUNSET   531 PM EST


-  INDICATES NEGATIVE NUMBERS.
R  INDICATES RECORD WAS SET OR TIED.
MM INDICATES DATA IS MISSING.
T  INDICATES TRACE AMOUNT.




$$
