000
CDUS41 KCTP 030623
CLIIPT


CLIMATE REPORT
NATIONAL WEATHER SERVICE STATE COLLEGE PA
123 AM EST TUE MAR 3 2015


...................................

...THE WILLIAMSPORT PA CLIMATE SUMMARY FOR MARCH 2 2015...

CLIMATE NORMAL PERIOD 1981 TO 2010
CLIMATE RECORD PERIOD 1895 TO 2015


WEATHER ITEM   OBSERVED TIME   RECORD YEAR NORMAL DEPARTURE LAST
                VALUE   (LST)  VALUE       VALUE  FROM      YEAR
                                                  NORMAL
..................................................................
TEMPERATURE (F)
 YESTERDAY
  MAXIMUM         35    355 PM  71    1991  43     -8       34
  MINIMUM         21   1159 PM   4    1980  24     -3       22
  AVERAGE         28                        33     -5       28

PRECIPITATION (IN)
  YESTERDAY        T             1.11 1972   0.09  -0.09      T
  MONTH TO DATE    0.22                      0.17   0.05      T
  SINCE MAR 1      0.22                      0.17   0.05      T
  SINCE JAN 1      3.01                      5.21  -2.20     3.80

SNOWFALL (IN)
  YESTERDAY        T            10.6  1994   0.3   -0.3      0.1
  MONTH TO DATE    2.3                       0.6    1.7      0.1
  SINCE MAR 1      2.3                       0.6    1.7      0.1
  SINCE JUL 1     35.3                      28.6    6.7     45.9
  SNOW DEPTH       7

DEGREE DAYS
 HEATING
  YESTERDAY       37                        32      5       37
  MONTH TO DATE   84                        64     20       81
  SINCE MAR 1     84                        64     20       81
  SINCE JUL 1   4721                      4531    190     4913

 COOLING
  YESTERDAY        0                         0      0        0
  MONTH TO DATE    0                         0      0        0
  SINCE MAR 1      0                         0      0        0
  SINCE JAN 1      0                         0      0        0
..................................................................


WIND (MPH)
  HIGHEST WIND SPEED    25   HIGHEST WIND DIRECTION     W (270)
  HIGHEST GUST SPEED    35   HIGHEST GUST DIRECTION    NW (300)
  AVERAGE WIND SPEED    10.8


SKY COVER
  POSSIBLE SUNSHINE  MM
  AVERAGE SKY COVER 0.5


WEATHER CONDITIONS
 THE FOLLOWING WEATHER WAS RECORDED YESTERDAY.
  LIGHT SNOW
  FOG
  HAZE


RELATIVE HUMIDITY (PERCENT)
 HIGHEST    88           100 AM
 LOWEST     32           400 PM
 AVERAGE    60

..........................................................


THE WILLIAMSPORT PA CLIMATE NORMALS FOR TODAY
                         NORMAL    RECORD    YEAR
 MAXIMUM TEMPERATURE (F)   43        64      1991
                                             1923
 MINIMUM TEMPERATURE (F)   24         1      1925


SUNRISE AND SUNSET
MARCH  3 2015.........SUNRISE   639 AM EST   SUNSET   601 PM EST
MARCH  4 2015.........SUNRISE   638 AM EST   SUNSET   602 PM EST


-  INDICATES NEGATIVE NUMBERS.
R  INDICATES RECORD WAS SET OR TIED.
MM INDICATES DATA IS MISSING.
T  INDICATES TRACE AMOUNT.




$$
