000
CDUS41 KCTP 160616
CLIIPT


CLIMATE REPORT
NATIONAL WEATHER SERVICE STATE COLLEGE PA
216 AM EDT TUE SEP 16 2014


...................................

...THE WILLIAMSPORT PA CLIMATE SUMMARY FOR SEPTEMBER 15 2014...

CLIMATE NORMAL PERIOD 1981 TO 2010
CLIMATE RECORD PERIOD 1895 TO 2014


WEATHER ITEM   OBSERVED TIME   RECORD YEAR NORMAL DEPARTURE LAST
                VALUE   (LST)  VALUE       VALUE  FROM      YEAR
                                                  NORMAL
..................................................................
TEMPERATURE (F)
 YESTERDAY
  MAXIMUM         69    302 PM  92    1927  74     -5       69
  MINIMUM         47    749 AM  35    1923  54     -7       43
  AVERAGE         58                        64     -6       56

PRECIPITATION (IN)
  YESTERDAY        0.00          1.80 1933   0.14  -0.14     0.00
  MONTH TO DATE    0.67                      2.07  -1.40     1.27
  SINCE SEP 1      0.67                      2.07  -1.40     1.27
  SINCE JAN 1     29.48                     29.10   0.38    22.89

DEGREE DAYS
 HEATING
  YESTERDAY        7                         3      4        9
  MONTH TO DATE   29                        29      0       37
  SINCE SEP 1     29                        29      0       37
  SINCE JUL 1     34                        43     -9       42

 COOLING
  YESTERDAY        0                         2     -2        0
  MONTH TO DATE   76                        46     30       73
  SINCE SEP 1     76                        46     30       73
  SINCE JAN 1    693                       680     13      832
..................................................................


WIND (MPH)
  HIGHEST WIND SPEED    13   HIGHEST WIND DIRECTION     S (170)
  HIGHEST GUST SPEED    17   HIGHEST GUST DIRECTION    SE (130)
  AVERAGE WIND SPEED     3.5


SKY COVER
  POSSIBLE SUNSHINE  MM
  AVERAGE SKY COVER 0.5


WEATHER CONDITIONS
 THE FOLLOWING WEATHER WAS RECORDED YESTERDAY.
  FOG


RELATIVE HUMIDITY (PERCENT)
 HIGHEST    93          1200 AM
 LOWEST     45           200 PM
 AVERAGE    69

..........................................................


THE WILLIAMSPORT PA CLIMATE NORMALS FOR TODAY
                         NORMAL    RECORD    YEAR
 MAXIMUM TEMPERATURE (F)   74        92      1991
 MINIMUM TEMPERATURE (F)   53        38      1966
                                             1923


SUNRISE AND SUNSET
SEPTEMBER 16 2014.....SUNRISE   649 AM EDT   SUNSET   715 PM EDT
SEPTEMBER 17 2014.....SUNRISE   650 AM EDT   SUNSET   713 PM EDT


-  INDICATES NEGATIVE NUMBERS.
R  INDICATES RECORD WAS SET OR TIED.
MM INDICATES DATA IS MISSING.
T  INDICATES TRACE AMOUNT.




$$
