000
CDUS43 KEAX 230631
CLIIRK


CLIMATE REPORT
NATIONAL WEATHER SERVICE KANSAS CITY/PLEASANT HILL MO
1231 AM CST THU NOV 23 2017


...................................

...THE KIRKSVILLE MO CLIMATE SUMMARY FOR NOVEMBER 22 2017...

CLIMATE NORMAL PERIOD 1981 TO 2010
CLIMATE RECORD PERIOD 9999 TO 9999


WEATHER ITEM   OBSERVED TIME   NORMAL DEPARTURE LAST
                VALUE   (LST)  VALUE  FROM      YEAR
                                      NORMAL
......................................................
TEMPERATURE (F)
 YESTERDAY
  MAXIMUM         41    303 PM  47     -6       48
  MINIMUM         15    717 AM  28    -13       39
  AVERAGE         28            37     -9       44

PRECIPITATION (IN)
  YESTERDAY        0.00          0.06  -0.06     0.02
  MONTH TO DATE    0.49          2.09  -1.60     1.40
  SINCE SEP 1      7.29          9.52  -2.23     6.24
  SINCE JAN 1     31.56         36.93  -5.37    29.38

DEGREE DAYS
 HEATING
  YESTERDAY       37            28      9       21
  MONTH TO DATE  548           497     51      317
  SINCE SEP 1    871           979   -108      538
  SINCE JUL 1    872           986   -114      544

 COOLING
  YESTERDAY        0             0      0        0
  MONTH TO DATE    0             0      0        7
  SINCE SEP 1    196            95    101      235
  SINCE JAN 1   1121           939    182     1313
......................................................


WIND (MPH)
  HIGHEST WIND SPEED     9   HIGHEST WIND DIRECTION    SW (210)
  HIGHEST GUST SPEED    14   HIGHEST GUST DIRECTION     W (270)
  AVERAGE WIND SPEED     5.1


SKY COVER
  AVERAGE SKY COVER 0.0


WEATHER CONDITIONS
 THE FOLLOWING WEATHER WAS RECORDED YESTERDAY.
  NO SIGNIFICANT WEATHER WAS OBSERVED.


RELATIVE HUMIDITY (PERCENT)
 HIGHEST    91           800 AM
 LOWEST     33           200 PM
 AVERAGE    62

..........................................................


THE KIRKSVILLE MO CLIMATE NORMALS FOR TODAY
                         NORMAL
 MAXIMUM TEMPERATURE (F)   46
 MINIMUM TEMPERATURE (F)   28


SUNRISE AND SUNSET
NOVEMBER 23 2017......SUNRISE   705 AM CST   SUNSET   448 PM CST
NOVEMBER 24 2017......SUNRISE   706 AM CST   SUNSET   448 PM CST


-  INDICATES NEGATIVE NUMBERS.
R  INDICATES RECORD WAS SET OR TIED.
MM INDICATES DATA IS MISSING.
T  INDICATES TRACE AMOUNT.




$$
