000
CDUS43 KEAX 240636
CLIIRK


CLIMATE REPORT
NATIONAL WEATHER SERVICE KANSAS CITY/PLEASANT HILL MO
136 AM CDT THU JUL 24 2014


...................................

...THE KIRKSVILLE MO CLIMATE SUMMARY FOR JULY 23 2014...

CLIMATE NORMAL PERIOD 1981 TO 2010
CLIMATE RECORD PERIOD 9999 TO 9999


WEATHER ITEM   OBSERVED TIME   NORMAL DEPARTURE LAST
                VALUE   (LST)  VALUE  FROM      YEAR
                                      NORMAL
......................................................
TEMPERATURE (F)
 YESTERDAY
  MAXIMUM         84    247 PM  86     -2       83
  MINIMUM         60   1159 PM  65     -5       61
  AVERAGE         72            76     -4       72

PRECIPITATION (IN)
  YESTERDAY        0.00          0.16  -0.16     0.00
  MONTH TO DATE    2.70          3.37  -0.67     0.63
  SINCE JUN 1     10.12          8.15   1.97     4.07
  SINCE JAN 1     19.22         22.30  -3.08    28.54

DEGREE DAYS
 HEATING
  YESTERDAY        0             0      0        0
  MONTH TO DATE    6             0      6        0
  SINCE JUN 1     12            16     -4       36
  SINCE JUL 1      6             0      6        0

 COOLING
  YESTERDAY        7            11     -4        7
  MONTH TO DATE  145           228    -83      230
  SINCE JUN 1    392           420    -28      437
  SINCE JAN 1    514           482     32      505
......................................................


WIND (MPH)
  HIGHEST WIND SPEED    16   HIGHEST WIND DIRECTION    NE (30)
  HIGHEST GUST SPEED    22   HIGHEST GUST DIRECTION    NE (40)
  AVERAGE WIND SPEED     9.6


SKY COVER
  AVERAGE SKY COVER 0.1


WEATHER CONDITIONS
 THE FOLLOWING WEATHER WAS RECORDED YESTERDAY.
  NO SIGNIFICANT WEATHER WAS OBSERVED.


RELATIVE HUMIDITY (PERCENT)
 HIGHEST    90           300 AM
 LOWEST     48           200 PM
 AVERAGE    69

..........................................................


THE KIRKSVILLE MO CLIMATE NORMALS FOR TODAY
                         NORMAL
 MAXIMUM TEMPERATURE (F)   86
 MINIMUM TEMPERATURE (F)   65


SUNRISE AND SUNSET
JULY 24 2014..........SUNRISE   601 AM CDT   SUNSET   832 PM CDT
JULY 25 2014..........SUNRISE   602 AM CDT   SUNSET   831 PM CDT


-  INDICATES NEGATIVE NUMBERS.
R  INDICATES RECORD WAS SET OR TIED.
MM INDICATES DATA IS MISSING.
T  INDICATES TRACE AMOUNT.




$$
