000
CDUS43 KEAX 310636
CLIIRK


CLIMATE REPORT
NATIONAL WEATHER SERVICE KANSAS CITY/PLEASANT HILL MO
134 AM CDT FRI OCT 31 2014


...................................

...THE KIRKSVILLE MO CLIMATE SUMMARY FOR OCTOBER 30 2014...

CLIMATE NORMAL PERIOD 1981 TO 2010
CLIMATE RECORD PERIOD 9999 TO 9999


WEATHER ITEM   OBSERVED TIME   NORMAL DEPARTURE LAST
                VALUE   (LST)  VALUE  FROM      YEAR
                                      NORMAL
......................................................
TEMPERATURE (F)
 YESTERDAY
  MAXIMUM         64    317 PM  59      5       67
  MINIMUM         34   1213 AM  38     -4       54
  AVERAGE         49            48      1       61

PRECIPITATION (IN)
  YESTERDAY        0.02          0.08  -0.06     1.60
  MONTH TO DATE    4.04          3.23   0.81     2.39
  SINCE SEP 1     14.11          7.34   6.77     4.08
  SINCE JAN 1     42.20         34.75   7.45    33.97

DEGREE DAYS
 HEATING
  YESTERDAY       16            17     -1        4
  MONTH TO DATE  300           363    -63      381
  SINCE SEP 1    400           463    -63      438
  SINCE JUL 1    406           470    -64      451

 COOLING
  YESTERDAY        0             0      0        0
  MONTH TO DATE    3            10     -7       32
  SINCE SEP 1     92            93     -1      218
  SINCE JAN 1    958           937     21     1028
......................................................


WIND (MPH)
  HIGHEST WIND SPEED    23   HIGHEST WIND DIRECTION    SE (140)
  HIGHEST GUST SPEED    28   HIGHEST GUST DIRECTION    SE (140)
  AVERAGE WIND SPEED     6.9


SKY COVER
  AVERAGE SKY COVER 0.5


WEATHER CONDITIONS
 THE FOLLOWING WEATHER WAS RECORDED YESTERDAY.
  LIGHT RAIN
  FOG


RELATIVE HUMIDITY (PERCENT)
 HIGHEST    92           400 AM
 LOWEST     48           200 PM
 AVERAGE    70

..........................................................


THE KIRKSVILLE MO CLIMATE NORMALS FOR TODAY
                         NORMAL
 MAXIMUM TEMPERATURE (F)   58
 MINIMUM TEMPERATURE (F)   37


SUNRISE AND SUNSET
OCTOBER 31 2014.......SUNRISE   738 AM CDT   SUNSET   609 PM CDT
NOVEMBER  1 2014......SUNRISE   739 AM CDT   SUNSET   608 PM CDT


-  INDICATES NEGATIVE NUMBERS.
R  INDICATES RECORD WAS SET OR TIED.
MM INDICATES DATA IS MISSING.
T  INDICATES TRACE AMOUNT.




$$
