000
CDUS43 KEAX 262223
CLIIRK


CLIMATE REPORT
NATIONAL WEATHER SERVICE KANSAS CITY/PLEASANT HILL MO
422 PM CST THU FEB 26 2015


...................................

...THE KIRKSVILLE MO CLIMATE SUMMARY FOR FEBRUARY 26 2015...
VALID AS OF 0400 PM LOCAL TIME.

CLIMATE NORMAL PERIOD 1981 TO 2010
CLIMATE RECORD PERIOD 9999 TO 9999


WEATHER ITEM   OBSERVED TIME   NORMAL DEPARTURE LAST
                VALUE   (LST)  VALUE  FROM      YEAR
                                      NORMAL
......................................................
TEMPERATURE (F)
 TODAY
  MAXIMUM         17    246 PM  43    -26       25
  MINIMUM          8    708 AM  24    -16        0
  AVERAGE         13            33    -20       13

PRECIPITATION (IN)
  TODAY            0.01          0.06  -0.05     0.00
  MONTH TO DATE    0.39          1.42  -1.03     2.69
  SINCE DEC 1      2.89          4.44  -1.55     4.86
  SINCE JAN 1      1.99          2.69  -0.70     3.55

DEGREE DAYS
 HEATING
  TODAY           52            32     20       52
  MONTH TO DATE 1137           924    213     1201
  SINCE DEC 1   3244          3250     -6     3620
  SINCE JUL 1   4565          4471     94     4887

 COOLING
  TODAY            0             0      0        0
  MONTH TO DATE    0             0      0        0
  SINCE DEC 1      0             0      0        0
  SINCE JAN 1      0             0      0        0
......................................................


WIND (MPH)
  HIGHEST WIND SPEED    24   HIGHEST WIND DIRECTION     N (10)
  HIGHEST GUST SPEED    32   HIGHEST GUST DIRECTION     N (360)
  AVERAGE WIND SPEED    15.9


SKY COVER
  AVERAGE SKY COVER 0.5


WEATHER CONDITIONS
 THE FOLLOWING WEATHER WAS RECORDED TODAY.
  LIGHT SNOW
  FOG


RELATIVE HUMIDITY (PERCENT)
 HIGHEST    88           100 AM
 LOWEST     51          1200 PM
 AVERAGE    70

..........................................................


THE KIRKSVILLE MO CLIMATE NORMALS FOR TOMORROW
                         NORMAL
 MAXIMUM TEMPERATURE (F)   43
 MINIMUM TEMPERATURE (F)   24


SUNRISE AND SUNSET
FEBRUARY 26 2015......SUNRISE   648 AM CST   SUNSET   558 PM CST
FEBRUARY 27 2015......SUNRISE   647 AM CST   SUNSET   559 PM CST


-  INDICATES NEGATIVE NUMBERS.
R  INDICATES RECORD WAS SET OR TIED.
MM INDICATES DATA IS MISSING.
T  INDICATES TRACE AMOUNT.




$$
