000
CDUS43 KBIS 210730
CLIISN


CLIMATE REPORT
NATIONAL WEATHER SERVICE BISMARCK ND
229 AM CDT THU SEP 21 2017


...................................

...THE WILLISTON ND CLIMATE SUMMARY FOR SEPTEMBER 20 2017...

CLIMATE NORMAL PERIOD 1981 TO 2010
CLIMATE RECORD PERIOD 1894 TO 2017


WEATHER ITEM   OBSERVED TIME   RECORD YEAR NORMAL DEPARTURE LAST
                VALUE   (LST)  VALUE       VALUE  FROM      YEAR
                                                  NORMAL
..................................................................
TEMPERATURE (F)
 YESTERDAY
  MAXIMUM         68    510 PM  90    1922  69     -1       75
  MINIMUM         39    611 AM  26    1997  40     -1       39
  AVERAGE         54                        54      0       57

PRECIPITATION (IN)
  YESTERDAY        0.00          0.48 2011   0.03  -0.03      T
  MONTH TO DATE    1.46                      0.71   0.75     1.44
  SINCE SEP 1      1.46                      0.71   0.75     1.44
  SINCE JAN 1     10.74                     11.83  -1.09    11.19

DEGREE DAYS
 HEATING
  YESTERDAY       11                        11      0        8
  MONTH TO DATE  111                       143    -32      112
  SINCE SEP 1    111                       143    -32      112
  SINCE JUL 1    130                       214    -84      122

 COOLING
  YESTERDAY        0                         0      0        0
  MONTH TO DATE   38                        24     14       31
  SINCE SEP 1     38                        24     14       31
  SINCE JAN 1    643                       453    190      521
..................................................................


WIND (MPH)
  HIGHEST WIND SPEED    25   HIGHEST WIND DIRECTION    SW (230)
  HIGHEST GUST SPEED    33   HIGHEST GUST DIRECTION     W (250)
  AVERAGE WIND SPEED     9.5


SKY COVER
  POSSIBLE SUNSHINE  MM
  AVERAGE SKY COVER 0.1


WEATHER CONDITIONS
 THE FOLLOWING WEATHER WAS RECORDED YESTERDAY.
  NO SIGNIFICANT WEATHER WAS OBSERVED.


RELATIVE HUMIDITY (PERCENT)
 HIGHEST    92           500 AM
 LOWEST     28           400 PM
 AVERAGE    60

..........................................................


THE WILLISTON ND CLIMATE NORMALS FOR TODAY
                         NORMAL    RECORD    YEAR
 MAXIMUM TEMPERATURE (F)   69        91      1938
 MINIMUM TEMPERATURE (F)   40        18      1995


SUNRISE AND SUNSET
SEPTEMBER 21 2017.....SUNRISE   740 AM CDT   SUNSET   754 PM CDT
SEPTEMBER 22 2017.....SUNRISE   742 AM CDT   SUNSET   752 PM CDT


-  INDICATES NEGATIVE NUMBERS.
R  INDICATES RECORD WAS SET OR TIED.
MM INDICATES DATA IS MISSING.
T  INDICATES TRACE AMOUNT.




$$
