000
CDUS43 KBIS 200825
CLIISN


CLIMATE REPORT
NATIONAL WEATHER SERVICE BISMARCK ND
225 AM CST FRI JAN 20 2017


...................................

...THE WILLISTON ND CLIMATE SUMMARY FOR JANUARY 19 2017...

CLIMATE NORMAL PERIOD 1981 TO 2010
CLIMATE RECORD PERIOD 1894 TO 2017


WEATHER ITEM   OBSERVED TIME   RECORD YEAR NORMAL DEPARTURE LAST
                VALUE   (LST)  VALUE       VALUE  FROM      YEAR
                                                  NORMAL
..................................................................
TEMPERATURE (F)
 YESTERDAY
  MAXIMUM         35    211 PM  52    1900  22     13       26
  MINIMUM         13    927 AM -33    1970   0     13        3
  AVERAGE         24                        11     13       15

PRECIPITATION (IN)
  YESTERDAY        0.00          0.25 1920   0.02  -0.02      T
  MONTH TO DATE    0.40                      0.40   0.00     0.36
  SINCE DEC 1      1.36                      1.02   0.34     0.91
  SINCE JAN 1      0.40                      0.40   0.00     0.36

SNOWFALL (IN)
  YESTERDAY       MM
  SNOW DEPTH      MM

DEGREE DAYS
 HEATING
  YESTERDAY       41                        54    -13       50
  MONTH TO DATE 1190                      1036    154     1022
  SINCE DEC 1   2699                      2621     78     2366
  SINCE JUL 1   4278                      4783   -505     4116

 COOLING
  YESTERDAY        0                         0      0        0
  MONTH TO DATE    0                         0      0        0
  SINCE DEC 1      0                         0      0        0
  SINCE JAN 1      0                         0      0        0
..................................................................


WIND (MPH)
  HIGHEST WIND SPEED     7   HIGHEST WIND DIRECTION     W (250)
  HIGHEST GUST SPEED     9   HIGHEST GUST DIRECTION    SW (210)
  AVERAGE WIND SPEED     2.5


SKY COVER
  POSSIBLE SUNSHINE  MM
  AVERAGE SKY COVER 0.0


WEATHER CONDITIONS
 THE FOLLOWING WEATHER WAS RECORDED YESTERDAY.
  FOG


RELATIVE HUMIDITY (PERCENT)
 HIGHEST   100           400 AM
 LOWEST     61           200 PM
 AVERAGE    81

..........................................................


THE WILLISTON ND CLIMATE NORMALS FOR TODAY
                         NORMAL    RECORD    YEAR
 MAXIMUM TEMPERATURE (F)   22        48      1944
 MINIMUM TEMPERATURE (F)    0       -38      1954


SUNRISE AND SUNSET
JANUARY 20 2017.......SUNRISE   836 AM CST   SUNSET   536 PM CST
JANUARY 21 2017.......SUNRISE   835 AM CST   SUNSET   537 PM CST


-  INDICATES NEGATIVE NUMBERS.
R  INDICATES RECORD WAS SET OR TIED.
MM INDICATES DATA IS MISSING.
T  INDICATES TRACE AMOUNT.




$$
