000
CDUS43 KBIS 290727
CLIISN


CLIMATE REPORT
NATIONAL WEATHER SERVICE BISMARCK ND
127 AM CST THU JAN 29 2015


...................................

...THE WILLISTON ND CLIMATE SUMMARY FOR JANUARY 28 2015...

CLIMATE NORMAL PERIOD 1981 TO 2010
CLIMATE RECORD PERIOD 1894 TO 2015


WEATHER ITEM   OBSERVED TIME   RECORD YEAR NORMAL DEPARTURE LAST
                VALUE   (LST)  VALUE       VALUE  FROM      YEAR
                                                  NORMAL
..................................................................
TEMPERATURE (F)
 YESTERDAY
  MAXIMUM         36    939 AM  48    1919  23     13       18
  MINIMUM         28    645 AM -35    1916   1     27      -11
  AVERAGE         32                        12     20        4

PRECIPITATION (IN)
  YESTERDAY        0.00          0.34 1916   0.02  -0.02     0.00
  MONTH TO DATE    0.34                      0.55  -0.21     0.18
  SINCE DEC 1      0.37                      1.17  -0.80     1.25
  SINCE JAN 1      0.34                      0.55  -0.21     0.18

SNOWFALL (IN)
  YESTERDAY       MM             3.5  1916   0.2   MM       MM
  MONTH TO DATE   MM                         9.3   MM       MM
  SINCE DEC 1     MM                        18.8   MM       MM
  SINCE JUL 1     MM                        27.7   MM       MM
  SNOW DEPTH      MM

DEGREE DAYS
 HEATING
  YESTERDAY       33                        53    -20       61
  MONTH TO DATE 1324                      1518   -194     1374
  SINCE DEC 1   2725                      3103   -378     3149
  SINCE JUL 1   4918                      5265   -347     5223

 COOLING
  YESTERDAY        0                         0      0        0
  MONTH TO DATE    0                         0      0        0
  SINCE DEC 1      0                         0      0        0
  SINCE JAN 1      0                         0      0        0
..................................................................


WIND (MPH)
  HIGHEST WIND SPEED    28   HIGHEST WIND DIRECTION    NW (310)
  HIGHEST GUST SPEED    34   HIGHEST GUST DIRECTION    NW (310)
  AVERAGE WIND SPEED    11.5


SKY COVER
  POSSIBLE SUNSHINE  MM
  AVERAGE SKY COVER 0.6


WEATHER CONDITIONS
 THE FOLLOWING WEATHER WAS RECORDED YESTERDAY.
  FOG


RELATIVE HUMIDITY (PERCENT)
 HIGHEST   100          1100 AM
 LOWEST     82           400 PM
 AVERAGE    91

..........................................................


THE WILLISTON ND CLIMATE NORMALS FOR TODAY
                         NORMAL    RECORD    YEAR
 MAXIMUM TEMPERATURE (F)   23        51      1931
 MINIMUM TEMPERATURE (F)    1       -40      1966


SUNRISE AND SUNSET
JANUARY 29 2015.......SUNRISE   827 AM CST   SUNSET   549 PM CST
JANUARY 30 2015.......SUNRISE   825 AM CST   SUNSET   551 PM CST


-  INDICATES NEGATIVE NUMBERS.
R  INDICATES RECORD WAS SET OR TIED.
MM INDICATES DATA IS MISSING.
T  INDICATES TRACE AMOUNT.




$$
