000
CDUS43 KBIS 170731
CLIISN


CLIMATE REPORT
NATIONAL WEATHER SERVICE BISMARCK ND
130 AM CST SUN DEC 17 2017


...................................

...THE WILLISTON ND CLIMATE SUMMARY FOR DECEMBER 16 2017...

CLIMATE NORMAL PERIOD 1981 TO 2010
CLIMATE RECORD PERIOD 1894 TO 2017


WEATHER ITEM   OBSERVED TIME   RECORD YEAR NORMAL DEPARTURE LAST
                VALUE   (LST)  VALUE       VALUE  FROM      YEAR
                                                  NORMAL
..................................................................
TEMPERATURE (F)
 YESTERDAY
  MAXIMUM         39    100 AM  54    1962  24     15        5
  MINIMUM         21        MM -25    2008   3     18      -13
  AVERAGE         30                        13     17       -4

PRECIPITATION (IN)
  YESTERDAY       MM             0.55 1996   0.03  MM        0.00
  MONTH TO DATE    0.13                      0.31  -0.18     0.40
  SINCE DEC 1      0.13                      0.31  -0.18     0.40
  SINCE JAN 1     11.93                     14.06  -2.13    14.99

DEGREE DAYS
 HEATING
  YESTERDAY       35                        52    -17       69
  MONTH TO DATE  560                       786   -226      801
  SINCE DEC 1    560                       786   -226      801
  SINCE JUL 1   2574                      2948   -374     2380

 COOLING
  YESTERDAY        0                         0      0        0
  MONTH TO DATE    0                         0      0        0
  SINCE DEC 1      0                         0      0        0
  SINCE JAN 1    643                       456    187      521
..................................................................


WIND (MPH)
  HIGHEST WIND SPEED    12   HIGHEST WIND DIRECTION     W (270)
  HIGHEST GUST SPEED    MM   HIGHEST GUST DIRECTION    MM
  AVERAGE WIND SPEED     6.1


SKY COVER
  POSSIBLE SUNSHINE   0 PERCENT
  AVERAGE SKY COVER 0.0


WEATHER CONDITIONS
 THE FOLLOWING WEATHER WAS RECORDED YESTERDAY.
  NO SIGNIFICANT WEATHER WAS OBSERVED.


RELATIVE HUMIDITY (PERCENT)
 HIGHEST     0          1200 AM
 LOWEST      0          1200 AM
 AVERAGE     0

..........................................................


THE WILLISTON ND CLIMATE NORMALS FOR TODAY
                         NORMAL    RECORD    YEAR
 MAXIMUM TEMPERATURE (F)   24        52      1998
                                             1923
 MINIMUM TEMPERATURE (F)    3       -37      1906


SUNRISE AND SUNSET
DECEMBER 17 2017......SUNRISE   840 AM CST   SUNSET   502 PM CST
DECEMBER 18 2017......SUNRISE   841 AM CST   SUNSET   502 PM CST


-  INDICATES NEGATIVE NUMBERS.
R  INDICATES RECORD WAS SET OR TIED.
MM INDICATES DATA IS MISSING.
T  INDICATES TRACE AMOUNT.




$$
