000
CDUS43 KBIS 240023
CLIISN


CLIMATE REPORT
NATIONAL WEATHER SERVICE BISMARCK ND
722 PM CDT TUE SEP 23 2014


...................................

...THE WILLISTON ND CLIMATE SUMMARY FOR SEPTEMBER 23 2014...
VALID TODAY AS OF 0700 PM LOCAL TIME.

CLIMATE NORMAL PERIOD 1981 TO 2010
CLIMATE RECORD PERIOD 1894 TO 2014


WEATHER ITEM   OBSERVED TIME   RECORD YEAR NORMAL DEPARTURE LAST
                VALUE   (LST)  VALUE       VALUE  FROM      YEAR
                                                  NORMAL
..................................................................
TEMPERATURE (F)
 TODAY
  MAXIMUM         85    427 PM  93    1992  68     17       70
  MINIMUM         46    643 AM  26    1985  39      7       45
                                      1926
  AVERAGE         66                        53     13       58

PRECIPITATION (IN)
  TODAY            0.00          0.55 1941   0.03  -0.03      T
  MONTH TO DATE    0.39                      0.81  -0.42     1.62
  SINCE SEP 1      0.39                      0.81  -0.42     1.62
  SINCE JAN 1      8.82                     11.93  -3.11    17.51

SNOWFALL (IN)
  TODAY           MM

DEGREE DAYS
 HEATING
  TODAY            0                        12    -12        7
  MONTH TO DATE  205                       178     27       67
  SINCE SEP 1    205                       178     27       67
  SINCE JUL 1    262                       249     13      113

 COOLING
  TODAY            1                         0      1        0
  MONTH TO DATE    5                        24    -19       78
  SINCE SEP 1      5                        24    -19       78
  SINCE JAN 1    396                       453    -57      405
..................................................................


WIND (MPH)
  HIGHEST WIND SPEED     9   HIGHEST WIND DIRECTION     S (160)
  HIGHEST GUST SPEED    14   HIGHEST GUST DIRECTION     S (200)
  AVERAGE WIND SPEED     4.2


SKY COVER
  POSSIBLE SUNSHINE  MM
  AVERAGE SKY COVER 0.0


WEATHER CONDITIONS
 THE FOLLOWING WEATHER WAS RECORDED TODAY.
  FOG
  HAZE


RELATIVE HUMIDITY (PERCENT)
 HIGHEST    93           700 AM
 LOWEST     32           400 PM
 AVERAGE    63

..........................................................


THE WILLISTON ND CLIMATE NORMALS FOR TOMORROW
                         NORMAL    RECORD    YEAR
 MAXIMUM TEMPERATURE (F)   67        92      1992
 MINIMUM TEMPERATURE (F)   38        23      1985
                                             1926


SUNRISE AND SUNSET
SEPTEMBER 23 2014.....SUNRISE   743 AM CDT   SUNSET   750 PM CDT
SEPTEMBER 24 2014.....SUNRISE   744 AM CDT   SUNSET   748 PM CDT


-  INDICATES NEGATIVE NUMBERS.
R  INDICATES RECORD WAS SET OR TIED.
MM INDICATES DATA IS MISSING.
T  INDICATES TRACE AMOUNT.




$$
