954
CDUS43 KBIS 110048
CLIISN


CLIMATE REPORT
NATIONAL WEATHER SERVICE BISMARCK ND
645 PM CST WED FEB 10 2016


...................................

...THE WILLISTON ND CLIMATE SUMMARY FOR FEBRUARY 10 2016...
VALID TODAY AS OF 0600 PM LOCAL TIME.

CLIMATE NORMAL PERIOD 1981 TO 2010
CLIMATE RECORD PERIOD 1894 TO 2016


WEATHER ITEM   OBSERVED TIME   RECORD YEAR NORMAL DEPARTURE LAST
                VALUE   (LST)  VALUE       VALUE  FROM      YEAR
                                                  NORMAL
..................................................................
TEMPERATURE (F)
 TODAY
  MAXIMUM         33    820 AM  51    1961  26      7       30
  MINIMUM         23    658 AM -36    1899   5     18       10
  AVERAGE         28                        15     13       20

PRECIPITATION (IN)
  TODAY            0.00          0.32 2009   0.01  -0.01      T
  MONTH TO DATE    0.04                      0.12  -0.08     0.24
  SINCE DEC 1      0.97                      1.33  -0.36     0.75
  SINCE JAN 1      0.42                      0.71  -0.29     0.72

SNOWFALL (IN)
  TODAY           MM

DEGREE DAYS
 HEATING
  TODAY           37                        50    -13       45
  MONTH TO DATE  376                       510   -134      512
  SINCE DEC 1   3205                      3769   -564     3366
  SINCE JUL 1   4955                      5931   -976     5559

 COOLING
  TODAY            0                         0      0        0
  MONTH TO DATE    0                         0      0        0
  SINCE DEC 1      0                         0      0        0
  SINCE JAN 1      0                         0      0        0
..................................................................


WIND (MPH)
  HIGHEST WIND SPEED    18   HIGHEST WIND DIRECTION     N (350)
  HIGHEST GUST SPEED    21   HIGHEST GUST DIRECTION     N (350)
  AVERAGE WIND SPEED     7.3


SKY COVER
  POSSIBLE SUNSHINE  MM
  AVERAGE SKY COVER 0.5


WEATHER CONDITIONS
 THE FOLLOWING WEATHER WAS RECORDED TODAY.
  NO SIGNIFICANT WEATHER WAS OBSERVED.


RELATIVE HUMIDITY (PERCENT)
 HIGHEST    88           400 AM
 LOWEST     78           100 AM
 AVERAGE    83

..........................................................


THE WILLISTON ND CLIMATE NORMALS FOR TOMORROW
                         NORMAL    RECORD    YEAR
 MAXIMUM TEMPERATURE (F)   26        51      1990
 MINIMUM TEMPERATURE (F)    5       -39      1899


SUNRISE AND SUNSET
FEBRUARY 10 2016......SUNRISE   810 AM CST   SUNSET   608 PM CST
FEBRUARY 11 2016......SUNRISE   809 AM CST   SUNSET   610 PM CST


-  INDICATES NEGATIVE NUMBERS.
R  INDICATES RECORD WAS SET OR TIED.
MM INDICATES DATA IS MISSING.
T  INDICATES TRACE AMOUNT.




$$
