000
CDUS43 KBIS 030737
CLIISN


CLIMATE REPORT
NATIONAL WEATHER SERVICE BISMARCK ND
236 AM CDT THU SEP 3 2015


...................................

...THE WILLISTON ND CLIMATE SUMMARY FOR SEPTEMBER 2 2015...

CLIMATE NORMAL PERIOD 1981 TO 2010
CLIMATE RECORD PERIOD 1894 TO 2015


WEATHER ITEM   OBSERVED TIME   RECORD YEAR NORMAL DEPARTURE LAST
                VALUE   (LST)  VALUE       VALUE  FROM      YEAR
                                                  NORMAL
..................................................................
TEMPERATURE (F)
 YESTERDAY
  MAXIMUM        100R   452 PM  99    1901  78     22       77
  MINIMUM         54    151 AM  32    1974  48      6       50
  AVERAGE         77                        63     14       64

PRECIPITATION (IN)
  YESTERDAY        0.00          0.90 1961   0.04  -0.04     0.02
  MONTH TO DATE    0.00                      0.08  -0.08     0.02
  SINCE SEP 1      0.00                      0.08  -0.08     0.02
  SINCE JAN 1      7.84                     11.20  -3.36     8.45

SNOWFALL (IN)
  YESTERDAY       MM             1.5  1961   0.0   MM       MM
  MONTH TO DATE   MM                         0.0   MM       MM
  SINCE SEP 1     MM                         0.0   MM       MM
  SINCE JUL 1      0.0                       0.0    0.0     MM
  SNOW DEPTH      MM

DEGREE DAYS
 HEATING
  YESTERDAY        0                         4     -4        1
  MONTH TO DATE    0                         8     -8        6
  SINCE SEP 1      0                         8     -8        6
  SINCE JUL 1     39                        79    -40       63

 COOLING
  YESTERDAY       12                         2     10        0
  MONTH TO DATE   17                         4     13        0
  SINCE SEP 1     17                         4     13        0
  SINCE JAN 1    579                       433    146      391
..................................................................


WIND (MPH)
  HIGHEST WIND SPEED    21   HIGHEST WIND DIRECTION     S (160)
  HIGHEST GUST SPEED    28   HIGHEST GUST DIRECTION    SE (140)
  AVERAGE WIND SPEED     6.4


SKY COVER
  POSSIBLE SUNSHINE  MM
  AVERAGE SKY COVER 0.0


WEATHER CONDITIONS
 THE FOLLOWING WEATHER WAS RECORDED YESTERDAY.
  HAZE


RELATIVE HUMIDITY (PERCENT)
 HIGHEST    67           700 AM
 LOWEST     12           400 PM
 AVERAGE    40

..........................................................


THE WILLISTON ND CLIMATE NORMALS FOR TODAY
                         NORMAL    RECORD    YEAR
 MAXIMUM TEMPERATURE (F)   78       102      1978
 MINIMUM TEMPERATURE (F)   48        32      1902


SUNRISE AND SUNSET
SEPTEMBER  3 2015.....SUNRISE   715 AM CDT   SUNSET   832 PM CDT
SEPTEMBER  4 2015.....SUNRISE   716 AM CDT   SUNSET   830 PM CDT


-  INDICATES NEGATIVE NUMBERS.
R  INDICATES RECORD WAS SET OR TIED.
MM INDICATES DATA IS MISSING.
T  INDICATES TRACE AMOUNT.




$$
