000
CDUS43 KBIS 200734
CLIISN


CLIMATE REPORT
NATIONAL WEATHER SERVICE BISMARCK ND
233 AM CDT THU JUL 20 2017


...................................

...THE WILLISTON ND CLIMATE SUMMARY FOR JULY 19 2017...

CLIMATE NORMAL PERIOD 1981 TO 2010
CLIMATE RECORD PERIOD 1894 TO 2017


WEATHER ITEM   OBSERVED TIME   RECORD YEAR NORMAL DEPARTURE LAST
                VALUE   (LST)  VALUE       VALUE  FROM      YEAR
                                                  NORMAL
..................................................................
TEMPERATURE (F)
 YESTERDAY
  MAXIMUM         93    438 PM 102    1960  85      8       96
  MINIMUM         66    549 AM  39    1900  57      9       68
  AVERAGE         80                        71      9       82

PRECIPITATION (IN)
  YESTERDAY        0.03          1.30 1952   0.07  -0.04     0.07
  MONTH TO DATE    0.36                      1.76  -1.40     1.88
  SINCE JUN 1      1.65                      4.28  -2.63     3.72
  SINCE JAN 1      5.12                      8.89  -3.77     8.79

DEGREE DAYS
 HEATING
  YESTERDAY        0                         1     -1        0
  MONTH TO DATE    0                        21    -21        1
  SINCE JUN 1     31                       141   -110       17
  SINCE JUL 1      0                        21    -21        1

 COOLING
  YESTERDAY       15                         6      9       17
  MONTH TO DATE  232                        99    133      105
  SINCE JUN 1    322                       167    155      201
  SINCE JAN 1    345                       180    165      211
..................................................................


WIND (MPH)
  HIGHEST WIND SPEED    23   HIGHEST WIND DIRECTION     W (250)
  HIGHEST GUST SPEED    28   HIGHEST GUST DIRECTION     W (260)
  AVERAGE WIND SPEED     7.1


SKY COVER
  POSSIBLE SUNSHINE  MM
  AVERAGE SKY COVER 0.1


WEATHER CONDITIONS
 THE FOLLOWING WEATHER WAS RECORDED YESTERDAY.
  LIGHT RAIN


RELATIVE HUMIDITY (PERCENT)
 HIGHEST    78           600 AM
 LOWEST     24           200 PM
 AVERAGE    51

..........................................................


THE WILLISTON ND CLIMATE NORMALS FOR TODAY
                         NORMAL    RECORD    YEAR
 MAXIMUM TEMPERATURE (F)   85       106      1960
 MINIMUM TEMPERATURE (F)   57        37      1898


SUNRISE AND SUNSET
JULY 20 2017..........SUNRISE   616 AM CDT   SUNSET   945 PM CDT
JULY 21 2017..........SUNRISE   617 AM CDT   SUNSET   944 PM CDT


-  INDICATES NEGATIVE NUMBERS.
R  INDICATES RECORD WAS SET OR TIED.
MM INDICATES DATA IS MISSING.
T  INDICATES TRACE AMOUNT.




$$
