000
CDUS43 KBIS 070859
CLIISN


CLIMATE REPORT
NATIONAL WEATHER SERVICE BISMARCK ND
259 AM CST WED DEC 7 2016


...................................

...THE WILLISTON ND CLIMATE SUMMARY FOR DECEMBER 6 2016...

CLIMATE NORMAL PERIOD 1981 TO 2010
CLIMATE RECORD PERIOD 1894 TO 2016


WEATHER ITEM   OBSERVED TIME   RECORD YEAR NORMAL DEPARTURE LAST
                VALUE   (LST)  VALUE       VALUE  FROM      YEAR
                                                  NORMAL
..................................................................
TEMPERATURE (F)
 YESTERDAY
  MAXIMUM         10   1251 AM  63    1939  27    -17       50
  MINIMUM          3   1157 PM -30    1972   6     -3       14
  AVERAGE          7                        17    -10       32

PRECIPITATION (IN)
  YESTERDAY        0.02          0.46 1916   0.02   0.00     0.00
  MONTH TO DATE    0.17                      0.12   0.05     0.00
  SINCE DEC 1      0.17                      0.12   0.05     0.00
  SINCE JAN 1     14.76                     13.87   0.89    11.49

SNOWFALL (IN)
  YESTERDAY       MM
  SNOW DEPTH      MM

DEGREE DAYS
 HEATING
  YESTERDAY       58                        48     10       33
  MONTH TO DATE  255                       284    -29      217
  SINCE DEC 1    255                       284    -29      217
  SINCE JUL 1   1834                      2446   -612     1967

 COOLING
  YESTERDAY        0                         0      0        0
  MONTH TO DATE    0                         0      0        0
  SINCE DEC 1      0                         0      0        0
  SINCE JAN 1    521                       456     65      612
..................................................................


WIND (MPH)
  HIGHEST WIND SPEED    30   HIGHEST WIND DIRECTION    NW (320)
  HIGHEST GUST SPEED    39   HIGHEST GUST DIRECTION    NW (320)
  AVERAGE WIND SPEED    19.9


SKY COVER
  POSSIBLE SUNSHINE  MM
  AVERAGE SKY COVER 1.0


WEATHER CONDITIONS
 THE FOLLOWING WEATHER WAS RECORDED YESTERDAY.
  LIGHT SNOW
  FOG
  HAZE


RELATIVE HUMIDITY (PERCENT)
 HIGHEST    80           100 AM
 LOWEST     69           200 PM
 AVERAGE    75

..........................................................


THE WILLISTON ND CLIMATE NORMALS FOR TODAY
                         NORMAL    RECORD    YEAR
 MAXIMUM TEMPERATURE (F)   27        49      2015
                                             1965
                                             1923
 MINIMUM TEMPERATURE (F)    6       -30      1972


SUNRISE AND SUNSET
DECEMBER  7 2016......SUNRISE   832 AM CST   SUNSET   501 PM CST
DECEMBER  8 2016......SUNRISE   833 AM CST   SUNSET   501 PM CST


-  INDICATES NEGATIVE NUMBERS.
R  INDICATES RECORD WAS SET OR TIED.
MM INDICATES DATA IS MISSING.
T  INDICATES TRACE AMOUNT.




$$
