000
CDUS41 KOKX 260622
CLIISP


CLIMATE REPORT
NATIONAL WEATHER SERVICE NEW YORK NY
222 AM EDT FRI AUG 26 2016


...................................

...THE ISLIP NY CLIMATE SUMMARY FOR AUGUST 25 2016...

CLIMATE NORMAL PERIOD 1981 TO 2010
CLIMATE RECORD PERIOD 1984 TO 2016


WEATHER ITEM   OBSERVED TIME   RECORD YEAR NORMAL DEPARTURE LAST
                VALUE   (LST)  VALUE       VALUE  FROM      YEAR
                                                  NORMAL
..................................................................
TEMPERATURE (F)
 YESTERDAY
  MAXIMUM         82   1147 AM  92    1998  79      3       84
  MINIMUM         67    509 AM  51    1987  64      3       72
  AVERAGE         75                        72      3       78

PRECIPITATION (IN)
  YESTERDAY        0.00          2.13 1985   0.13  -0.13     0.00
  MONTH TO DATE    0.89                      3.27  -2.38     1.48
  SINCE JUN 1      5.24                     10.97  -5.73     7.27
  SINCE JAN 1     22.43                     30.43  -8.00    22.36

SNOWFALL (IN)
  YESTERDAY        0.0          MM      MM   0.0    0.0      0.0
  MONTH TO DATE    0.0                       0.0    0.0      0.0
  SINCE OCT 1     41.4                      24.8   16.6     63.7
  SINCE JUL 1      0.0                       0.0    0.0      0.0
  SNOW DEPTH       0

DEGREE DAYS
 HEATING
  YESTERDAY        0                         0      0        0
  MONTH TO DATE    0                         0      0        0
  SINCE JUN 1      8                        40    -32       46
  SINCE JUL 1      0                         2     -2        0

 COOLING
  YESTERDAY       10                         7      3       13
  MONTH TO DATE  307                       208     99      283
  SINCE JUN 1    819                       624    195      776
  SINCE JAN 1    863                       648    215      826
..................................................................


WIND (MPH)
  HIGHEST WIND SPEED    20   HIGHEST WIND DIRECTION     S (190)
  HIGHEST GUST SPEED    27   HIGHEST GUST DIRECTION    SW (210)
  AVERAGE WIND SPEED    10.9


SKY COVER
  AVERAGE SKY COVER 0.5


WEATHER CONDITIONS
 THE FOLLOWING WEATHER WAS RECORDED YESTERDAY.
  NO SIGNIFICANT WEATHER WAS OBSERVED.


RELATIVE HUMIDITY (PERCENT)
 HIGHEST    87           500 AM
 LOWEST     54          1100 AM
 AVERAGE    71

..........................................................


THE ISLIP NY CLIMATE NORMALS FOR TODAY
                         NORMAL    RECORD    YEAR
 MAXIMUM TEMPERATURE (F)   79        90      2009
                                             1993
 MINIMUM TEMPERATURE (F)   64        53      2004


SUNRISE AND SUNSET
AUGUST 26 2016........SUNRISE   614 AM EDT   SUNSET   733 PM EDT
AUGUST 27 2016........SUNRISE   615 AM EDT   SUNSET   732 PM EDT


-  INDICATES NEGATIVE NUMBERS.
R  INDICATES RECORD WAS SET OR TIED.
MM INDICATES DATA IS MISSING.
T  INDICATES TRACE AMOUNT.




$$
