000
CDCA42 TJSJ 252126
CLIISX


CLIMATE REPORT
NATIONAL WEATHER SERVICE SAN JUAN, PR
526 PM AST SUN JUN 25 2017


...................................

...THE HENRY E. ROHLSEN AP/ST CROIX CLIMATE SUMMARY FOR JUNE 25 2017...
VALID TODAY AS OF 0500 PM LOCAL TIME.

CLIMATE NORMAL PERIOD 1981 TO 2010
CLIMATE RECORD PERIOD 1951 TO 2017


WEATHER ITEM   OBSERVED TIME   RECORD YEAR NORMAL DEPARTURE LAST
                VALUE   (LST)  VALUE       VALUE  FROM      YEAR
                                                  NORMAL
..................................................................
TEMPERATURE (F)
 TODAY
  MAXIMUM         91    211 PM  93    2014  88      3       90
  MINIMUM         80    556 AM  73    2010  79      1       80
  AVERAGE         86                        83      3       85

PRECIPITATION (IN)
  TODAY            0.00          0.53 2010   0.07  -0.07     0.00
  MONTH TO DATE    0.66                      1.96  -1.30     0.81
  SINCE JUN 1      0.66                      1.96  -1.30     0.81
  SINCE JAN 1     18.54                     13.59   4.95    11.60

SNOWFALL (IN)
  TODAY            0.0                       0.0    0.0      0.0
  MONTH TO DATE    0.0                       0.0    0.0      0.0
  SINCE JUN 1      0.0                       0.0    0.0      0.0
  SINCE JUL 1      0.0                       0.0    0.0      0.0

DEGREE DAYS
 HEATING
  TODAY            0                         0      0        0
  MONTH TO DATE    0                         0      0        0
  SINCE JUN 1      0                         0      0        0
  SINCE JUL 1      0                         0      0        0

 COOLING
  TODAY           21                        18      3       20
  MONTH TO DATE  334                       445   -111      479
  SINCE JUN 1    334                       445   -111      479
  SINCE JAN 1   2476                      2598   -122     2815
..................................................................


WIND (MPH)
  HIGHEST WIND SPEED    25   HIGHEST WIND DIRECTION     E (100)
  HIGHEST GUST SPEED    33   HIGHEST GUST DIRECTION     E (110)
  AVERAGE WIND SPEED    16.0


SKY COVER
  AVERAGE SKY COVER 0.4


WEATHER CONDITIONS
 THE FOLLOWING WEATHER WAS RECORDED TODAY.
  NO SIGNIFICANT WEATHER WAS OBSERVED.


RELATIVE HUMIDITY (PERCENT)
 HIGHEST    85
 LOWEST     56
 AVERAGE    71

..........................................................


THE HENRY E. ROHLSEN AP/ST CROIX CLIMATE NORMALS FOR TOMORROW
                         NORMAL    RECORD    YEAR
 MAXIMUM TEMPERATURE (F)   88        91      2014
 MINIMUM TEMPERATURE (F)   79        68      1953


SUNRISE AND SUNSET
JUNE 25 2017..........SUNRISE   546 AM AST   SUNSET   658 PM AST
JUNE 26 2017..........SUNRISE   547 AM AST   SUNSET   658 PM AST


-  INDICATES NEGATIVE NUMBERS.
R  INDICATES RECORD WAS SET OR TIED.
MM INDICATES DATA IS MISSING.
T  INDICATES TRACE AMOUNT.




$$
