000
CDCA42 TJSJ 310426
CLIISX


CLIMATE REPORT
NATIONAL WEATHER SERVICE SAN JUAN, PR
1226 AM AST TUE MAY 31 2016


...................................

...THE HENRY E. ROHLSEN AP/ST CROIX CLIMATE SUMMARY FOR MAY 30 2016...

CLIMATE NORMAL PERIOD 1981 TO 2010
CLIMATE RECORD PERIOD 1951 TO 2016


WEATHER ITEM   OBSERVED TIME   RECORD YEAR NORMAL DEPARTURE LAST
                VALUE   (LST)  VALUE       VALUE  FROM      YEAR
                                                  NORMAL
..................................................................
TEMPERATURE (F)
 YESTERDAY
  MAXIMUM         87    157 PM  93    1972  87      0       88
  MINIMUM         76    123 AM  68    1979  77     -1       74
  AVERAGE         82                        82      0       81

PRECIPITATION (IN)
  YESTERDAY        T             1.33 1955   0.10  -0.10     0.13
  MONTH TO DATE    3.21                      4.04  -0.83     1.05
  SINCE MAR 1      8.82                      7.73   1.09     2.40
  SINCE JAN 1     10.79                     11.52  -0.73     5.36

SNOWFALL (IN)
  YESTERDAY        0.0                       0.0    0.0      0.0
  MONTH TO DATE    0.0                       0.0    0.0      0.0
  SINCE MAR 1      0.0                       0.0    0.0      0.0
  SINCE JUL 1      0.0                       0.0    0.0      0.0

DEGREE DAYS
 HEATING
  YESTERDAY        0                         0      0        0
  MONTH TO DATE    0                         0      0        0
  SINCE MAR 1      0                         0      0        0
  SINCE JUL 1      0                         0      0        0

 COOLING
  YESTERDAY       17                        17      0       16
  MONTH TO DATE  521                       492     29      524
  SINCE MAR 1   1468                      1360    108     1423
  SINCE JAN 1   2318                      2137    181     2226
..................................................................


WIND (MPH)
  HIGHEST WIND SPEED    20   HIGHEST WIND DIRECTION     E (90)
  HIGHEST GUST SPEED    23   HIGHEST GUST DIRECTION     E (90)
  AVERAGE WIND SPEED    10.8


SKY COVER
  AVERAGE SKY COVER 0.4


WEATHER CONDITIONS
 THE FOLLOWING WEATHER WAS RECORDED YESTERDAY.
  LIGHT RAIN


RELATIVE HUMIDITY (PERCENT)
 HIGHEST    91
 LOWEST     68
 AVERAGE    80

..........................................................


THE HENRY E. ROHLSEN AP/ST CROIX CLIMATE NORMALS FOR TODAY
                         NORMAL    RECORD    YEAR
 MAXIMUM TEMPERATURE (F)   87        92      1972
 MINIMUM TEMPERATURE (F)   77        68      1979


SUNRISE AND SUNSET
MAY 31 2016...........SUNRISE   544 AM AST   SUNSET   651 PM AST
JUNE  1 2016..........SUNRISE   543 AM AST   SUNSET   651 PM AST


-  INDICATES NEGATIVE NUMBERS.
R  INDICATES RECORD WAS SET OR TIED.
MM INDICATES DATA IS MISSING.
T  INDICATES TRACE AMOUNT.




$$
