000
CDHW43 PHFO 040246
CLIITO


CLIMATE REPORT
NATIONAL WEATHER SERVICE HONOLULU HI
436 PM HST FRI JUL 3 2015


...................................

...THE HILO HI CLIMATE SUMMARY FOR JULY 3 2015...
VALID TODAY AS OF 0400 PM LOCAL TIME.

CLIMATE NORMAL PERIOD 1981 TO 2010
CLIMATE RECORD PERIOD 1946 TO 2015


WEATHER ITEM   OBSERVED TIME   RECORD YEAR NORMAL DEPARTURE LAST
                VALUE   (LST)  VALUE       VALUE  FROM      YEAR
                                                  NORMAL
..................................................................
TEMPERATURE (F)
 TODAY
  MAXIMUM         87R   231 PM  87    1974  83      4       84
                                      1971
                                      1968
  MINIMUM         72    515 AM  64    1999  69      3       69
                                      1961
  AVERAGE         80                        76      4       77

PRECIPITATION (IN)
  TODAY            0.00          3.65 1958   0.30  -0.30     0.15
  MONTH TO DATE    0.05                      0.89  -0.84     0.49
  SINCE JUN 1      5.28                      8.26  -2.98     7.06
  SINCE JAN 1     44.35                     60.17 -15.82    54.80

SNOWFALL (IN)
  TODAY            0.0
  MONTH TO DATE    0.0
  SINCE JUN 1      0.0
  SINCE JUL 1      0.0
  SNOW DEPTH       0

DEGREE DAYS
 HEATING
  TODAY            0                         0      0        0
  MONTH TO DATE    0                         0      0        0
  SINCE JUN 1      0                         0      0        0
  SINCE JUL 1      0                         0      0        0

 COOLING
  TODAY           15                        11      4       12
  MONTH TO DATE   47                        33     14       30
  SINCE JUN 1    408                       339     69      296
  SINCE JAN 1   1735                      1407    328     1552
..................................................................


WIND (MPH)
  HIGHEST WIND SPEED    15   HIGHEST WIND DIRECTION    NE (50)
  HIGHEST GUST SPEED    21   HIGHEST GUST DIRECTION     E (100)
  AVERAGE WIND SPEED     7.4


SKY COVER
  POSSIBLE SUNSHINE  MM
  AVERAGE SKY COVER 0.7


WEATHER CONDITIONS
 THE FOLLOWING WEATHER WAS RECORDED TODAY.
  NO SIGNIFICANT WEATHER WAS OBSERVED.


RELATIVE HUMIDITY (PERCENT)
 HIGHEST    87          1200 AM
 LOWEST     55          1200 PM
 AVERAGE    71

..........................................................


THE HILO HI CLIMATE NORMALS FOR TOMORROW
                         NORMAL    RECORD    YEAR
 MAXIMUM TEMPERATURE (F)   83        87      1995
                                             1971
 MINIMUM TEMPERATURE (F)   69        64      1999
                                             1963


SUNRISE AND SUNSET
JULY  3 2015..........SUNRISE   546 AM HST   SUNSET   703 PM HST
JULY  4 2015..........SUNRISE   546 AM HST   SUNSET   703 PM HST


-  INDICATES NEGATIVE NUMBERS.
R  INDICATES RECORD WAS SET OR TIED.
MM INDICATES DATA IS MISSING.
T  INDICATES TRACE AMOUNT.




$$
