000
CDHW43 PHFO 110226
CLIITO


CLIMATE REPORT
NATIONAL WEATHER SERVICE HONOLULU HI
426 PM HST SUN DEC 10 2017


...................................

...THE HILO HI CLIMATE SUMMARY FOR DECEMBER 10 2017...
VALID TODAY AS OF 0400 PM LOCAL TIME.

CLIMATE NORMAL PERIOD 1981 TO 2010
CLIMATE RECORD PERIOD 1946 TO 2017


WEATHER ITEM   OBSERVED TIME   RECORD YEAR NORMAL DEPARTURE LAST
                VALUE   (LST)  VALUE       VALUE  FROM      YEAR
                                                  NORMAL
..................................................................
TEMPERATURE (F)
 TODAY
  MAXIMUM         82    101 PM  85    1977  80      2       77
                                      1962
  MINIMUM         63    540 AM  60    1989  65     -2       69
                                      1982
                                      1973
  AVERAGE         73                        73      0       73

PRECIPITATION (IN)
  TODAY            0.00          6.21 2002   0.39  -0.39     0.10
  MONTH TO DATE    3.23                      4.03  -0.80    12.04
  SINCE DEC 1      3.23                      4.03  -0.80    12.04
  SINCE JAN 1     98.48                    119.18 -20.70   120.04

SNOWFALL (IN)
  TODAY            0.0
  MONTH TO DATE    0.0
  SINCE DEC 1      0.0
  SINCE JUL 1      0.0
  SNOW DEPTH      MM

DEGREE DAYS
 HEATING
  TODAY            0                         0      0        0
  MONTH TO DATE    0                         0      0        0
  SINCE DEC 1      0                         0      0        0
  SINCE JUL 1      0                         0      0        0

 COOLING
  TODAY            8                         7      1        8
  MONTH TO DATE   59                        79    -20       77
  SINCE DEC 1     59                        79    -20       77
  SINCE JAN 1   3444                      3086    358     3838
..................................................................


WIND (MPH)
  HIGHEST WIND SPEED    13   HIGHEST WIND DIRECTION    NE (50)
  HIGHEST GUST SPEED    21   HIGHEST GUST DIRECTION    NE (60)
  AVERAGE WIND SPEED    MM


SKY COVER
  POSSIBLE SUNSHINE  MM
  AVERAGE SKY COVER  MM


WEATHER CONDITIONS
 THE FOLLOWING WEATHER WAS RECORDED TODAY.
  NO SIGNIFICANT WEATHER WAS OBSERVED.


RELATIVE HUMIDITY (PERCENT)
 HIGHEST    MM
 LOWEST     MM
 AVERAGE    MM

..........................................................


THE HILO HI CLIMATE NORMALS FOR TOMORROW
                         NORMAL    RECORD    YEAR
 MAXIMUM TEMPERATURE (F)   80        88      1973
 MINIMUM TEMPERATURE (F)   65        58      1989


SUNRISE AND SUNSET
DECEMBER 10 2017......SUNRISE   644 AM HST   SUNSET   542 PM HST
DECEMBER 11 2017......SUNRISE   645 AM HST   SUNSET   543 PM HST


-  INDICATES NEGATIVE NUMBERS.
R  INDICATES RECORD WAS SET OR TIED.
MM INDICATES DATA IS MISSING.
T  INDICATES TRACE AMOUNT.




$$
