000
CDHW43 PHFO 261245
CLIITO


CLIMATE REPORT
NATIONAL WEATHER SERVICE HONOLULU HI
245 AM HST THU MAY 26 2016


...................................

...THE HILO HI CLIMATE SUMMARY FOR MAY 25 2016...

CLIMATE NORMAL PERIOD 1981 TO 2010
CLIMATE RECORD PERIOD 1946 TO 2016


WEATHER ITEM   OBSERVED TIME   RECORD YEAR NORMAL DEPARTURE LAST
                VALUE   (LST)  VALUE       VALUE  FROM      YEAR
                                                  NORMAL
..................................................................
TEMPERATURE (F)
 YESTERDAY
  MAXIMUM         83    253 PM  91    2003  81      2       78
  MINIMUM         70    545 AM  60    2003  67      3       68
  AVERAGE         77                        74      3       73

PRECIPITATION (IN)
  YESTERDAY        0.39          5.90 1964   0.22   0.17     0.00
  MONTH TO DATE    4.61                      6.87  -2.26     6.90
  SINCE MAR 1     19.07                     31.84 -12.77    30.13
  SINCE JAN 1     23.64                     50.66 -27.02    38.22

SNOWFALL (IN)
  YESTERDAY        0.0
  MONTH TO DATE    0.0
  SINCE MAR 1      0.0
  SINCE JUL 1      0.0
  SNOW DEPTH       0

DEGREE DAYS
 HEATING
  YESTERDAY        0                         0      0        0
  MONTH TO DATE    0                         0      0        0
  SINCE MAR 1      0                         0      0        0
  SINCE JUL 1      0                         0      0        0

 COOLING
  YESTERDAY       12                         9      3        8
  MONTH TO DATE  287                       213     74      213
  SINCE MAR 1    913                       640    273      741
  SINCE JAN 1   1477                      1010    467     1267
..................................................................


WIND (MPH)
  HIGHEST WIND SPEED    17   HIGHEST WIND DIRECTION     E (110)
  HIGHEST GUST SPEED    23   HIGHEST GUST DIRECTION    SE (120)
  AVERAGE WIND SPEED     6.9


SKY COVER
  POSSIBLE SUNSHINE  MM
  AVERAGE SKY COVER 0.7


WEATHER CONDITIONS
 THE FOLLOWING WEATHER WAS RECORDED YESTERDAY.
  HEAVY RAIN
  RAIN
  LIGHT RAIN
  FOG


RELATIVE HUMIDITY (PERCENT)
 HIGHEST    97           100 AM
 LOWEST     63           300 PM
 AVERAGE    80

..........................................................


THE HILO HI CLIMATE NORMALS FOR TODAY
                         NORMAL    RECORD    YEAR
 MAXIMUM TEMPERATURE (F)   81        88      2003
 MINIMUM TEMPERATURE (F)   68        60      2003


SUNRISE AND SUNSET
MAY 26 2016...........SUNRISE   541 AM HST   SUNSET   653 PM HST
MAY 27 2016...........SUNRISE   541 AM HST   SUNSET   654 PM HST


-  INDICATES NEGATIVE NUMBERS.
R  INDICATES RECORD WAS SET OR TIED.
MM INDICATES DATA IS MISSING.
T  INDICATES TRACE AMOUNT.




$$
