000
CDHW43 PHFO 200242
CLIITO


CLIMATE REPORT
NATIONAL WEATHER SERVICE HONOLULU HI
433 PM HST THU JAN 19 2017


...................................

...THE HILO HI CLIMATE SUMMARY FOR JANUARY 19 2017...
VALID TODAY AS OF 0400 PM LOCAL TIME.

CLIMATE NORMAL PERIOD 1981 TO 2010
CLIMATE RECORD PERIOD 1946 TO 2017


WEATHER ITEM   OBSERVED TIME   RECORD YEAR NORMAL DEPARTURE LAST
                VALUE   (LST)  VALUE       VALUE  FROM      YEAR
                                                  NORMAL
..................................................................
TEMPERATURE (F)
 TODAY
  MAXIMUM         78    129 PM  88    1974  79     -1       85
  MINIMUM         63    228 AM  54    1980  64     -1       66
  AVERAGE         71                        71      0       76

PRECIPITATION (IN)
  TODAY            0.05          9.51 1990   0.30  -0.25     0.00
  MONTH TO DATE    1.27                      5.28  -4.01     0.49
  SINCE DEC 1     21.67                     16.85   4.82    14.59
  SINCE JAN 1      1.27                      5.28  -4.01     0.49

SNOWFALL (IN)
  TODAY            0.0
  MONTH TO DATE    0.0
  SINCE DEC 1      0.0
  SINCE JUL 1      0.0
  SNOW DEPTH       0

DEGREE DAYS
 HEATING
  TODAY            0                         0      0        0
  MONTH TO DATE    0                         0      0        0
  SINCE DEC 1      0                         0      0        0
  SINCE JUL 1      0                         0      0        0

 COOLING
  TODAY            6                         6      0       11
  MONTH TO DATE  128                       125      3      165
  SINCE DEC 1    358                       350      8      471
  SINCE JAN 1    128                       125      3      165
..................................................................


WIND (MPH)
  HIGHEST WIND SPEED    16   HIGHEST WIND DIRECTION     E (90)
  HIGHEST GUST SPEED    19   HIGHEST GUST DIRECTION     E (100)
  AVERAGE WIND SPEED     6.7


SKY COVER
  POSSIBLE SUNSHINE  MM
  AVERAGE SKY COVER 0.6


WEATHER CONDITIONS
 THE FOLLOWING WEATHER WAS RECORDED TODAY.
  FOG


RELATIVE HUMIDITY (PERCENT)
 HIGHEST    87          1200 PM
 LOWEST     68           700 AM
 AVERAGE    78

..........................................................


THE HILO HI CLIMATE NORMALS FOR TOMORROW
                         NORMAL    RECORD    YEAR
 MAXIMUM TEMPERATURE (F)   79        87      1977
                                             1974
 MINIMUM TEMPERATURE (F)   64        57      1980
                                             1969


SUNRISE AND SUNSET
JANUARY 19 2017.......SUNRISE   658 AM HST   SUNSET   605 PM HST
JANUARY 20 2017.......SUNRISE   658 AM HST   SUNSET   606 PM HST


-  INDICATES NEGATIVE NUMBERS.
R  INDICATES RECORD WAS SET OR TIED.
MM INDICATES DATA IS MISSING.
T  INDICATES TRACE AMOUNT.




$$
