000
CDUS43 KGLD 060739 RRA
CLIITR

CLIMATE REPORT
NATIONAL WEATHER SERVICE GOODLAND
136 AM MDT FRI MAY 6 2016

...................................

...THE BURLINGTON CO CLIMATE SUMMARY FOR MAY 5 2016...

CLIMATE NORMAL PERIOD 1981 TO 2010
CLIMATE RECORD PERIOD 1896 TO 2016


WEATHER ITEM   OBSERVED TIME   RECORD YEAR NORMAL DEPARTURE LAST
                VALUE   (LST)  VALUE       VALUE  FROM      YEAR
                                                  NORMAL
..................................................................
TEMPERATURE (F)
 YESTERDAY
  MAXIMUM         82    322 PM  92    1936  69     13       58
  MINIMUM         45    503 AM  26    2013  40      5       48
                                      1944
  AVERAGE         64                        54     10       53

PRECIPITATION (IN)
  YESTERDAY        0.00                      0.09  -0.09     0.52
  MONTH TO DATE    T                         0.42  -0.42     0.82
  SINCE MAR 1      5.72                      2.77   2.95     3.50
  SINCE JAN 1      6.53                      3.57   2.96     4.64

..................................................................


THE BURLINGTON CO CLIMATE NORMALS FOR TODAY
                         NORMAL    RECORD    YEAR
 MAXIMUM TEMPERATURE (F)   69        91      2004
                                             1934
 MINIMUM TEMPERATURE (F)   41        30      1948



-  INDICATES NEGATIVE NUMBERS.
R  INDICATES RECORD WAS SET OR TIED.
MM INDICATES DATA IS MISSING.
T  INDICATES TRACE AMOUNT.

$$
