000
CDUS43 KGLD 280741
CLIITR

CLIMATE REPORT
NATIONAL WEATHER SERVICE GOODLAND
140 AM MDT THU AUG 28 2014
...................................

...THE BURLINGTON CO CLIMATE SUMMARY FOR AUGUST 27 2014...

CLIMATE NORMAL PERIOD 1981 TO 2010
CLIMATE RECORD PERIOD 1896 TO 2014


WEATHER ITEM   OBSERVED TIME   RECORD YEAR NORMAL DEPARTURE LAST
                VALUE   (LST)  VALUE       VALUE  FROM      YEAR
                                                  NORMAL
..................................................................
TEMPERATURE (F)
 YESTERDAY
  MAXIMUM         80    514 PM 100    1926  84     -4       96
  MINIMUM         60   1159 PM  40    1992  56      4       59
  AVERAGE         70                        70      0       78

PRECIPITATION (IN)
  YESTERDAY        0.01                      0.08  -0.07     0.00
  MONTH TO DATE    1.88                      2.11  -0.23     1.86
  SINCE JUN 1      6.92                      8.12  -1.20     4.79
  SINCE JAN 1      9.84                     13.85  -4.01    10.39

..................................................................

THE BURLINGTON CO CLIMATE NORMALS FOR TODAY
                         NORMAL    RECORD    YEAR
 MAXIMUM TEMPERATURE (F)   84       101      1960
 MINIMUM TEMPERATURE (F)   55        42      1949



-  INDICATES NEGATIVE NUMBERS.
R  INDICATES RECORD WAS SET OR TIED.
MM INDICATES DATA IS MISSING.
T  INDICATES TRACE AMOUNT.




$$
