000
CDUS43 KGLD 180746
CLIITR

CLIMATE REPORT
NATIONAL WEATHER SERVICE GOODLAND
143 AM MDT FRI APR 18 2014

...................................

...THE BURLINGTON CO CLIMATE SUMMARY FOR APRIL 17 2014...

CLIMATE NORMAL PERIOD 1981 TO 2010
CLIMATE RECORD PERIOD 1896 TO 2014


WEATHER ITEM   OBSERVED TIME   RECORD YEAR NORMAL DEPARTURE LAST
                VALUE   (LST)  VALUE       VALUE  FROM      YEAR
                                                  NORMAL
..................................................................
TEMPERATURE (F)
 YESTERDAY
  MAXIMUM         54    426 PM  87    1948  63     -9       33
  MINIMUM         30    514 AM  18    1999  34     -4       23
  AVERAGE         42                        48     -6       28

PRECIPITATION (IN)
  YESTERDAY        0.00                      0.05  -0.05     0.11
  MONTH TO DATE    0.15                      0.64  -0.49     0.21
  SINCE MAR 1      0.36                      1.53  -1.17     2.31
  SINCE JAN 1      1.06                      2.33  -1.27     2.80

..................................................................

THE BURLINGTON CO CLIMATE NORMALS FOR TODAY
                         NORMAL    RECORD    YEAR
 MAXIMUM TEMPERATURE (F)   63        88      2004
                                             1948
 MINIMUM TEMPERATURE (F)   34        13      1944



-  INDICATES NEGATIVE NUMBERS.
R  INDICATES RECORD WAS SET OR TIED.
MM INDICATES DATA IS MISSING.
T  INDICATES TRACE AMOUNT.




$$
