000
CDUS43 KGLD 290749 RRA
CLIITR

CLIMATE REPORT
NATIONAL WEATHER SERVICE GOODLAND
145 AM MDT SAT APR 29 2017

...................................

...THE BURLINGTON CO CLIMATE SUMMARY FOR APRIL 28 2017...

CLIMATE NORMAL PERIOD 1981 TO 2010
CLIMATE RECORD PERIOD 1896 TO 2017


WEATHER ITEM   OBSERVED TIME   RECORD YEAR NORMAL DEPARTURE LAST
                VALUE   (LST)  VALUE       VALUE  FROM      YEAR
                                                  NORMAL
..................................................................
TEMPERATURE (F)
 YESTERDAY
  MAXIMUM         56   1102 AM  93    1910  66    -10       50
  MINIMUM         33   1159 PM  21    1984  38     -5       33
  AVERAGE         45                        52     -7       42

PRECIPITATION (IN)
  YESTERDAY        0.09                      0.07   0.02      T
  MONTH TO DATE    2.53                      1.33   1.20     3.57
  SINCE MAR 1      5.46                      2.22   3.24     4.64
  SINCE JAN 1      6.02                      3.02   3.00     5.45

..................................................................


THE BURLINGTON CO CLIMATE NORMALS FOR TODAY
                         NORMAL    RECORD    YEAR
 MAXIMUM TEMPERATURE (F)   66        91      1934
 MINIMUM TEMPERATURE (F)   38        22      1907


-  INDICATES NEGATIVE NUMBERS.
R  INDICATES RECORD WAS SET OR TIED.
MM INDICATES DATA IS MISSING.
T  INDICATES TRACE AMOUNT.


$$
