000
CDUS43 KGLD 030749
CLIITR

CLIMATE REPORT
NATIONAL WEATHER SERVICE GOODLAND
144 AM MDT MON AUG 3 2015
...................................

...THE BURLINGTON CO CLIMATE SUMMARY FOR AUGUST 2 2015...

CLIMATE NORMAL PERIOD 1981 TO 2010
CLIMATE RECORD PERIOD 1896 TO 2015

WEATHER ITEM   OBSERVED TIME   RECORD YEAR NORMAL DEPARTURE LAST
                VALUE   (LST)  VALUE       VALUE  FROM      YEAR
                                                  NORMAL
..................................................................
TEMPERATURE (F)
 YESTERDAY
  MAXIMUM         93    235 PM 106    1938  88      5       88
  MINIMUM         63    324 AM  43    1972  61      2       54
  AVERAGE         78                        74      4       71

PRECIPITATION (IN)
  YESTERDAY        0.00                      0.09  -0.09     0.00
  MONTH TO DATE    0.00                      0.16  -0.16     0.00
  SINCE JUN 1      7.56                      6.17   1.39     5.04
  SINCE JAN 1     18.58                     11.90   6.68     7.96

..................................................................

THE BURLINGTON CO CLIMATE NORMALS FOR TODAY
                         NORMAL    RECORD    YEAR
 MAXIMUM TEMPERATURE (F)   88       104      1954
 MINIMUM TEMPERATURE (F)   61        47      1978

-  INDICATES NEGATIVE NUMBERS.
R  INDICATES RECORD WAS SET OR TIED.
MM INDICATES DATA IS MISSING.
T  INDICATES TRACE AMOUNT.

$$
