000
CDUS43 KGLD 300747 RRA
CLIITR

CLIMATE REPORT
NATIONAL WEATHER SERVICE GOODLAND
142 AM MDT TUE SEP 30 2014

...................................

...THE BURLINGTON CO CLIMATE SUMMARY FOR SEPTEMBER 29 2014...

CLIMATE NORMAL PERIOD 1981 TO 2010
CLIMATE RECORD PERIOD 1896 TO 2014


WEATHER ITEM   OBSERVED TIME   RECORD YEAR NORMAL DEPARTURE LAST
                VALUE   (LST)  VALUE       VALUE  FROM      YEAR
                                                  NORMAL
..................................................................
TEMPERATURE (F)
 YESTERDAY
  MAXIMUM         82    219 PM  93    1994  73      9       79
  MINIMUM         52   1159 PM  23    1985  43      9       37
  AVERAGE         67                        58      9       58

PRECIPITATION (IN)
  YESTERDAY        0.36                      0.03   0.33     0.00
  MONTH TO DATE    1.07                      1.10  -0.03     5.45
  SINCE SEP 1      1.07                      1.10  -0.03     5.45
  SINCE JAN 1     10.97                     15.25  -4.28    15.90

..................................................................

THE BURLINGTON CO CLIMATE NORMALS FOR TODAY
                         NORMAL    RECORD    YEAR
 MAXIMUM TEMPERATURE (F)   72        95      1994
 MINIMUM TEMPERATURE (F)   42        20      1985

-  INDICATES NEGATIVE NUMBERS.
R  INDICATES RECORD WAS SET OR TIED.
MM INDICATES DATA IS MISSING.
T  INDICATES TRACE AMOUNT.

$$
