000
CDUS44 KJAN 270909
CLIJAN


CLIMATE REPORT
NATIONAL WEATHER SERVICE JACKSON MS
307 AM CST TUE JAN 27 2015


...................................

...THE JACKSON CLIMATE SUMMARY FOR JANUARY 26 2015...

CLIMATE NORMAL PERIOD 1981 TO 2010
CLIMATE RECORD PERIOD 1896 TO 2015


WEATHER ITEM   OBSERVED TIME   RECORD YEAR NORMAL DEPARTURE LAST
                VALUE   (LST)  VALUE       VALUE  FROM      YEAR
                                                  NORMAL
..................................................................
TEMPERATURE (F)
 YESTERDAY
  MAXIMUM         56    423 PM  81    1952  57     -1       65
  MINIMUM         41   1104 PM   1    1940  35      6       31
  AVERAGE         49                        46      3       48

PRECIPITATION (IN)
  YESTERDAY        0.00          3.56 1996   0.17  -0.17     0.00
  MONTH TO DATE    4.72                      4.07   0.65     1.54
  SINCE DEC 1      8.65                      9.22  -0.57     6.04
  SINCE JAN 1      4.72                      4.07   0.65     1.54

SNOWFALL (IN)
  YESTERDAY        0.0           0.5  1897   0.0    0.0      0.0
  MONTH TO DATE    0.0                       0.3   -0.3       T
  SINCE DEC 1      0.0                       0.6   -0.6       T
  SINCE JUL 1      0.0                       0.6   -0.6       T

DEGREE DAYS
 HEATING
  YESTERDAY       16                        19     -3       17
  MONTH TO DATE  542                       513     29      606
  SINCE DEC 1    970                      1055    -85     1166
  SINCE JUL 1   1470                      1463      7     1628

 COOLING
  YESTERDAY        0                         0      0        0
  MONTH TO DATE    0                         0      0        0
  SINCE DEC 1      2                         8     -6       12
  SINCE JAN 1      0                         0      0        0
..................................................................


WIND (MPH)
  HIGHEST WIND SPEED    18   HIGHEST WIND DIRECTION    NW (320)
  HIGHEST GUST SPEED    25   HIGHEST GUST DIRECTION    NW (330)
  AVERAGE WIND SPEED     8.1


SKY COVER
  POSSIBLE SUNSHINE  MM
  AVERAGE SKY COVER 0.4


WEATHER CONDITIONS
 THE FOLLOWING WEATHER WAS RECORDED YESTERDAY.
  NO SIGNIFICANT WEATHER WAS OBSERVED.


RELATIVE HUMIDITY (PERCENT)
 HIGHEST    70           800 AM
 LOWEST     38           300 PM
 AVERAGE    54

..........................................................


THE JACKSON CLIMATE NORMALS FOR TODAY
                         NORMAL    RECORD    YEAR
 MAXIMUM TEMPERATURE (F)   57        80      1975
 MINIMUM TEMPERATURE (F)   36        -5      1940


SUNRISE AND SUNSET
JANUARY 27 2015.......SUNRISE   657 AM CST   SUNSET   529 PM CST
JANUARY 28 2015.......SUNRISE   657 AM CST   SUNSET   530 PM CST


-  INDICATES NEGATIVE NUMBERS.
R  INDICATES RECORD WAS SET OR TIED.
MM INDICATES DATA IS MISSING.
T  INDICATES TRACE AMOUNT.

&&

AT 3 AM:

THE PEARL RIVER STAGE AT JACKSON WAS 13.8 FEET. THE RIVER HAS FALLEN 0.4 FEET
OVER THE PAST 24 HOURS.

THE MISSISSIPPI RIVER STAGE AT VICKSBURG WAS 16.7 FEET. THE RIVER HAS
FALLEN 1 FOOT OVER THE PAST 24 HOURS.


$$
