000
CDUS44 KJAN 300640
CLIJAN


CLIMATE REPORT
NATIONAL WEATHER SERVICE JACKSON MS
137 AM CDT TUE AUG 30 2016


...................................

...THE JACKSON CLIMATE SUMMARY FOR AUGUST 29 2016...

CLIMATE NORMAL PERIOD 1981 TO 2010
CLIMATE RECORD PERIOD 1896 TO 2016


WEATHER ITEM   OBSERVED TIME   RECORD YEAR NORMAL DEPARTURE LAST
                VALUE   (LST)  VALUE       VALUE  FROM      YEAR
                                                  NORMAL
..................................................................
TEMPERATURE (F)
 YESTERDAY
  MAXIMUM         96    208 PM 104    2000  91      5       94
                                      1924
  MINIMUM         74    602 AM  55    1992  70      4       68
  AVERAGE         85                        80      5       81

PRECIPITATION (IN)
  YESTERDAY        0.08          3.90 2005   0.11  -0.03     0.00
  MONTH TO DATE    9.42                      4.02   5.40     0.40
  SINCE JUN 1     20.75                     12.95   7.80     8.33
  SINCE JAN 1     53.20                     37.06  16.14    36.61

SNOWFALL (IN)
  YESTERDAY        0.0           0.0  2002   0.0    0.0      0.0
                                      2001
  MONTH TO DATE    0.0                       0.0    0.0      0.0
  SINCE JUN 1      0.0                       0.0    0.0      0.0
  SINCE JUL 1      0.0                       0.0    0.0      0.0

DEGREE DAYS
 HEATING
  YESTERDAY        0                         0      0        0
  MONTH TO DATE    0                         0      0        0
  SINCE JUN 1      0                         0      0        0
  SINCE JUL 1      0                         0      0        0

 COOLING
  YESTERDAY       20                        15      5       16
  MONTH TO DATE  539                       477     62      541
  SINCE JUN 1   1648                      1414    234     1641
  SINCE JAN 1   2036                      1772    264     2094
..................................................................


WIND (MPH)
  HIGHEST WIND SPEED    15   HIGHEST WIND DIRECTION    SE (140)
  HIGHEST GUST SPEED    17   HIGHEST GUST DIRECTION    SE (140)
  AVERAGE WIND SPEED     3.9


SKY COVER
  POSSIBLE SUNSHINE  MM
  AVERAGE SKY COVER 0.2


WEATHER CONDITIONS
 THE FOLLOWING WEATHER WAS RECORDED YESTERDAY.
  THUNDERSTORM
  HEAVY RAIN
  RAIN
  LIGHT RAIN
  FOG
  HAZE


RELATIVE HUMIDITY (PERCENT)
 HIGHEST    94           800 PM
 LOWEST     43           100 PM
 AVERAGE    69

..........................................................


THE JACKSON CLIMATE NORMALS FOR TODAY
                         NORMAL    RECORD    YEAR
 MAXIMUM TEMPERATURE (F)   91       107      2000
 MINIMUM TEMPERATURE (F)   70        56      1992
                                             1986


SUNRISE AND SUNSET
AUGUST 30 2016........SUNRISE   634 AM CDT   SUNSET   726 PM CDT
AUGUST 31 2016........SUNRISE   635 AM CDT   SUNSET   725 PM CDT


-  INDICATES NEGATIVE NUMBERS.
R  INDICATES RECORD WAS SET OR TIED.
MM INDICATES DATA IS MISSING.
T  INDICATES TRACE AMOUNT.

&&

AT 1 AM:

THE PEARL RIVER STAGE AT JACKSON WAS 3.7 FEET. THE RIVER FELL 0.1
FEET OVER THE PAST 24 HOURS.

THE MISSISSIPPI RIVER STAGE AT VICKSBURG WAS 23.2 FEET. THE RIVER
FELL 0.2 FEET OVER THE PAST 24 HOURS.

$$
