000
CDUS44 KJAN 260653
CLIJAN


CLIMATE REPORT
NATIONAL WEATHER SERVICE JACKSON MS
150 AM CDT MON SEP 26 2016


...................................

...THE JACKSON CLIMATE SUMMARY FOR SEPTEMBER 25 2016...

CLIMATE NORMAL PERIOD 1981 TO 2010
CLIMATE RECORD PERIOD 1896 TO 2016


WEATHER ITEM   OBSERVED TIME   RECORD YEAR NORMAL DEPARTURE LAST
                VALUE   (LST)  VALUE       VALUE  FROM      YEAR
                                                  NORMAL
..................................................................
TEMPERATURE (F)
 YESTERDAY
  MAXIMUM         97    140 PM  98    1921  84     13       93
  MINIMUM         70   1159 PM  46    1994  61      9       63
                                      1975
                                      1965
  AVERAGE         84                        72     12       78

PRECIPITATION (IN)
  YESTERDAY        0.05          2.73 2002   0.11  -0.06     0.00
  MONTH TO DATE    0.33                      2.49  -2.16     0.77
  SINCE SEP 1      0.33                      2.49  -2.16     0.77
  SINCE JAN 1     53.53                     39.77  13.76    37.38

SNOWFALL (IN)
  YESTERDAY        0.0           0.0  2002   0.0    0.0      0.0
                                      2001
  MONTH TO DATE    0.0                       0.0    0.0      0.0
  SINCE SEP 1      0.0                       0.0    0.0      0.0
  SINCE JUL 1      0.0                       0.0    0.0      0.0

DEGREE DAYS
 HEATING
  YESTERDAY        0                         1     -1        0
  MONTH TO DATE    0                         1     -1        0
  SINCE SEP 1      0                         1     -1        0
  SINCE JUL 1      0                         1     -1        0

 COOLING
  YESTERDAY       19                         8     11       13
  MONTH TO DATE  433                       291    142      350
  SINCE SEP 1    433                       291    142      350
  SINCE JAN 1   2507                      2090    417     2479
..................................................................


WIND (MPH)
  HIGHEST WIND SPEED    17   HIGHEST WIND DIRECTION     E (100)
  HIGHEST GUST SPEED    22   HIGHEST GUST DIRECTION     E (100)
  AVERAGE WIND SPEED     3.4


SKY COVER
  POSSIBLE SUNSHINE  MM
  AVERAGE SKY COVER 0.4


WEATHER CONDITIONS
 THE FOLLOWING WEATHER WAS RECORDED YESTERDAY.
  THUNDERSTORM
  LIGHT RAIN


RELATIVE HUMIDITY (PERCENT)
 HIGHEST    93           200 AM
 LOWEST     33           100 PM
 AVERAGE    63

..........................................................


THE JACKSON CLIMATE NORMALS FOR TODAY
                         NORMAL    RECORD    YEAR
 MAXIMUM TEMPERATURE (F)   84        96      1936
                                             1921
 MINIMUM TEMPERATURE (F)   61        44      1975


SUNRISE AND SUNSET
SEPTEMBER 26 2016.....SUNRISE   651 AM CDT   SUNSET   651 PM CDT
SEPTEMBER 27 2016.....SUNRISE   652 AM CDT   SUNSET   650 PM CDT


-  INDICATES NEGATIVE NUMBERS.
R  INDICATES RECORD WAS SET OR TIED.
MM INDICATES DATA IS MISSING.
T  INDICATES TRACE AMOUNT.

&&

AT 1 AM:

THE PEARL RIVER STAGE AT JACKSON WAS 3.6 FEET. THE RIVER HAS REMAINED STEADY OVER THE
PAST 24 HOURS.

THE MISSISSIPPI RIVER STAGE AT VICKSBURG WAS 22 FEET. THE RIVER ROSE 0.5 FEET
OVER THE PAST 24 HOURS.

$$
