000
CDUS44 KJAN 192211
CLIJAN


CLIMATE REPORT
NATIONAL WEATHER SERVICE JACKSON MS
409 PM CST THU JAN 19 2017


...................................

...THE JACKSON CLIMATE SUMMARY FOR JANUARY 19 2017...
VALID TODAY AS OF 0400 PM LOCAL TIME.

CLIMATE NORMAL PERIOD 1981 TO 2010
CLIMATE RECORD PERIOD 1896 TO 2017


WEATHER ITEM   OBSERVED TIME   RECORD YEAR NORMAL DEPARTURE LAST
                VALUE   (LST)  VALUE       VALUE  FROM      YEAR
                                                  NORMAL
..................................................................
TEMPERATURE (F)
 TODAY
  MAXIMUM         68    720 AM  81    1982  56     12       55
                                      1972
  MINIMUM         64    259 PM   6    1977  35     29       27
  AVERAGE         66                        46     20       41

PRECIPITATION (IN)
  TODAY            1.26          3.42 1979   0.17   1.09      T
  MONTH TO DATE    5.00                      2.90   2.10     1.16
  SINCE DEC 1     10.74                      8.05   2.69     7.03
  SINCE JAN 1      5.00                      2.90   2.10     1.16

SNOWFALL (IN)
  TODAY            0.0           1.8  1936   0.0    0.0      0.0
  MONTH TO DATE    0.8                       0.2    0.6      0.0
  SINCE DEC 1      0.8                       0.5    0.3      0.0
  SINCE JUL 1      0.8                       0.5    0.3      0.0

DEGREE DAYS
 HEATING
  TODAY            0                        20    -20       24
  MONTH TO DATE  189                       380   -191      378
  SINCE DEC 1    593                       922   -329      648
  SINCE JUL 1    797                      1330   -533      840

 COOLING
  TODAY            1                         0      1        0
  MONTH TO DATE   23                         0     23        0
  SINCE DEC 1     53                         8     45       69
  SINCE JAN 1     23                         0     23        0
..................................................................


WIND (MPH)
  HIGHEST WIND SPEED    18   HIGHEST WIND DIRECTION    SE (150)
  HIGHEST GUST SPEED    24   HIGHEST GUST DIRECTION    SE (150)
  AVERAGE WIND SPEED     7.1


SKY COVER
  POSSIBLE SUNSHINE  MM
  AVERAGE SKY COVER 1.0


WEATHER CONDITIONS
 THE FOLLOWING WEATHER WAS RECORDED TODAY.
  THUNDERSTORM
  HEAVY RAIN
  RAIN
  LIGHT RAIN
  FOG


RELATIVE HUMIDITY (PERCENT)
 HIGHEST    93          1200 AM
 LOWEST     87           200 PM
 AVERAGE    90

..........................................................


THE JACKSON CLIMATE NORMALS FOR TOMORROW
                         NORMAL    RECORD    YEAR
 MAXIMUM TEMPERATURE (F)   56        81      1935
 MINIMUM TEMPERATURE (F)   35         2      1985


SUNRISE AND SUNSET
JANUARY 19 2017.......SUNRISE   701 AM CST   SUNSET   522 PM CST
JANUARY 20 2017.......SUNRISE   700 AM CST   SUNSET   523 PM CST


-  INDICATES NEGATIVE NUMBERS.
R  INDICATES RECORD WAS SET OR TIED.
MM INDICATES DATA IS MISSING.
T  INDICATES TRACE AMOUNT.

&&

AT 4 PM:

THE PEARL RIVER STAGE AT JACKSON WAS 11.2 FEET. THE RIVER HAS
RISEN 7.3 FEET OVER THE PAST 24 HOURS.

THE MISSISSIPPI RIVER STAGE AT VICKSBURG WAS 21.3 FEET. THE RIVER
HAS RISEN 0.3 FEET OVER THE PAST 24 HOURS.

THE AIR QUALITY AT JACKSON WAS 19...WHICH IS GOOD.

$$
