000
CDUS44 KJAN 220844
CLIJAN


CLIMATE REPORT
NATIONAL WEATHER SERVICE JACKSON MS
341 AM CDT WED OCT 22 2014


...................................

...THE JACKSON CLIMATE SUMMARY FOR OCTOBER 21 2014...

CLIMATE NORMAL PERIOD 1981 TO 2010
CLIMATE RECORD PERIOD 1896 TO 2014


WEATHER ITEM   OBSERVED TIME   RECORD YEAR NORMAL DEPARTURE LAST
                VALUE   (LST)  VALUE       VALUE  FROM      YEAR
                                                  NORMAL
..................................................................
TEMPERATURE (F)
 YESTERDAY
  MAXIMUM         80    311 PM  92    1899  76      4       73
  MINIMUM         48    609 AM  30    1917  51     -3       41
  AVERAGE         64                        64      0       57

PRECIPITATION (IN)
  YESTERDAY        0.00          4.15 1984   0.14  -0.14     0.00
  MONTH TO DATE    2.98                      2.63   0.35     0.51
  SINCE SEP 1      4.70                      5.66  -0.96     7.88
  SINCE JAN 1     48.38                     42.94   5.44    51.54

SNOWFALL (IN)
  YESTERDAY        0.0           0.0  2002   0.0    0.0      0.0
                                      2001
  MONTH TO DATE    0.0                       0.0    0.0      0.0
  SINCE SEP 1      0.0                       0.0    0.0      0.0
  SINCE JUL 1      0.0                       0.0    0.0      0.0

DEGREE DAYS
 HEATING
  YESTERDAY        1                         4     -3        8
  MONTH TO DATE   25                        48    -23       36
  SINCE SEP 1     25                        55    -30       36
  SINCE JUL 1     25                        55    -30       36

 COOLING
  YESTERDAY        0                         3     -3        0
  MONTH TO DATE  136                        86     50      127
  SINCE SEP 1    535                       413    122      550
  SINCE JAN 1   2265                      2212     53     2314
..................................................................


WIND (MPH)
  HIGHEST WIND SPEED    10   HIGHEST WIND DIRECTION     N (350)
  HIGHEST GUST SPEED    13   HIGHEST GUST DIRECTION     N (340)
  AVERAGE WIND SPEED     2.0


SKY COVER
  POSSIBLE SUNSHINE  MM
  AVERAGE SKY COVER 0.0


WEATHER CONDITIONS
 THE FOLLOWING WEATHER WAS RECORDED YESTERDAY.
  FOG


RELATIVE HUMIDITY (PERCENT)
 HIGHEST   100           500 AM
 LOWEST     43          1200 PM
 AVERAGE    72

..........................................................


THE JACKSON CLIMATE NORMALS FOR TODAY
                         NORMAL    RECORD    YEAR
 MAXIMUM TEMPERATURE (F)   75        92      1941
 MINIMUM TEMPERATURE (F)   51        31      1987
                                             1916


SUNRISE AND SUNSET
OCTOBER 22 2014.......SUNRISE   709 AM CDT   SUNSET   620 PM CDT
OCTOBER 23 2014.......SUNRISE   710 AM CDT   SUNSET   619 PM CDT


-  INDICATES NEGATIVE NUMBERS.
R  INDICATES RECORD WAS SET OR TIED.
MM INDICATES DATA IS MISSING.
T  INDICATES TRACE AMOUNT.

&&

AT 3 AM:

THE PEARL RIVER STAGE AT JACKSON WAS 3.7 FEET. THE STAGE HAS FALLEN
A TENTH OF A FOOT OVER THE PAST 24 HOURS.

THE MISSISSIPPI RIVER STAGE AT VICKSBURG WAS 25.6 FEET. THE RIVER
HAS RISEN 1.6 FEET OVER THE PAST 24 HOURS.

$$
