000
CDUS44 KJAN 120628
CLIJAN


CLIMATE REPORT
NATIONAL WEATHER SERVICE JACKSON MS
1226 AM CST TUE DEC 12 2017


...................................

...THE JACKSON CLIMATE SUMMARY FOR DECEMBER 11 2017...

CLIMATE NORMAL PERIOD 1981 TO 2010
CLIMATE RECORD PERIOD 1896 TO 2017


WEATHER ITEM   OBSERVED TIME   RECORD YEAR NORMAL DEPARTURE LAST
                VALUE   (LST)  VALUE       VALUE  FROM      YEAR
                                                  NORMAL
..................................................................
TEMPERATURE (F)
 YESTERDAY
  MAXIMUM         71    215 PM  82    1931  59     12       69
  MINIMUM         34    700 AM  15    1937  38     -4       31
  AVERAGE         53                        48      5       50

PRECIPITATION (IN)
  YESTERDAY        0.00          4.07 2008   0.18  -0.18     0.00
  MONTH TO DATE    1.17                      1.96  -0.79     2.99
  SINCE DEC 1      1.17                      1.96  -0.79     2.99
  SINCE JAN 1     59.27                     50.95   8.32    60.64

SNOWFALL (IN)
  YESTERDAY        0.0           0.9  2008   0.0    0.0      0.0
  MONTH TO DATE    5.1                       0.1    5.0      0.0
  SINCE DEC 1      5.1                       0.1    5.0      0.0
  SINCE JUL 1      5.1                       0.1    5.0      0.0

DEGREE DAYS
 HEATING
  YESTERDAY       12                        17     -5       15
  MONTH TO DATE  147                       172    -25      185
  SINCE DEC 1    147                       172    -25      185
  SINCE JUL 1    406                       580   -174      389

 COOLING
  YESTERDAY        0                         0      0        0
  MONTH TO DATE    0                         0      0        0
  SINCE DEC 1      0                         0      0        0
  SINCE JAN 1   2538                      2253    285     2799
..................................................................


WIND (MPH)
  HIGHEST WIND SPEED    13   HIGHEST WIND DIRECTION     W (270)
  HIGHEST GUST SPEED    16   HIGHEST GUST DIRECTION    SW (230)
  AVERAGE WIND SPEED     6.0


SKY COVER
  POSSIBLE SUNSHINE  MM
  AVERAGE SKY COVER 0.0


WEATHER CONDITIONS
 THE FOLLOWING WEATHER WAS RECORDED YESTERDAY.
  NO SIGNIFICANT WEATHER WAS OBSERVED.


RELATIVE HUMIDITY (PERCENT)
 HIGHEST    82           400 AM
 LOWEST     25           200 PM
 AVERAGE    54

..........................................................


THE JACKSON CLIMATE NORMALS FOR TODAY
                         NORMAL    RECORD    YEAR
 MAXIMUM TEMPERATURE (F)   59        81      2007
                                             1971
 MINIMUM TEMPERATURE (F)   38        12      1962


SUNRISE AND SUNSET
DECEMBER 12 2017......SUNRISE   652 AM CST   SUNSET   456 PM CST
DECEMBER 13 2017......SUNRISE   653 AM CST   SUNSET   456 PM CST


-  INDICATES NEGATIVE NUMBERS.
R  INDICATES RECORD WAS SET OR TIED.
MM INDICATES DATA IS MISSING.
T  INDICATES TRACE AMOUNT.


&&

AT 1 AM:

THE PEARL RIVER STAGE AT JACKSON WAS 3.6 FEET. THE RIVER DROPPED
0.1 FEET OVER THE PAST 24 HOURS.

THE MISSISSIPPI RIVER STAGE AT VICKSBURG WAS 11.7 FEET. THE RIVER
FELL 0.7 FEET OVER THE PAST 24 HOURS.


$$
