000
CDUS44 KJAN 250733
CLIJAN


CLIMATE REPORT
NATIONAL WEATHER SERVICE JACKSON MS
127 AM CST SUN FEB 25 2018


...................................

...THE JACKSON CLIMATE SUMMARY FOR FEBRUARY 24 2018...

CLIMATE NORMAL PERIOD 1981 TO 2010
CLIMATE RECORD PERIOD 1896 TO 2018


WEATHER ITEM   OBSERVED TIME   RECORD YEAR NORMAL DEPARTURE LAST
                VALUE   (LST)  VALUE       VALUE  FROM      YEAR
                                                  NORMAL
..................................................................
TEMPERATURE (F)
 YESTERDAY
  MAXIMUM         84R   201 PM  83    1927  63     21       81
                                      1918
  MINIMUM         67    517 AM  18    1968  41     26       59
  AVERAGE         76                        52     24       70

PRECIPITATION (IN)
  YESTERDAY        T             1.52 1985   0.16  -0.16     0.09
  MONTH TO DATE    7.44                      4.11   3.33     1.18
  SINCE DEC 1     14.19                     14.23  -0.04    14.82
  SINCE JAN 1     10.52                      9.08   1.44     9.08

SNOWFALL (IN)
  YESTERDAY        0.0           0.1  2010   0.0    0.0      0.0
  MONTH TO DATE    0.0                       0.1   -0.1      0.0
  SINCE DEC 1      5.9                       0.7    5.2      0.8
  SINCE JUL 1      5.9                       0.7    5.2      0.8

DEGREE DAYS
 HEATING
  YESTERDAY        0                        13    -13        0
  MONTH TO DATE  201                       386   -185      157
  SINCE DEC 1   1399                      1530   -131      881
  SINCE JUL 1   1658                      1938   -280     1085

 COOLING
  YESTERDAY       11                         0     11        5
  MONTH TO DATE   57                         0     57       27
  SINCE DEC 1     68                        12     56       80
  SINCE JAN 1     57                         4     53       50
..................................................................


WIND (MPH)
  HIGHEST WIND SPEED    24   HIGHEST WIND DIRECTION     S (200)
  HIGHEST GUST SPEED    33   HIGHEST GUST DIRECTION     S (160)
  AVERAGE WIND SPEED    13.5


SKY COVER
  POSSIBLE SUNSHINE  MM
  AVERAGE SKY COVER 0.7


WEATHER CONDITIONS
 THE FOLLOWING WEATHER WAS RECORDED YESTERDAY.
  LIGHT RAIN
  FOG


RELATIVE HUMIDITY (PERCENT)
 HIGHEST   100           300 AM
 LOWEST     47           300 PM
 AVERAGE    74

..........................................................


THE JACKSON CLIMATE NORMALS FOR TODAY
                         NORMAL    RECORD    YEAR
 MAXIMUM TEMPERATURE (F)   63        89      1918
 MINIMUM TEMPERATURE (F)   41        20      1967


SUNRISE AND SUNSET
FEBRUARY 25 2018......SUNRISE   632 AM CST   SUNSET   555 PM CST
FEBRUARY 26 2018......SUNRISE   631 AM CST   SUNSET   556 PM CST


-  INDICATES NEGATIVE NUMBERS.
R  INDICATES RECORD WAS SET OR TIED.
MM INDICATES DATA IS MISSING.
T  INDICATES TRACE AMOUNT.

&&

AT 2 AM:

THE PEARL RIVER STAGE AT JACKSON WAS 9.4 FEET. THE RIVER HAS FALLEN 0.7
FEET OVER THE PAST 24 HOURS.

THE MISSISSIPPI RIVER STAGE AT VICKSBURG WAS 37.1 FEET. THE RIVER
HAS RISEN 1.3 FEET OVER THE PAST 24 HOURS.




$$
