000
CDUS42 KJAX 210532
CLIJAX


CLIMATE REPORT
NATIONAL WEATHER SERVICE JACKSONVILLE FL
1231 AM EST FRI NOV 21 2014


...................................

...THE JACKSONVILLE CLIMATE SUMMARY FOR NOVEMBER 20 2014...

CLIMATE NORMAL PERIOD 1981 TO 2010
CLIMATE RECORD PERIOD 1871 TO 2014


WEATHER ITEM   OBSERVED TIME   RECORD YEAR NORMAL DEPARTURE LAST
                VALUE   (LST)  VALUE       VALUE  FROM      YEAR
                                                  NORMAL
..................................................................
TEMPERATURE (F)
 YESTERDAY
  MAXIMUM         65    240 PM  86    1988  73     -8       69
  MINIMUM         24R   711 AM  30    1873  50    -26       58
  AVERAGE         45                        61    -16       64

PRECIPITATION (IN)
  YESTERDAY        0.00          2.17 1983   0.06  -0.06     0.12
  MONTH TO DATE    0.95                      1.43  -0.48     1.23
  SINCE SEP 1     12.62                     13.55  -0.93     6.39
  SINCE JAN 1     48.71                     48.91  -0.20    42.75

SNOWFALL (IN)
  YESTERDAY        0.0           0.0  2001   0.0    0.0      0.0
  MONTH TO DATE    0.0                       0.0    0.0      0.0
  SINCE SEP 1      0.0                       0.0    0.0      0.0
  SINCE JUL 1      0.0                       0.0    0.0      0.0
  SNOW DEPTH       0

DEGREE DAYS
 HEATING
  YESTERDAY       20                         6     14        1
  MONTH TO DATE  177                        79     98       58
  SINCE SEP 1    198                       107     91       79
  SINCE JUL 1    198                       107     91       79

 COOLING
  YESTERDAY        0                         2     -2        0
  MONTH TO DATE    9                        48    -39       45
  SINCE SEP 1    569                       641    -72      654
  SINCE JAN 1   2557                      2631    -74     2583
..................................................................


WIND (MPH)
  HIGHEST WIND SPEED    10   HIGHEST WIND DIRECTION     W (260)
  HIGHEST GUST SPEED    13   HIGHEST GUST DIRECTION    NW (320)
  AVERAGE WIND SPEED     1.5


SKY COVER
  POSSIBLE SUNSHINE  MM
  AVERAGE SKY COVER 0.4


WEATHER CONDITIONS
 THE FOLLOWING WEATHER WAS RECORDED YESTERDAY.
  NO SIGNIFICANT WEATHER WAS OBSERVED.


RELATIVE HUMIDITY (PERCENT)
 HIGHEST   100           800 AM
 LOWEST     13           200 PM
 AVERAGE    57

..........................................................


THE JACKSONVILLE CLIMATE NORMALS FOR TODAY
                         NORMAL    RECORD    YEAR
 MAXIMUM TEMPERATURE (F)   72        84      1991
                                             1973
                                             1962
 MINIMUM TEMPERATURE (F)   49        26      1937
                                             1887


SUNRISE AND SUNSET
NOVEMBER 21 2014......SUNRISE   658 AM EST   SUNSET   527 PM EST
NOVEMBER 22 2014......SUNRISE   659 AM EST   SUNSET   527 PM EST


-  INDICATES NEGATIVE NUMBERS.
R  INDICATES RECORD WAS SET OR TIED.
MM INDICATES DATA IS MISSING.
T  INDICATES TRACE AMOUNT.




$$
