000
CDUS42 KJAX 172227
CLIJAX


CLIMATE REPORT
NATIONAL WEATHER SERVICE JACKSONVILLE FL
527 PM EST WED DEC 17 2014


...................................

...THE JACKSONVILLE CLIMATE SUMMARY FOR DECEMBER 17 2014...
VALID TODAY AS OF 0500 PM LOCAL TIME.

CLIMATE NORMAL PERIOD 1981 TO 2010
CLIMATE RECORD PERIOD 1871 TO 2014


WEATHER ITEM   OBSERVED TIME   RECORD YEAR NORMAL DEPARTURE LAST
                VALUE   (LST)  VALUE       VALUE  FROM      YEAR
                                                  NORMAL
..................................................................
TEMPERATURE (F)
 TODAY
  MAXIMUM         66    406 PM  81    1961  66      0       67
  MINIMUM         40    738 AM  26    1943  44     -4       35
  AVERAGE         53                        55     -2       51

PRECIPITATION (IN)
  TODAY            0.00          3.96 2005   0.09  -0.09     0.00
  MONTH TO DATE    0.01                      1.49  -1.48     0.68
  SINCE DEC 1      0.01                      1.49  -1.48     0.68
  SINCE JAN 1     51.73                     51.08   0.65    45.04

SNOWFALL (IN)
  TODAY            0.0           0.0  2001   0.0    0.0      0.0
  MONTH TO DATE    0.0                       0.0    0.0      0.0
  SINCE DEC 1      0.0                       0.0    0.0      0.0
  SINCE JUL 1      0.0                       0.0    0.0      0.0
  SNOW DEPTH       0

DEGREE DAYS
 HEATING
  TODAY           12                        11      1       14
  MONTH TO DATE  151                       158     -7       92
  SINCE DEC 1    151                       158     -7       92
  SINCE JUL 1    435                       331    104      248

 COOLING
  TODAY            0                         1     -1        0
  MONTH TO DATE    7                        17    -10       29
  SINCE DEC 1      7                        17    -10       29
  SINCE JAN 1   2586                      2661    -75     2628
..................................................................


WIND (MPH)
  HIGHEST WIND SPEED    12   HIGHEST WIND DIRECTION     W (290)
  HIGHEST GUST SPEED    13   HIGHEST GUST DIRECTION     W (270)
  AVERAGE WIND SPEED     5.0


SKY COVER
  POSSIBLE SUNSHINE  MM
  AVERAGE SKY COVER 0.2


WEATHER CONDITIONS
 THE FOLLOWING WEATHER WAS RECORDED TODAY.
  HAZE


RELATIVE HUMIDITY (PERCENT)
 HIGHEST   100          1200 AM
 LOWEST     40           300 PM
 AVERAGE    70

..........................................................


THE JACKSONVILLE CLIMATE NORMALS FOR TOMORROW
                         NORMAL    RECORD    YEAR
 MAXIMUM TEMPERATURE (F)   66        81      2008
                                             1990
                                             1961
 MINIMUM TEMPERATURE (F)   43        25      1988


SUNRISE AND SUNSET
DECEMBER 17 2014......SUNRISE   717 AM EST   SUNSET   528 PM EST
DECEMBER 18 2014......SUNRISE   718 AM EST   SUNSET   529 PM EST


-  INDICATES NEGATIVE NUMBERS.
R  INDICATES RECORD WAS SET OR TIED.
MM INDICATES DATA IS MISSING.
T  INDICATES TRACE AMOUNT.




$$
