000
CDUS44 KMEG 200648
CLIJBR


CLIMATE REPORT
NATIONAL WEATHER SERVICE MEMPHIS TN
147 AM CDT MON OCT 20 2014


...................................

...THE JONESBORO CLIMATE SUMMARY FOR OCTOBER 19 2014...

CLIMATE NORMAL PERIOD 1981 TO 2010
CLIMATE RECORD PERIOD 1897 TO 2014


WEATHER ITEM   OBSERVED TIME   RECORD YEAR NORMAL DEPARTURE LAST
                VALUE   (LST)  VALUE       VALUE  FROM      YEAR
                                                  NORMAL
..................................................................
TEMPERATURE (F)
 YESTERDAY
  MAXIMUM         66    403 PM  91    2005  72     -6       60
  MINIMUM         45    629 AM  31    1948  49     -4       40
                                      1917
  AVERAGE         56                        60     -4       50

PRECIPITATION (IN)
  YESTERDAY        0.00          0.79 2002   0.17  -0.17     0.17
  MONTH TO DATE    3.57                      2.58   0.99     3.61
  SINCE SEP 1      5.41                      5.64  -0.23     4.89
  SINCE JAN 1     39.09                     36.75   2.34    42.34

SNOWFALL (IN)
  YESTERDAY        0.0           T    1989   0.0    0.0      0.0
  MONTH TO DATE    0.0                       0.0    0.0      0.0
  SINCE SEP 1      0.0                       0.0    0.0      0.0
  SINCE JUL 1      0.0                       0.0    0.0      0.0
  SNOW DEPTH       0

DEGREE DAYS
 HEATING
  YESTERDAY        9                         6      3       15
  MONTH TO DATE   59                        77    -18       44
  SINCE SEP 1     68                        95    -27       44
  SINCE JUL 1     68                        95    -27       44

 COOLING
  YESTERDAY        0                         1     -1        0
  MONTH TO DATE   59                        41     18       66
  SINCE SEP 1    319                       266     53      434
  SINCE JAN 1   1779                      1812    -33     2034
..................................................................


WIND (MPH)
  HIGHEST WIND SPEED     9   HIGHEST WIND DIRECTION    NE (50)
  HIGHEST GUST SPEED    14   HIGHEST GUST DIRECTION    NE (50)
  AVERAGE WIND SPEED     2.8


SKY COVER
  POSSIBLE SUNSHINE  MM
  AVERAGE SKY COVER 0.0


WEATHER CONDITIONS
 THE FOLLOWING WEATHER WAS RECORDED YESTERDAY.
  NO SIGNIFICANT WEATHER WAS OBSERVED.


RELATIVE HUMIDITY (PERCENT)
 HIGHEST   100          1100 PM
 LOWEST     48           400 PM
 AVERAGE    74

..........................................................


THE JONESBORO CLIMATE NORMALS FOR TODAY
                         NORMAL    RECORD    YEAR
 MAXIMUM TEMPERATURE (F)   71        89      1963
 MINIMUM TEMPERATURE (F)   49        22      1917


SUNRISE AND SUNSET
OCTOBER 20 2014.......SUNRISE   714 AM CDT   SUNSET   621 PM CDT
OCTOBER 21 2014.......SUNRISE   715 AM CDT   SUNSET   619 PM CDT


-  INDICATES NEGATIVE NUMBERS.
R  INDICATES RECORD WAS SET OR TIED.
MM INDICATES DATA IS MISSING.
T  INDICATES TRACE AMOUNT.




$$
