000
CDUS44 KMEG 160743
CLIJBR


CLIMATE REPORT
NATIONAL WEATHER SERVICE MEMPHIS TN
143 AM CST TUE JAN 16 2018


...................................

...THE JONESBORO CLIMATE SUMMARY FOR JANUARY 15 2018...

CLIMATE NORMAL PERIOD 1981 TO 2010
CLIMATE RECORD PERIOD 1897 TO 2018


WEATHER ITEM   OBSERVED TIME   RECORD YEAR NORMAL DEPARTURE LAST
                VALUE   (LST)  VALUE       VALUE  FROM      YEAR
                                                  NORMAL
..................................................................
TEMPERATURE (F)
 YESTERDAY
  MAXIMUM         37    233 PM  72    1983  46     -9       45
                                      1950
                                      1949
  MINIMUM         20   1159 PM  -4    1918  29     -9       38
  AVERAGE         29                        37     -8       42

PRECIPITATION (IN)
  YESTERDAY        T             1.76 1962   0.11  -0.11     0.00
  MONTH TO DATE    1.33                      1.65  -0.32     1.50
  SINCE DEC 1      6.45                      6.42   0.03     5.96
  SINCE JAN 1      1.33                      1.65  -0.32     1.50

DEGREE DAYS
 HEATING
  YESTERDAY       36                        28      8       23
  MONTH TO DATE  523                       420    103      388
  SINCE DEC 1   1279                      1212     67     1123
  SINCE JUL 1   1823                      1862    -39     1472

 COOLING
  YESTERDAY        0                         0      0        0
  MONTH TO DATE    0                         0      0        0
  SINCE DEC 1      0                         0      0        0
  SINCE JAN 1      0                         0      0        0
..................................................................


WIND (MPH)
  HIGHEST WIND SPEED    15   HIGHEST WIND DIRECTION     N (360)
  HIGHEST GUST SPEED    20   HIGHEST GUST DIRECTION     N (350)
  AVERAGE WIND SPEED     9.2


SKY COVER
  POSSIBLE SUNSHINE  MM
  AVERAGE SKY COVER 0.7


WEATHER CONDITIONS
 THE FOLLOWING WEATHER WAS RECORDED YESTERDAY.
  LIGHT SNOW
  FOG


RELATIVE HUMIDITY (PERCENT)
 HIGHEST    88           100 AM
 LOWEST     62          1100 PM
 AVERAGE    75

..........................................................


THE JONESBORO CLIMATE NORMALS FOR TODAY
                         NORMAL    RECORD    YEAR
 MAXIMUM TEMPERATURE (F)   46        75      1952
 MINIMUM TEMPERATURE (F)   29         5      1979
                                             1977


SUNRISE AND SUNSET
JANUARY 16 2018.......SUNRISE   712 AM CST   SUNSET   513 PM CST
JANUARY 17 2018.......SUNRISE   711 AM CST   SUNSET   514 PM CST


-  INDICATES NEGATIVE NUMBERS.
R  INDICATES RECORD WAS SET OR TIED.
MM INDICATES DATA IS MISSING.
T  INDICATES TRACE AMOUNT.




$$
