000
CDUS44 KMEG 252153
CLIJBR


CLIMATE REPORT
NATIONAL WEATHER SERVICE MEMPHIS TN
452 PM CDT SUN JUN 25 2017


...................................

...THE JONESBORO CLIMATE SUMMARY FOR JUNE 25 2017...
VALID TODAY AS OF 0400 PM LOCAL TIME.

CLIMATE NORMAL PERIOD 1981 TO 2010
CLIMATE RECORD PERIOD 1897 TO 2017


WEATHER ITEM   OBSERVED TIME   RECORD YEAR NORMAL DEPARTURE LAST
                VALUE   (LST)  VALUE       VALUE  FROM      YEAR
                                                  NORMAL
..................................................................
TEMPERATURE (F)
 TODAY
  MAXIMUM         87    350 PM 108    1901  91     -4       97
  MINIMUM         65    533 AM  52    1974  69     -4       75
  AVERAGE         76                        80     -4       86

PRECIPITATION (IN)
  TODAY            0.00          1.30 1907   0.14  -0.14     0.00
  MONTH TO DATE    2.54                      2.92  -0.38     0.48
  SINCE JUN 1      2.54                      2.92  -0.38     0.48
  SINCE JAN 1     29.73                     24.20   5.53    32.91

DEGREE DAYS
 HEATING
  TODAY            0                         0      0        0
  MONTH TO DATE    0                         0      0        0
  SINCE JUN 1      0                         0      0        0
  SINCE JUL 1   2628                      3652  -1024     2983

 COOLING
  TODAY           11                        15     -4       21
  MONTH TO DATE  334                       307     27      404
  SINCE JUN 1    334                       307     27      404
  SINCE JAN 1    568                       520     48      603
..................................................................


WIND (MPH)
  HIGHEST WIND SPEED    10   HIGHEST WIND DIRECTION     N (360)
  HIGHEST GUST SPEED    13   HIGHEST GUST DIRECTION     N (10)
  AVERAGE WIND SPEED     4.5


SKY COVER
  POSSIBLE SUNSHINE  MM
  AVERAGE SKY COVER 0.0


WEATHER CONDITIONS
 THE FOLLOWING WEATHER WAS RECORDED TODAY.
  NO SIGNIFICANT WEATHER WAS OBSERVED.


RELATIVE HUMIDITY (PERCENT)
 HIGHEST    81          1200 AM
 LOWEST     27           300 PM
 AVERAGE    54

..........................................................


THE JONESBORO CLIMATE NORMALS FOR TOMORROW
                         NORMAL    RECORD    YEAR
 MAXIMUM TEMPERATURE (F)   91       106      1901
 MINIMUM TEMPERATURE (F)   69        50      1974


SUNRISE AND SUNSET
JUNE 25 2017..........SUNRISE   548 AM CDT   SUNSET   823 PM CDT
JUNE 26 2017..........SUNRISE   548 AM CDT   SUNSET   823 PM CDT


-  INDICATES NEGATIVE NUMBERS.
R  INDICATES RECORD WAS SET OR TIED.
MM INDICATES DATA IS MISSING.
T  INDICATES TRACE AMOUNT.




$$
