000
CDUS44 KMEG 260816
CLIJBR


CLIMATE REPORT
NATIONAL WEATHER SERVICE MEMPHIS TN
137 AM CST FRI DEC 26 2014


...................................

...THE JONESBORO CLIMATE SUMMARY FOR DECEMBER 25 2014...

CLIMATE NORMAL PERIOD 1981 TO 2010
CLIMATE RECORD PERIOD 1897 TO 2014


WEATHER ITEM   OBSERVED TIME   RECORD YEAR NORMAL DEPARTURE LAST
                VALUE   (LST)  VALUE       VALUE  FROM      YEAR
                                                  NORMAL
..................................................................
TEMPERATURE (F)
 YESTERDAY
  MAXIMUM         52    353 PM  76    1889  46      6       43
  MINIMUM         32    727 AM  -5    1983  29      3       19
  AVERAGE         42                        38      4       31

PRECIPITATION (IN)
  YESTERDAY        0.00          3.00 1987   0.16  -0.16     0.00
  MONTH TO DATE    2.39                      3.98  -1.59     6.44
  SINCE DEC 1      2.39                      3.98  -1.59     6.44
  SINCE JAN 1     43.75                     47.31  -3.56    52.42

SNOWFALL (IN)
  YESTERDAY        0.0           7.0  1926   0.1   -0.1      0.0
  MONTH TO DATE    0.0                       0.4   -0.4      1.0
  SINCE DEC 1      0.0                       0.4   -0.4      1.0
  SINCE JUL 1      0.3                       0.4   -0.1      1.0
  SNOW DEPTH       0

DEGREE DAYS
 HEATING
  YESTERDAY       23                        27     -4       34
  MONTH TO DATE  527                       627   -100      633
  SINCE DEC 1    527                       627   -100      633
  SINCE JUL 1   1286                      1277      9     1376

 COOLING
  YESTERDAY        0                         0      0        0
  MONTH TO DATE    0                         0      0        0
  SINCE DEC 1      0                         0      0        0
  SINCE JAN 1   1800                      1827    -27     2044
..................................................................


WIND (MPH)
  HIGHEST WIND SPEED    21   HIGHEST WIND DIRECTION    SW (210)
  HIGHEST GUST SPEED    25   HIGHEST GUST DIRECTION     S (190)
  AVERAGE WIND SPEED    10.6


SKY COVER
  POSSIBLE SUNSHINE  MM
  AVERAGE SKY COVER 0.1


WEATHER CONDITIONS
 THE FOLLOWING WEATHER WAS RECORDED YESTERDAY.
  NO SIGNIFICANT WEATHER WAS OBSERVED.


RELATIVE HUMIDITY (PERCENT)
 HIGHEST    96           500 AM
 LOWEST     54           200 PM
 AVERAGE    75

..........................................................


THE JONESBORO CLIMATE NORMALS FOR TODAY
                         NORMAL    RECORD    YEAR
 MAXIMUM TEMPERATURE (F)   46        74      1889
 MINIMUM TEMPERATURE (F)   29         4      1983


SUNRISE AND SUNSET
DECEMBER 26 2014......SUNRISE   711 AM CST   SUNSET   455 PM CST
DECEMBER 27 2014......SUNRISE   711 AM CST   SUNSET   456 PM CST


-  INDICATES NEGATIVE NUMBERS.
R  INDICATES RECORD WAS SET OR TIED.
MM INDICATES DATA IS MISSING.
T  INDICATES TRACE AMOUNT.




$$
