000
CDUS44 KMEG 232144
CLIJBR


CLIMATE REPORT
NATIONAL WEATHER SERVICE MEMPHIS TN
444 PM CDT MON OCT 23 2017


...................................

...THE JONESBORO CLIMATE SUMMARY FOR OCTOBER 23 2017...
VALID TODAY AS OF 0400 PM LOCAL TIME.

CLIMATE NORMAL PERIOD 1981 TO 2010
CLIMATE RECORD PERIOD 1897 TO 2017


WEATHER ITEM   OBSERVED TIME   RECORD YEAR NORMAL DEPARTURE LAST
                VALUE   (LST)  VALUE       VALUE  FROM      YEAR
                                                  NORMAL
..................................................................
TEMPERATURE (F)
 TODAY
  MAXIMUM         75    259 PM  91    1939  70      5       78
  MINIMUM         52    708 AM  27    1937  48      4       47
  AVERAGE         64                        59      5       63

PRECIPITATION (IN)
  TODAY            T             2.38 1935   0.17  -0.17     0.00
  MONTH TO DATE    0.85                      3.24  -2.39     1.32
  SINCE SEP 1      1.24                      6.30  -5.06     3.26
  SINCE JAN 1     40.86                     37.41   3.45    44.28

DEGREE DAYS
 HEATING
  TODAY            1                         7     -6        2
  MONTH TO DATE   38                       104    -66       31
  SINCE SEP 1     40                       122    -82       31
  SINCE JUL 1     40                       122    -82       31

 COOLING
  TODAY            0                         1     -1        0
  MONTH TO DATE  126                        45     81      119
  SINCE SEP 1    407                       270    137      480
  SINCE JAN 1   1940                      1816    124     2233
..................................................................


WIND (MPH)
  HIGHEST WIND SPEED    17   HIGHEST WIND DIRECTION     W (250)
  HIGHEST GUST SPEED    24   HIGHEST GUST DIRECTION    SW (240)
  AVERAGE WIND SPEED    10.7


SKY COVER
  POSSIBLE SUNSHINE  MM
  AVERAGE SKY COVER 0.5


WEATHER CONDITIONS
 THE FOLLOWING WEATHER WAS RECORDED TODAY.
  LIGHT RAIN
  FOG


RELATIVE HUMIDITY (PERCENT)
 HIGHEST   100          1200 AM
 LOWEST     35           300 PM
 AVERAGE    68

..........................................................


THE JONESBORO CLIMATE NORMALS FOR TOMORROW
                         NORMAL    RECORD    YEAR
 MAXIMUM TEMPERATURE (F)   70        89      1921
 MINIMUM TEMPERATURE (F)   48        23      1981


SUNRISE AND SUNSET
OCTOBER 23 2017.......SUNRISE   717 AM CDT   SUNSET   617 PM CDT
OCTOBER 24 2017.......SUNRISE   718 AM CDT   SUNSET   615 PM CDT


-  INDICATES NEGATIVE NUMBERS.
R  INDICATES RECORD WAS SET OR TIED.
MM INDICATES DATA IS MISSING.
T  INDICATES TRACE AMOUNT.




$$
