000
CDUS44 KMEG 240639
CLIJBR


CLIMATE REPORT
NATIONAL WEATHER SERVICE MEMPHIS TN
138 AM CDT THU JUL 24 2014


...................................

...THE JONESBORO CLIMATE SUMMARY FOR JULY 23 2014...

CLIMATE NORMAL PERIOD 1981 TO 2010
CLIMATE RECORD PERIOD 1897 TO 2014


WEATHER ITEM   OBSERVED TIME   RECORD YEAR NORMAL DEPARTURE LAST
                VALUE   (LST)  VALUE       VALUE  FROM      YEAR
                                                  NORMAL
..................................................................
TEMPERATURE (F)
 YESTERDAY
  MAXIMUM         89   1222 PM 113    1901  91     -2       91
  MINIMUM         68    258 PM  54    1897  71     -3       70
  AVERAGE         79                        81     -2       81

PRECIPITATION (IN)
  YESTERDAY        0.83          1.99 2013   0.12   0.71     1.99
  MONTH TO DATE    1.63                      2.85  -1.22     2.53
  SINCE JUN 1     10.47                      6.60   3.87     6.53
  SINCE JAN 1     31.75                     27.88   3.87    32.87

SNOWFALL (IN)
  YESTERDAY        0.0          MM      MM   0.0    0.0      0.0
  MONTH TO DATE    0.0                       0.0    0.0      0.0
  SINCE JUN 1      0.0                       0.0    0.0      0.0
  SINCE JUL 1      0.0                       0.0    0.0      0.0
  SNOW DEPTH       0

DEGREE DAYS
 HEATING
  YESTERDAY        0                         0      0        0
  MONTH TO DATE    0                         0      0        0
  SINCE JUN 1      0                         1     -1        0
  SINCE JUL 1      0                         0      0        0

 COOLING
  YESTERDAY       14                        16     -2       16
  MONTH TO DATE  249                       367   -118      365
  SINCE JUN 1    642                       750   -108      814
  SINCE JAN 1    889                       963    -74     1044
..................................................................


WIND (MPH)
  HIGHEST WIND SPEED    46   HIGHEST WIND DIRECTION    NE (60)
  HIGHEST GUST SPEED    58   HIGHEST GUST DIRECTION    NE (60)
  AVERAGE WIND SPEED     7.4


SKY COVER
  POSSIBLE SUNSHINE  MM
  AVERAGE SKY COVER 0.3


WEATHER CONDITIONS
 THE FOLLOWING WEATHER WAS RECORDED YESTERDAY.
  THUNDERSTORM
  HEAVY RAIN
  RAIN
  LIGHT RAIN
  FOG


RELATIVE HUMIDITY (PERCENT)
 HIGHEST    97           100 AM
 LOWEST     52          1200 PM
 AVERAGE    75

..........................................................


THE JONESBORO CLIMATE NORMALS FOR TODAY
                         NORMAL    RECORD    YEAR
 MAXIMUM TEMPERATURE (F)   91       107      1934
 MINIMUM TEMPERATURE (F)   71        55      1915


SUNRISE AND SUNSET
JULY 24 2014..........SUNRISE   604 AM CDT   SUNSET   814 PM CDT
JULY 25 2014..........SUNRISE   605 AM CDT   SUNSET   813 PM CDT


-  INDICATES NEGATIVE NUMBERS.
R  INDICATES RECORD WAS SET OR TIED.
MM INDICATES DATA IS MISSING.
T  INDICATES TRACE AMOUNT.




$$
