000
CDUS44 KMEG 292200
CLIJBR


CLIMATE REPORT
NATIONAL WEATHER SERVICE MEMPHIS TN
459 PM CDT MON JUN 29 2015


...................................

...THE JONESBORO CLIMATE SUMMARY FOR JUNE 29 2015...
VALID TODAY AS OF 0400 PM LOCAL TIME.

CLIMATE NORMAL PERIOD 1981 TO 2010
CLIMATE RECORD PERIOD 1897 TO 2015


WEATHER ITEM   OBSERVED TIME   RECORD YEAR NORMAL DEPARTURE LAST
                VALUE   (LST)  VALUE       VALUE  FROM      YEAR
                                                  NORMAL
..................................................................
TEMPERATURE (F)
 TODAY
  MAXIMUM         92    253 PM 110    1901  91      1       82
  MINIMUM         71    426 AM  54    1907  70      1       70
  AVERAGE         82                        80      2       76

PRECIPITATION (IN)
  TODAY            0.03          1.19 2014   0.18  -0.15     1.19
  MONTH TO DATE    2.09                      3.58  -1.49     8.84
  SINCE JUN 1      2.09                      3.58  -1.49     8.84
  SINCE JAN 1     27.87                     24.86   3.01    30.12

SNOWFALL (IN)
  TODAY            0.0

DEGREE DAYS
 HEATING
  TODAY            0                         0      0        0
  MONTH TO DATE    0                         0      0        0
  SINCE JUN 1      0                         0      0        0
  SINCE JUL 1   4014                      3652    362     4150

 COOLING
  TODAY           17                        15      2       11
  MONTH TO DATE  414                       367     47      376
  SINCE JUN 1    414                       367     47      376
  SINCE JAN 1    589                       580      9      623
..................................................................


WIND (MPH)
  HIGHEST WIND SPEED    18   HIGHEST WIND DIRECTION    SW (230)
  HIGHEST GUST SPEED    23   HIGHEST GUST DIRECTION    SW (220)
  AVERAGE WIND SPEED    11.9


SKY COVER
  POSSIBLE SUNSHINE  MM
  AVERAGE SKY COVER 0.5


WEATHER CONDITIONS
 THE FOLLOWING WEATHER WAS RECORDED TODAY.
  THUNDERSTORM
  LIGHT RAIN
  FOG


RELATIVE HUMIDITY (PERCENT)
 HIGHEST    93           400 AM
 LOWEST     38           300 PM
 AVERAGE    66

..........................................................


THE JONESBORO CLIMATE NORMALS FOR TOMORROW
                         NORMAL    RECORD    YEAR
 MAXIMUM TEMPERATURE (F)   91       105      1901
 MINIMUM TEMPERATURE (F)   70        52      1923


SUNRISE AND SUNSET
JUNE 29 2015..........SUNRISE   549 AM CDT   SUNSET   823 PM CDT
JUNE 30 2015..........SUNRISE   549 AM CDT   SUNSET   823 PM CDT


-  INDICATES NEGATIVE NUMBERS.
R  INDICATES RECORD WAS SET OR TIED.
MM INDICATES DATA IS MISSING.
T  INDICATES TRACE AMOUNT.




$$
