202
CDUS45 KGGW 241232
CLIJDN


CLIMATE REPORT
NATIONAL WEATHER SERVICE GLASGOW MT
631 AM MDT SAT JUN 24 2017


...................................

...THE JORDAN  ASOS MT CLIMATE SUMMARY FOR JUNE 24 2017...
VALID AS OF 0600 AM LOCAL TIME.

CLIMATE NORMAL PERIOD 1981 TO 2010
CLIMATE RECORD PERIOD 9999 TO 9999


WEATHER ITEM   OBSERVED TIME   RECORD YEAR NORMAL DEPARTURE LAST
                VALUE   (LST)  VALUE       VALUE  FROM      YEAR
                                                  NORMAL
..................................................................
TEMPERATURE (F)
 TODAY
  MAXIMUM         47   1200 AM  MM      MM  80    -33       86
  MINIMUM         42    500 AM  MM      MM  50     -8       53
  AVERAGE         45                        65    -20       70

PRECIPITATION (IN)
  TODAY            0.00         MM      MM   0.08  -0.08     0.00
  MONTH TO DATE    0.21                      2.12  -1.91     0.84
  SINCE OCT 1      5.93                      8.03  -2.10    10.92
  SINCE JAN 1      2.72                      6.49  -3.77     7.23

SNOWFALL (IN)
  TODAY            0.0          MM      MM  MM     MM        0.0
  MONTH TO DATE    0.0                      MM     MM        0.0
  SINCE JUN 1      0.0                      MM     MM        0.0
  SINCE JUL 1      0.0                      MM     MM        0.0
  SNOW DEPTH      MM

DEGREE DAYS
 HEATING
  TODAY           20                         2     18        0
  MONTH TO DATE   67                       113    -46       32
  SINCE JUN 1     67                       113    -46       32
  SINCE JUL 1   7567                      8234   -667     7069

 COOLING
  TODAY            0                         3     -3        5
  MONTH TO DATE   60                        32     28       65
  SINCE JUN 1     60                        32     28       65
  SINCE JAN 1     74                        38     36       68
..................................................................


WIND (MPH)
  HIGHEST WIND SPEED    10   HIGHEST WIND DIRECTION    NW (300)
  HIGHEST GUST SPEED    MM   HIGHEST GUST DIRECTION    MM
  AVERAGE WIND SPEED     6.7


SKY COVER
  POSSIBLE SUNSHINE  MM
  AVERAGE SKY COVER 0.0


WEATHER CONDITIONS
 THE FOLLOWING WEATHER WAS RECORDED TODAY.
  NO SIGNIFICANT WEATHER WAS OBSERVED.


RELATIVE HUMIDITY (PERCENT)
 HIGHEST    58           200 AM
 LOWEST     53          1200 AM
 AVERAGE    56

..........................................................


THE JORDAN  ASOS MT CLIMATE NORMALS FOR TOMORROW
                         NORMAL    RECORD    YEAR
 MAXIMUM TEMPERATURE (F)   80        MM        MM
 MINIMUM TEMPERATURE (F)   50        MM        MM


SUNRISE AND SUNSET
JUNE 24 2017..........SUNRISE   512 AM MDT   SUNSET   908 PM MDT
JUNE 25 2017..........SUNRISE   512 AM MDT   SUNSET   908 PM MDT


-  INDICATES NEGATIVE NUMBERS.
R  INDICATES RECORD WAS SET OR TIED.
MM INDICATES DATA IS MISSING.
T  INDICATES TRACE AMOUNT.




$$
