000
CDUS45 KGGW 200016
CLIJDN


CLIMATE REPORT
NATIONAL WEATHER SERVICE GLASGOW MT
515 PM MST FRI DEC 19 2014


...................................

...THE JORDAN  ASOS MT CLIMATE SUMMARY FOR DECEMBER 19 2014...
VALID TODAY AS OF 0500 PM LOCAL TIME.

CLIMATE NORMAL PERIOD 1981 TO 2010
CLIMATE RECORD PERIOD 9999 TO 9999


WEATHER ITEM   OBSERVED TIME   RECORD YEAR NORMAL DEPARTURE LAST
                VALUE   (LST)  VALUE       VALUE  FROM      YEAR
                                                  NORMAL
..................................................................
TEMPERATURE (F)
 TODAY
  MAXIMUM         48        MM  MM      MM  30     18       10
  MINIMUM         18        MM  MM      MM   5     13      -26
  AVERAGE         33                        18     15       -8

PRECIPITATION (IN)
  TODAY            0.00         MM      MM   0.01  -0.01     0.20
  MONTH TO DATE    0.08                      0.15  -0.07     1.02
  SINCE OCT 1      1.00                      1.40  -0.40     1.91
  SINCE JAN 1     13.53                     12.53   1.00    17.37

SNOWFALL (IN)
  TODAY            0.0          MM      MM  MM     MM       MM
  MONTH TO DATE    0.0                      MM     MM        0.0
  SINCE DEC 1      0.0                      MM     MM        0.0
  SINCE JUL 1      0.0                      MM     MM        0.0
  SNOW DEPTH       0

DEGREE DAYS
 HEATING
  TODAY           32                        47    -15       73
  MONTH TO DATE  701                       854   -153     1075
  SINCE DEC 1    701                       854   -153     1075
  SINCE JUL 1   2771                      2872   -101     3012

 COOLING
  TODAY            0                         0      0        0
  MONTH TO DATE    0                         0      0        0
  SINCE DEC 1      0                         0      0        0
  SINCE JAN 1    460                       421     39      520
..................................................................


WIND (MPH)
  HIGHEST WIND SPEED    10   HIGHEST WIND DIRECTION     W (290)
  HIGHEST GUST SPEED    MM   HIGHEST GUST DIRECTION    MM
  AVERAGE WIND SPEED     4.7


SKY COVER
  POSSIBLE SUNSHINE  MM
  AVERAGE SKY COVER 0.0


WEATHER CONDITIONS
 THE FOLLOWING WEATHER WAS RECORDED TODAY.
  NO SIGNIFICANT WEATHER WAS OBSERVED.


RELATIVE HUMIDITY (PERCENT)
 HIGHEST    92           200 AM
 LOWEST     45           100 PM
 AVERAGE    69

..........................................................


THE JORDAN  ASOS MT CLIMATE NORMALS FOR TOMORROW
                         NORMAL    RECORD    YEAR
 MAXIMUM TEMPERATURE (F)   30        MM        MM
 MINIMUM TEMPERATURE (F)    5        MM        MM


SUNRISE AND SUNSET
DECEMBER 19 2014......SUNRISE   750 AM MST   SUNSET   419 PM MST
DECEMBER 20 2014......SUNRISE   751 AM MST   SUNSET   419 PM MST


-  INDICATES NEGATIVE NUMBERS.
R  INDICATES RECORD WAS SET OR TIED.
MM INDICATES DATA IS MISSING.
T  INDICATES TRACE AMOUNT.




$$
