000
CDUS45 KGGW 031247
CLIJDN


CLIMATE REPORT
NATIONAL WEATHER SERVICE GLASGOW MT
647 AM MDT MON AUG 3 2015


...................................

...THE JORDAN  ASOS MT CLIMATE SUMMARY FOR AUGUST 3 2015...
VALID AS OF 0600 AM LOCAL TIME.

CLIMATE NORMAL PERIOD 1981 TO 2010
CLIMATE RECORD PERIOD 9999 TO 9999


WEATHER ITEM   OBSERVED TIME   RECORD YEAR NORMAL DEPARTURE LAST
                VALUE   (LST)  VALUE       VALUE  FROM      YEAR
                                                  NORMAL
..................................................................
TEMPERATURE (F)
 TODAY
  MAXIMUM         62    100 AM  MM      MM  88    -26       91
  MINIMUM         52    500 AM  MM      MM  56     -4       64
  AVERAGE         57                        72    -15       78

PRECIPITATION (IN)
  TODAY            0.00         MM      MM   0.04  -0.04     0.14
  MONTH TO DATE    0.00                      0.13  -0.13     0.30
  SINCE OCT 1     10.15                     10.40  -0.25     8.07
  SINCE JAN 1      8.96                      8.86   0.10     5.66

SNOWFALL (IN)
  TODAY            0.0          MM      MM  MM     MM        0.0
  MONTH TO DATE    0.0                      MM     MM        0.0
  SINCE JUN 1      0.0                      MM     MM        0.0
  SINCE JUL 1      0.0                      MM     MM        0.0
  SNOW DEPTH      MM

DEGREE DAYS
 HEATING
  TODAY            8                         0      8        0
  MONTH TO DATE    8                         0      8        0
  SINCE JUN 1     54                       150    -96      135
  SINCE JUL 1     10                        25    -15        5

 COOLING
  TODAY            0                         7     -7       13
  MONTH TO DATE   16                        21     -5       33
  SINCE JUN 1    320                       246     74      281
  SINCE JAN 1    320                       252     68      306
..................................................................


WIND (MPH)
  HIGHEST WIND SPEED     6   HIGHEST WIND DIRECTION     E (90)
  HIGHEST GUST SPEED    MM   HIGHEST GUST DIRECTION    MM
  AVERAGE WIND SPEED     2.5


SKY COVER
  POSSIBLE SUNSHINE  MM
  AVERAGE SKY COVER 0.0


WEATHER CONDITIONS
 THE FOLLOWING WEATHER WAS RECORDED TODAY.
  NO SIGNIFICANT WEATHER WAS OBSERVED.


RELATIVE HUMIDITY (PERCENT)
 HIGHEST    77           500 AM
 LOWEST     56           100 AM
 AVERAGE    67

..........................................................


THE JORDAN  ASOS MT CLIMATE NORMALS FOR TOMORROW
                         NORMAL    RECORD    YEAR
 MAXIMUM TEMPERATURE (F)   88        MM        MM
 MINIMUM TEMPERATURE (F)   55        MM        MM


SUNRISE AND SUNSET
AUGUST  3 2015........SUNRISE   548 AM MDT   SUNSET   838 PM MDT
AUGUST  4 2015........SUNRISE   549 AM MDT   SUNSET   837 PM MDT


-  INDICATES NEGATIVE NUMBERS.
R  INDICATES RECORD WAS SET OR TIED.
MM INDICATES DATA IS MISSING.
T  INDICATES TRACE AMOUNT.




$$
