000
CDUS45 KBOI 300930
CLIJER


CLIMATE REPORT
NATIONAL WEATHER SERVICE BOISE ID
330 AM MDT THU OCT 30 2014


...................................

...THE JEROME ID CLIMATE SUMMARY FOR OCTOBER 29 2014...

CLIMATE NORMAL PERIOD 1981 TO 2010
CLIMATE RECORD PERIOD 1919 TO 2014


WEATHER ITEM   OBSERVED TIME   RECORD YEAR NORMAL DEPARTURE LAST
                VALUE   (LST)  VALUE       VALUE  FROM      YEAR
                                                  NORMAL
..................................................................
TEMPERATURE (F)
 YESTERDAY
  MAXIMUM         62    352 PM  78    1968  55      7       47
  MINIMUM         37    455 AM  12    1971  34      3       32
  AVERAGE         50                        44      6       40

PRECIPITATION (IN)
  YESTERDAY        0.00          0.51 1924   0.03  -0.03     0.00
  MONTH TO DATE    0.34                      0.74  -0.40     0.08
  SINCE OCT 1      0.34                      0.74  -0.40     0.08
  SINCE JAN 1      9.41                      8.03   1.38     3.10

DEGREE DAYS
 HEATING
  YESTERDAY       15                        21     -6       25
  MONTH TO DATE  302                       453   -151      506
  SINCE SEP 1    410                       623   -213      644
  SINCE JUL 1    437                       656   -219      644

 COOLING
  YESTERDAY        0                         0      0        0
  MONTH TO DATE    0                         0      0        0
  SINCE SEP 1     60                        44     16       86
  SINCE JAN 1    652                       509    143      904
..................................................................


WIND (MPH)
  HIGHEST WIND SPEED    15   HIGHEST WIND DIRECTION    NE (40)
  HIGHEST GUST SPEED    18   HIGHEST GUST DIRECTION    NE (30)
  AVERAGE WIND SPEED     7.2


SKY COVER
  AVERAGE SKY COVER 0.4


WEATHER CONDITIONS
 THE FOLLOWING WEATHER WAS RECORDED YESTERDAY.
  NO SIGNIFICANT WEATHER WAS OBSERVED.


RELATIVE HUMIDITY (PERCENT)
 HIGHEST    71          1000 PM
 LOWEST     31          1200 PM
 AVERAGE    51

..........................................................


THE JEROME ID CLIMATE NORMALS FOR TODAY
                         NORMAL    RECORD    YEAR
 MAXIMUM TEMPERATURE (F)   54        76      1962
 MINIMUM TEMPERATURE (F)   34        19      1972


SUNRISE AND SUNSET
OCTOBER 30 2014.......SUNRISE   809 AM MDT   SUNSET   633 PM MDT
OCTOBER 31 2014.......SUNRISE   811 AM MDT   SUNSET   632 PM MDT


-  INDICATES NEGATIVE NUMBERS.
R  INDICATES RECORD WAS SET OR TIED.
MM INDICATES DATA IS MISSING.
T  INDICATES TRACE AMOUNT.




$$
