000
CDUS45 KBOI 270931
CLIJER


CLIMATE REPORT
NATIONAL WEATHER SERVICE BOISE ID
331 AM MDT THU AUG 27 2015


...................................

...THE JEROME ID CLIMATE SUMMARY FOR AUGUST 26 2015...

CLIMATE NORMAL PERIOD 1981 TO 2010
CLIMATE RECORD PERIOD 1919 TO 2015


WEATHER ITEM   OBSERVED TIME   RECORD YEAR NORMAL DEPARTURE LAST
                VALUE   (LST)  VALUE       VALUE  FROM      YEAR
                                                  NORMAL
..................................................................
TEMPERATURE (F)
 YESTERDAY
  MAXIMUM         92    243 PM  99    1988  84      8       77
  MINIMUM         61    602 AM  37    1992  52      9       49
  AVERAGE         77                        68      9       63

PRECIPITATION (IN)
  YESTERDAY        0.00          0.51 1977   0.01  -0.01      T
  MONTH TO DATE    0.95                      0.21   0.74     3.51
  SINCE OCT 1      9.62                     10.33  -0.71     9.16
  SINCE JAN 1      6.72                      6.81  -0.09     8.56

DEGREE DAYS
 HEATING
  YESTERDAY        0                         1     -1        2
  MONTH TO DATE    3                         8     -5       22
  SINCE JUN 1     30                       127    -97       96
  SINCE JUL 1     15                        20     -5       22

 COOLING
  YESTERDAY       12                         4      8        0
  MONTH TO DATE  185                       162     23      154
  SINCE JUN 1    600                       432    168      571
  SINCE JAN 1    610                       445    165      581
..................................................................


WIND (MPH)
  HIGHEST WIND SPEED    26   HIGHEST WIND DIRECTION     N (20)
  HIGHEST GUST SPEED    38   HIGHEST GUST DIRECTION     N (360)
  AVERAGE WIND SPEED     9.9


SKY COVER
  AVERAGE SKY COVER 0.0


WEATHER CONDITIONS
 THE FOLLOWING WEATHER WAS RECORDED YESTERDAY.
  HAZE


RELATIVE HUMIDITY (PERCENT)
 HIGHEST    44           200 AM
 LOWEST     21           200 PM
 AVERAGE    33

..........................................................


THE JEROME ID CLIMATE NORMALS FOR TODAY
                         NORMAL    RECORD    YEAR
 MAXIMUM TEMPERATURE (F)   84       103      1924
 MINIMUM TEMPERATURE (F)   52        37      1992


SUNRISE AND SUNSET
AUGUST 27 2015........SUNRISE   657 AM MDT   SUNSET   821 PM MDT
AUGUST 28 2015........SUNRISE   658 AM MDT   SUNSET   819 PM MDT


-  INDICATES NEGATIVE NUMBERS.
R  INDICATES RECORD WAS SET OR TIED.
MM INDICATES DATA IS MISSING.
T  INDICATES TRACE AMOUNT.




$$
