000
CDUS45 KBOI 260935
CLIJER


CLIMATE REPORT
NATIONAL WEATHER SERVICE BOISE ID
334 AM MDT SUN MAR 26 2017


...................................

...THE JEROME ID CLIMATE SUMMARY FOR MARCH 25 2017...

CLIMATE NORMAL PERIOD 1981 TO 2010
CLIMATE RECORD PERIOD 1915 TO 2017


WEATHER ITEM   OBSERVED TIME   RECORD YEAR NORMAL DEPARTURE LAST
                VALUE   (LST)  VALUE       VALUE  FROM      YEAR
                                                  NORMAL
..................................................................
TEMPERATURE (F)
 YESTERDAY
  MAXIMUM         54    336 PM  74    1960  53      1       47
  MINIMUM         38   1158 PM   9    1965  33      5       28
  AVERAGE         46                        43      3       38

PRECIPITATION (IN)
  YESTERDAY        T             0.55 1950   0.04  -0.04     0.01
                                      1928
  MONTH TO DATE    0.81                      0.79   0.02     1.35
  SINCE OCT 1      7.99                      6.25   1.74     7.35
  SINCE JAN 1      3.47                      2.73   0.74     2.76

DEGREE DAYS
 HEATING
  YESTERDAY       19                        22     -3       27
  MONTH TO DATE  502                       639   -137      531
  SINCE MAR 1    502                       639   -137      531
  SINCE JUL 1   4925                      5526   -601     5070

 COOLING
  YESTERDAY        0                         0      0        0
  MONTH TO DATE    0                         0      0        0
  SINCE MAR 1      0                         0      0        0
  SINCE JAN 1      0                         0      0        0
..................................................................


WIND (MPH)
  HIGHEST WIND SPEED    23   HIGHEST WIND DIRECTION     W (250)
  HIGHEST GUST SPEED    28   HIGHEST GUST DIRECTION    SW (240)
  AVERAGE WIND SPEED     9.7


SKY COVER
  AVERAGE SKY COVER 0.2


WEATHER CONDITIONS
 THE FOLLOWING WEATHER WAS RECORDED YESTERDAY.
  LIGHT RAIN
  FOG


RELATIVE HUMIDITY (PERCENT)
 HIGHEST   100           300 AM
 LOWEST     32           400 PM
 AVERAGE    66

..........................................................


THE JEROME ID CLIMATE NORMALS FOR TODAY
                         NORMAL    RECORD    YEAR
 MAXIMUM TEMPERATURE (F)   53        72      2007
 MINIMUM TEMPERATURE (F)   33        15      1917


SUNRISE AND SUNSET
MARCH 26 2017.........SUNRISE   730 AM MDT   SUNSET   757 PM MDT
MARCH 27 2017.........SUNRISE   728 AM MDT   SUNSET   759 PM MDT


-  INDICATES NEGATIVE NUMBERS.
R  INDICATES RECORD WAS SET OR TIED.
MM INDICATES DATA IS MISSING.
T  INDICATES TRACE AMOUNT.




$$
