000
CDUS45 KBOI 280931
CLIJER


CLIMATE REPORT
NATIONAL WEATHER SERVICE BOISE ID
331 AM MDT THU MAY 28 2015


...................................

...THE JEROME ID CLIMATE SUMMARY FOR MAY 27 2015...

CLIMATE NORMAL PERIOD 1981 TO 2010
CLIMATE RECORD PERIOD 1919 TO 2015


WEATHER ITEM   OBSERVED TIME   RECORD YEAR NORMAL DEPARTURE LAST
                VALUE   (LST)  VALUE       VALUE  FROM      YEAR
                                                  NORMAL
..................................................................
TEMPERATURE (F)
 YESTERDAY
  MAXIMUM         72    156 PM  95    1958  71      1       85
  MINIMUM         47    531 AM  29    1920  45      2       52
  AVERAGE         60                        58      2       69

PRECIPITATION (IN)
  YESTERDAY        0.06          0.42 2006   0.03   0.03     0.00
  MONTH TO DATE    3.17                      1.14   2.03     0.34
  SINCE OCT 1      8.08                      9.02  -0.94     5.28
  SINCE JAN 1      5.18                      5.50  -0.32     4.68

DEGREE DAYS
 HEATING
  YESTERDAY        5                         8     -3        0
  MONTH TO DATE  219                       296    -77      210
  SINCE MAR 1   1281                      1612   -331     1429
  SINCE JUL 1   5323                      6499  -1176     6097

 COOLING
  YESTERDAY        0                         1     -1        4
  MONTH TO DATE    0                         6     -6       10
  SINCE MAR 1      0                         6     -6       10
  SINCE JAN 1      0                         6     -6       10
..................................................................


WIND (MPH)
  HIGHEST WIND SPEED    24   HIGHEST WIND DIRECTION    SW (240)
  HIGHEST GUST SPEED    29   HIGHEST GUST DIRECTION     W (250)
  AVERAGE WIND SPEED     7.6


SKY COVER
  AVERAGE SKY COVER 0.2


WEATHER CONDITIONS
 THE FOLLOWING WEATHER WAS RECORDED YESTERDAY.
  THUNDERSTORM
  RAIN
  LIGHT RAIN


RELATIVE HUMIDITY (PERCENT)
 HIGHEST    83           200 AM
 LOWEST     33           300 PM
 AVERAGE    58

..........................................................


THE JEROME ID CLIMATE NORMALS FOR TODAY
                         NORMAL    RECORD    YEAR
 MAXIMUM TEMPERATURE (F)   71        95      1919
 MINIMUM TEMPERATURE (F)   46        28      1954


SUNRISE AND SUNSET
MAY 28 2015...........SUNRISE   605 AM MDT   SUNSET   906 PM MDT
MAY 29 2015...........SUNRISE   604 AM MDT   SUNSET   907 PM MDT


-  INDICATES NEGATIVE NUMBERS.
R  INDICATES RECORD WAS SET OR TIED.
MM INDICATES DATA IS MISSING.
T  INDICATES TRACE AMOUNT.




$$
