000
CDUS45 KBOI 260932
CLIJER


CLIMATE REPORT
NATIONAL WEATHER SERVICE BOISE ID
231 AM MST SUN FEB 26 2017


...................................

...THE JEROME ID CLIMATE SUMMARY FOR FEBRUARY 25 2017...

CLIMATE NORMAL PERIOD 1981 TO 2010
CLIMATE RECORD PERIOD 1915 TO 2017


WEATHER ITEM   OBSERVED TIME   RECORD YEAR NORMAL DEPARTURE LAST
                VALUE   (LST)  VALUE       VALUE  FROM      YEAR
                                                  NORMAL
..................................................................
TEMPERATURE (F)
 YESTERDAY
  MAXIMUM         MM        MM  69    1986  43     MM       53
  MINIMUM         MM        MM   4    1933  25     MM       28
  AVERAGE         MM                        34     MM       41

PRECIPITATION (IN)
  YESTERDAY        0.00          0.23 1987   0.03  -0.03     0.00
  MONTH TO DATE    1.37                      0.77   0.60     0.20
  SINCE OCT 1      7.18                      5.35   1.83     6.00
  SINCE JAN 1      2.66                      1.83   0.83     1.41

DEGREE DAYS
 HEATING
  YESTERDAY       MM                        31     MM       24
  MONTH TO DATE  555                       870   -315      783
  SINCE DEC 1   3119                      3244   -125     3120
  SINCE JUL 1   4345                      4795   -450     4453

 COOLING
  YESTERDAY       MM                         0     MM        0
  MONTH TO DATE    0                         0      0        0
  SINCE DEC 1      0                         0      0        0
  SINCE JAN 1      0                         0      0        0
..................................................................


WIND (MPH)
  HIGHEST WIND SPEED    MM   HIGHEST WIND DIRECTION    MM
  HIGHEST GUST SPEED    MM   HIGHEST GUST DIRECTION    MM
  AVERAGE WIND SPEED    MM


SKY COVER
  AVERAGE SKY COVER 0.0


WEATHER CONDITIONS
 THE FOLLOWING WEATHER WAS RECORDED YESTERDAY.
  NO SIGNIFICANT WEATHER WAS OBSERVED.


RELATIVE HUMIDITY (PERCENT)
 HIGHEST    MM
 LOWEST     MM
 AVERAGE    MM

..........................................................


THE JEROME ID CLIMATE NORMALS FOR TODAY
                         NORMAL    RECORD    YEAR
 MAXIMUM TEMPERATURE (F)   43        67      1986
 MINIMUM TEMPERATURE (F)   25         0      1964


SUNRISE AND SUNSET
FEBRUARY 26 2017......SUNRISE   718 AM MST   SUNSET   624 PM MST
FEBRUARY 27 2017......SUNRISE   716 AM MST   SUNSET   625 PM MST


-  INDICATES NEGATIVE NUMBERS.
R  INDICATES RECORD WAS SET OR TIED.
MM INDICATES DATA IS MISSING.
T  INDICATES TRACE AMOUNT.




$$
