000
CDUS45 KBOI 210933
CLIJER


CLIMATE REPORT
NATIONAL WEATHER SERVICE BOISE ID
332 AM MDT FRI JUL 21 2017


...................................

...THE JEROME ID CLIMATE SUMMARY FOR JULY 20 2017...

CLIMATE NORMAL PERIOD 1981 TO 2010
CLIMATE RECORD PERIOD 1915 TO 2017


WEATHER ITEM   OBSERVED TIME   RECORD YEAR NORMAL DEPARTURE LAST
                VALUE   (LST)  VALUE       VALUE  FROM      YEAR
                                                  NORMAL
..................................................................
TEMPERATURE (F)
 YESTERDAY
  MAXIMUM         91    409 PM 106    1931  88      3       89
  MINIMUM         57    554 AM  43    1932  57      0       57
  AVERAGE         74                        72      2       73

PRECIPITATION (IN)
  YESTERDAY        0.00          0.06 1972   0.01  -0.01     0.00
  MONTH TO DATE    T                         0.14  -0.14     0.03
  SINCE OCT 1     11.25                     10.03   1.22     9.99
  SINCE JAN 1      6.73                      6.51   0.22     5.40

DEGREE DAYS
 HEATING
  YESTERDAY        0                         0      0        0
  MONTH TO DATE    0                        10    -10       15
  SINCE JUN 1     64                       117    -53       57
  SINCE JUL 1      0                        10    -10       15

 COOLING
  YESTERDAY        9                         7      2        8
  MONTH TO DATE  267                       119    148      102
  SINCE JUN 1    382                       187    195      263
  SINCE JAN 1    398                       200    198      267
..................................................................


WIND (MPH)
  HIGHEST WIND SPEED    20   HIGHEST WIND DIRECTION     W (250)
  HIGHEST GUST SPEED    26   HIGHEST GUST DIRECTION     W (260)
  AVERAGE WIND SPEED     7.7


SKY COVER
  AVERAGE SKY COVER 0.0


WEATHER CONDITIONS
 THE FOLLOWING WEATHER WAS RECORDED YESTERDAY.
  NO SIGNIFICANT WEATHER WAS OBSERVED.


RELATIVE HUMIDITY (PERCENT)
 HIGHEST    57           600 AM
 LOWEST     12           300 PM
 AVERAGE    35

..........................................................


THE JEROME ID CLIMATE NORMALS FOR TODAY
                         NORMAL    RECORD    YEAR
 MAXIMUM TEMPERATURE (F)   88       105      2003
 MINIMUM TEMPERATURE (F)   57        42      1950
                                             1924


SUNRISE AND SUNSET
JULY 21 2017..........SUNRISE   619 AM MDT   SUNSET   909 PM MDT
JULY 22 2017..........SUNRISE   620 AM MDT   SUNSET   908 PM MDT


-  INDICATES NEGATIVE NUMBERS.
R  INDICATES RECORD WAS SET OR TIED.
MM INDICATES DATA IS MISSING.
T  INDICATES TRACE AMOUNT.




$$
