446
CDUS45 KBOI 260932
CLIJER


CLIMATE REPORT
NATIONAL WEATHER SERVICE BOISE ID
332 AM MDT FRI AUG 26 2016


...................................

...THE JEROME ID CLIMATE SUMMARY FOR AUGUST 25 2016...

CLIMATE NORMAL PERIOD 1981 TO 2010
CLIMATE RECORD PERIOD 1915 TO 2016


WEATHER ITEM   OBSERVED TIME   RECORD YEAR NORMAL DEPARTURE LAST
                VALUE   (LST)  VALUE       VALUE  FROM      YEAR
                                                  NORMAL
..................................................................
TEMPERATURE (F)
 YESTERDAY
  MAXIMUM         80    412 PM 103    1926  84     -4       91
  MINIMUM         51    644 AM  37    1960  53     -2       58
  AVERAGE         66                        68     -2       75

PRECIPITATION (IN)
  YESTERDAY        0.00          0.08 2014   0.01  -0.01     0.00
  MONTH TO DATE    T                         0.20  -0.20     0.95
  SINCE OCT 1      9.99                     10.32  -0.33     9.62
  SINCE JAN 1      5.40                      6.80  -1.40     6.72

DEGREE DAYS
 HEATING
  YESTERDAY        0                         1     -1        0
  MONTH TO DATE    6                         7     -1        3
  SINCE JUN 1     63                       126    -63       30
  SINCE JUL 1     21                        19      2       15

 COOLING
  YESTERDAY        1                         4     -3       10
  MONTH TO DATE  146                       158    -12      173
  SINCE JUN 1    538                       428    110      588
  SINCE JAN 1    542                       441    101      598
..................................................................


WIND (MPH)
  HIGHEST WIND SPEED    17   HIGHEST WIND DIRECTION     E (90)
  HIGHEST GUST SPEED    22   HIGHEST GUST DIRECTION     E (90)
  AVERAGE WIND SPEED     8.6


SKY COVER
  AVERAGE SKY COVER 0.0


WEATHER CONDITIONS
 THE FOLLOWING WEATHER WAS RECORDED YESTERDAY.
  NO SIGNIFICANT WEATHER WAS OBSERVED.


RELATIVE HUMIDITY (PERCENT)
 HIGHEST    59           500 AM
 LOWEST     16           600 PM
 AVERAGE    38

..........................................................


THE JEROME ID CLIMATE NORMALS FOR TODAY
                         NORMAL    RECORD    YEAR
 MAXIMUM TEMPERATURE (F)   84        99      1988
 MINIMUM TEMPERATURE (F)   52        37      1992


SUNRISE AND SUNSET
AUGUST 26 2016........SUNRISE   657 AM MDT   SUNSET   821 PM MDT
AUGUST 27 2016........SUNRISE   658 AM MDT   SUNSET   820 PM MDT


-  INDICATES NEGATIVE NUMBERS.
R  INDICATES RECORD WAS SET OR TIED.
MM INDICATES DATA IS MISSING.
T  INDICATES TRACE AMOUNT.




$$
