836
CDUS41 KOKX 290618
CLIJFK


CLIMATE REPORT
NATIONAL WEATHER SERVICE NEW YORK NY
217 AM EDT WED MAR 29 2017


...................................

...THE KENNEDY NY CLIMATE SUMMARY FOR MARCH 28 2017...

CLIMATE NORMAL PERIOD 1981 TO 2010
CLIMATE RECORD PERIOD 1948 TO 2017


WEATHER ITEM   OBSERVED TIME   RECORD YEAR NORMAL DEPARTURE LAST
                VALUE   (LST)  VALUE       VALUE  FROM      YEAR
                                                  NORMAL
..................................................................
TEMPERATURE (F)
 YESTERDAY
  MAXIMUM         49    247 PM  76    1991  53     -4       64
                                      1989
  MINIMUM         42    710 PM  22    1982  38      4       43
  AVERAGE         46                        45      1       54

PRECIPITATION (IN)
  YESTERDAY        0.93          2.56 2005   0.13   0.80     0.48
  MONTH TO DATE    3.71                      3.39   0.32     1.39
  SINCE MAR 1      3.71                      3.39   0.32     1.39
  SINCE JAN 1      9.93                      9.14   0.79    10.03

SNOWFALL (IN)
  YESTERDAY        0.0           0.8  1984   0.0    0.0      0.0
  MONTH TO DATE    7.5                       3.3    4.2      1.9
  SINCE OCT 1     30.9                      22.8    8.1     41.4
  SINCE JUL 1     30.9                      22.8    8.1     41.4
  SNOW DEPTH       0

DEGREE DAYS
 HEATING
  YESTERDAY       19                        20     -1       11
  MONTH TO DATE  730                       666     64      485
  SINCE MAR 1    730                       666     64      485
  SINCE JUL 1   3648                      4177   -529     3239

 COOLING
  YESTERDAY        0                         0      0        0
  MONTH TO DATE    0                         0      0        0
  SINCE MAR 1      0                         0      0        0
  SINCE JAN 1      0                         0      0        0
..................................................................


WIND (MPH)
  HIGHEST WIND SPEED    21   HIGHEST WIND DIRECTION     E (80)
  HIGHEST GUST SPEED    25   HIGHEST GUST DIRECTION     E (80)
  AVERAGE WIND SPEED     8.3


SKY COVER
  POSSIBLE SUNSHINE  MM
  AVERAGE SKY COVER 1.0


WEATHER CONDITIONS
 THE FOLLOWING WEATHER WAS RECORDED YESTERDAY.
  THUNDERSTORM
  HEAVY RAIN
  RAIN
  LIGHT RAIN
  FOG


RELATIVE HUMIDITY (PERCENT)
 HIGHEST   100           600 AM
 LOWEST     86           200 AM
 AVERAGE    93

..........................................................


THE KENNEDY NY CLIMATE NORMALS FOR TODAY
                         NORMAL    RECORD    YEAR
 MAXIMUM TEMPERATURE (F)   53        82      1998
 MINIMUM TEMPERATURE (F)   38        26      1959


SUNRISE AND SUNSET
MARCH 29 2017.........SUNRISE   643 AM EDT   SUNSET   717 PM EDT
MARCH 30 2017.........SUNRISE   642 AM EDT   SUNSET   718 PM EDT


-  INDICATES NEGATIVE NUMBERS.
R  INDICATES RECORD WAS SET OR TIED.
MM INDICATES DATA IS MISSING.
T  INDICATES TRACE AMOUNT.




$$
