000
CDUS41 KOKX 142031
CLIJFK


CLIMATE REPORT
NATIONAL WEATHER SERVICE NEW YORK NY
431 PM EDT SUN SEP 14 2014


...................................

...THE KENNEDY NY CLIMATE SUMMARY FOR SEPTEMBER 14 2014...
VALID TODAY AS OF 0400 PM LOCAL TIME.

CLIMATE NORMAL PERIOD 1981 TO 2010
CLIMATE RECORD PERIOD 1949 TO 2014


WEATHER ITEM   OBSERVED TIME   RECORD YEAR NORMAL DEPARTURE LAST
                VALUE   (LST)  VALUE       VALUE  FROM      YEAR
                                                  NORMAL
..................................................................
TEMPERATURE (F)
 TODAY
  MAXIMUM         72    256 PM  89    1995  76     -4       70
                                      1972
  MINIMUM         54    609 AM  48    1975  62     -8       55
                                      1963
  AVERAGE         63                        69     -6       63

PRECIPITATION (IN)
  TODAY            0.00          1.60 1973   0.11  -0.11     0.00
  MONTH TO DATE    0.33                      1.49  -1.16     0.41
  SINCE SEP 1      0.33                      1.49  -1.16     0.41
  SINCE JAN 1     34.44                     30.45   3.99    26.60

SNOWFALL (IN)
  TODAY            0.0          MM      MM   0.0    0.0      0.0
  MONTH TO DATE    0.0                       0.0    0.0      0.0
  SINCE OCT 1     45.6                      23.8   21.8     17.6
  SINCE JUL 1      0.0                       0.0    0.0      0.0
  SNOW DEPTH       0

DEGREE DAYS
 HEATING
  TODAY            2                         1      1        2
  MONTH TO DATE    2                         4     -2        5
  SINCE SEP 1      2                         4     -2        5
  SINCE JUL 1      2                         5     -3        5

 COOLING
  TODAY            0                         5     -5        0
  MONTH TO DATE  130                        87     43      110
  SINCE SEP 1    130                        87     43      110
  SINCE JAN 1    993                       948     45     1069
..................................................................


WIND (MPH)
  HIGHEST WIND SPEED    18   HIGHEST WIND DIRECTION     N (350)
  HIGHEST GUST SPEED    23   HIGHEST GUST DIRECTION    NW (330)
  AVERAGE WIND SPEED     9.4


SKY COVER
  AVERAGE SKY COVER 0.4


WEATHER CONDITIONS
 THE FOLLOWING WEATHER WAS RECORDED TODAY.
  NO SIGNIFICANT WEATHER WAS OBSERVED.


RELATIVE HUMIDITY (PERCENT)
 HIGHEST    78          1200 AM
 LOWEST     31           300 PM
 AVERAGE    55

..........................................................


THE KENNEDY NY CLIMATE NORMALS FOR TOMORROW
                         NORMAL    RECORD    YEAR
 MAXIMUM TEMPERATURE (F)   76        85      2008
 MINIMUM TEMPERATURE (F)   61        45      1975


SUNRISE AND SUNSET
SEPTEMBER 14 2014.....SUNRISE   635 AM EDT   SUNSET   706 PM EDT
SEPTEMBER 15 2014.....SUNRISE   636 AM EDT   SUNSET   704 PM EDT


-  INDICATES NEGATIVE NUMBERS.
R  INDICATES RECORD WAS SET OR TIED.
MM INDICATES DATA IS MISSING.
T  INDICATES TRACE AMOUNT.




$$
