000
CDUS43 KJKL 220544
CLIJKL

CLIMATE REPORT
NATIONAL WEATHER SERVICE JACKSON KY
1244 AM EST THU FEB 22 2018


...................................

...THE JACKSON KY CLIMATE SUMMARY FOR FEBRUARY 21 2018...

CLIMATE NORMAL PERIOD 1981 TO 2010
CLIMATE RECORD PERIOD 1981 TO 2018


WEATHER ITEM   OBSERVED TIME   RECORD YEAR NORMAL DEPARTURE LAST
                VALUE   (LST)  VALUE       VALUE  FROM      YEAR
                                                  NORMAL
..................................................................
TEMPERATURE (F)
 YESTERDAY
  MAXIMUM         80R  1209 PM  75    2017  49     31       75
  MINIMUM         54   1159 PM  14    1988  31     23       54
  AVERAGE         67                        40     27       65

PRECIPITATION (IN)
  YESTERDAY        0.33          1.63 2015   0.13   0.20      T
  MONTH TO DATE    6.78                      2.79   3.99     1.28
  SINCE DEC 1     11.98                     10.58   1.40    12.15
  SINCE JAN 1      8.70                      6.40   2.30     5.99

SNOWFALL (IN)
  YESTERDAY        0.0           2.4  2009   0.2   -0.2      0.0
  MONTH TO DATE    2.6                       5.6   -3.0       T
  SINCE DEC 1     10.4                      17.6   -7.2      4.6
  SINCE JUL 1     10.4                      18.2   -7.8      4.6
  SNOW DEPTH       0

DEGREE DAYS
 HEATING
  YESTERDAY        0                        25    -25        0
  MONTH TO DATE  442                       569   -127      389
  SINCE DEC 1   2321                      2335    -14     1884
  SINCE JUL 1   3043                      3135    -92     2410

COOLING
  YESTERDAY        2                         0      2        0
  MONTH TO DATE   10                         0     10        0
  SINCE DEC 1     10                         1      9        0
  SINCE JAN 1     10                         0     10        0
..................................................................


WIND (MPH)
  HIGHEST WIND SPEED    17   HIGHEST WIND DIRECTION    SW (230)
  HIGHEST GUST SPEED    32   HIGHEST GUST DIRECTION    NW (320)
  AVERAGE WIND SPEED     5.1


SKY COVER
  POSSIBLE SUNSHINE  MM
  AVERAGE SKY COVER 0.6


WEATHER CONDITIONS
 THE FOLLOWING WEATHER WAS RECORDED YESTERDAY.
  HEAVY RAIN
  RAIN
  LIGHT RAIN
  FOG


RELATIVE HUMIDITY (PERCENT)
 HIGHEST    93          1100 PM
 LOWEST     50          1200 PM
 AVERAGE    72

..........................................................


THE JACKSON KY CLIMATE NORMALS FOR TODAY
                         NORMAL    RECORD    YEAR
 MAXIMUM TEMPERATURE (F)   50        71      1992
 MINIMUM TEMPERATURE (F)   31        17      1999


SUNRISE AND SUNSET
FEBRUARY 22 2018......SUNRISE   714 AM EST   SUNSET   620 PM EST
FEBRUARY 23 2018......SUNRISE   713 AM EST   SUNSET   621 PM EST


-  INDICATES NEGATIVE NUMBERS.
R  INDICATES RECORD WAS SET OR TIED.
MM INDICATES DATA IS MISSING.
T  INDICATES TRACE AMOUNT.




$$
