000
CDUS43 KJKL 270524
CLIJKL

CLIMATE REPORT
NATIONAL WEATHER SERVICE JACKSON KY
1223 AM EST THU NOV 27 2014

...................................

...THE JACKSON KY CLIMATE SUMMARY FOR NOVEMBER 26 2014...

CLIMATE NORMAL PERIOD 1981 TO 2010
CLIMATE RECORD PERIOD 1981 TO 2014


WEATHER ITEM   OBSERVED TIME   RECORD YEAR NORMAL DEPARTURE LAST
                VALUE   (LST)  VALUE       VALUE  FROM      YEAR
                                                  NORMAL
..................................................................
TEMPERATURE (F)
 YESTERDAY
  MAXIMUM         50    256 PM  74    1990  53     -3       37
  MINIMUM         33    758 AM  17    1991  36     -3       31
  AVERAGE         42                        44     -2       34

PRECIPITATION (IN)
  YESTERDAY        0.00          1.07 2007   0.14  -0.14     0.96
  MONTH TO DATE    2.95                      3.39  -0.44     2.92
  SINCE SEP 1     13.07                     10.04   3.03     6.32
  SINCE JAN 1     51.37                     43.59   7.78    49.54

SNOWFALL (IN)
  YESTERDAY        0.0                       0.1   -0.1      0.3
  MONTH TO DATE    1.0                       0.4    0.6      1.4
  SINCE SEP 1      1.0                       0.5    0.5      1.5
  SINCE JUL 1      1.0                       0.5    0.5      1.5
  SNOW DEPTH       0

DEGREE DAYS
 HEATING
  YESTERDAY       23                        21      2       31
  MONTH TO DATE  597                       417    180      487
  SINCE SEP 1    893                       712    181      755
  SINCE JUL 1    896                       714    182      757

 COOLING
  YESTERDAY        0                         0      0        0
  MONTH TO DATE    0                         0      0        0
  SINCE SEP 1    164                       172     -8      174
  SINCE JAN 1   1165                      1150     15     1069
..................................................................


WIND (MPH)
  HIGHEST WIND SPEED     8   HIGHEST WIND DIRECTION    NW (300)
  HIGHEST GUST SPEED    14   HIGHEST GUST DIRECTION    NW (300)
  AVERAGE WIND SPEED     3.1


SKY COVER
  POSSIBLE SUNSHINE  MM
  AVERAGE SKY COVER 0.5


WEATHER CONDITIONS
 THE FOLLOWING WEATHER WAS RECORDED YESTERDAY.
  NO SIGNIFICANT WEATHER WAS OBSERVED.


RELATIVE HUMIDITY (PERCENT)
 HIGHEST    75           400 AM
 LOWEST     42           300 PM
 AVERAGE    59

..........................................................


THE JACKSON KY CLIMATE NORMALS FOR TODAY
                         NORMAL    RECORD    YEAR
 MAXIMUM TEMPERATURE (F)   52        79      1990
 MINIMUM TEMPERATURE (F)   36        20      2013


SUNRISE AND SUNSET
NOVEMBER 27 2014......SUNRISE   725 AM EST   SUNSET   516 PM EST
NOVEMBER 28 2014......SUNRISE   726 AM EST   SUNSET   516 PM EST


-  INDICATES NEGATIVE NUMBERS.
R  INDICATES RECORD WAS SET OR TIED.
MM INDICATES DATA IS MISSING.
T  INDICATES TRACE AMOUNT.




$$
