000
CDUS43 KJKL 010541
CLIJKL

CLIMATE REPORT
NATIONAL WEATHER SERVICE JACKSON KY
140 AM EDT SAT NOV 1 2014

...................................

...THE JACKSON KY CLIMATE SUMMARY FOR OCTOBER 31 2014...

CLIMATE NORMAL PERIOD 1981 TO 2010
CLIMATE RECORD PERIOD 1981 TO 2014

WEATHER ITEM   OBSERVED TIME   RECORD YEAR NORMAL DEPARTURE LAST
                VALUE   (LST)  VALUE       VALUE  FROM      YEAR
                                                  NORMAL
..................................................................
TEMPERATURE (F)
 YESTERDAY
  MAXIMUM         45    324 PM  78    2003  64    -19       71
                                      1987
                                      1984
                                      1982
  MINIMUM         35   1159 PM  31    1993  44     -9       61
  AVERAGE         40                        54    -14       66

PRECIPITATION (IN)
  YESTERDAY        0.25          0.74 2009   0.11   0.14     0.01
  MONTH TO DATE    7.77                      3.19   4.58     2.13
  SINCE SEP 1     10.12                      6.65   3.47     3.40
  SINCE JAN 1     48.42                     40.20   8.22    46.62

SNOWFALL (IN)
  YESTERDAY        T                         0.0    0.0      0.0
  MONTH TO DATE    T                         0.1   -0.1      0.1
  SINCE SEP 1      T                         0.1   -0.1      0.1
  SINCE JUL 1      T                         0.1   -0.1      0.1
  SNOW DEPTH       0

DEGREE DAYS
 HEATING
  YESTERDAY       25                        12     13        0
  MONTH TO DATE  263                       245     18      240
  SINCE SEP 1    296                       295      1      268
  SINCE JUL 1    299                       297      2      270

 COOLING
  YESTERDAY        0                         0      0        1
  MONTH TO DATE   19                        29    -10       43
  SINCE SEP 1    164                       172     -8      174
  SINCE JAN 1   1165                      1150     15     1069
..................................................................

WIND (MPH)
  HIGHEST WIND SPEED    23   HIGHEST WIND DIRECTION    NW (320)
  HIGHEST GUST SPEED    32   HIGHEST GUST DIRECTION    NW (320)
  AVERAGE WIND SPEED     3.2

SKY COVER
  POSSIBLE SUNSHINE  MM
  AVERAGE SKY COVER 0.9

WEATHER CONDITIONS
 THE FOLLOWING WEATHER WAS RECORDED YESTERDAY.
  RAIN
  LIGHT RAIN
  LIGHT SNOW
  FOG

RELATIVE HUMIDITY (PERCENT)
 HIGHEST    93          1000 AM
 LOWEST     73          1200 AM
 AVERAGE    83

..........................................................

THE JACKSON KY CLIMATE NORMALS FOR TODAY
                         NORMAL    RECORD    YEAR
 MAXIMUM TEMPERATURE (F)   63        81      2004
 MINIMUM TEMPERATURE (F)   44        30      1993

SUNRISE AND SUNSET
NOVEMBER  1 2014......SUNRISE   758 AM EDT   SUNSET   635 PM EDT
NOVEMBER  2 2014......SUNRISE   659 AM EST   SUNSET   534 PM EST

-  INDICATES NEGATIVE NUMBERS.
R  INDICATES RECORD WAS SET OR TIED.
MM INDICATES DATA IS MISSING.
T  INDICATES TRACE AMOUNT.

$$
