000
CDUS43 KJKL 300529
CLIJKL

CLIMATE REPORT
NATIONAL WEATHER SERVICE JACKSON KY
130 AM EDT TUE SEP 30 2014

...................................

...THE JACKSON KY CLIMATE SUMMARY FOR SEPTEMBER 29 2014...

CLIMATE NORMAL PERIOD 1981 TO 2010
CLIMATE RECORD PERIOD 1981 TO 2014

WEATHER ITEM   OBSERVED TIME   RECORD YEAR NORMAL DEPARTURE LAST
                VALUE   (LST)  VALUE       VALUE  FROM      YEAR
                                                  NORMAL
..................................................................
TEMPERATURE (F)
 YESTERDAY
  MAXIMUM         81    217 PM  87    1986  73      8       75
  MINIMUM         60    720 AM  41    1984  53      7       58
  AVERAGE         71                        63      8       67

PRECIPITATION (IN)
  YESTERDAY        T             1.24 1987   0.11  -0.11     0.00
  MONTH TO DATE    2.35                      3.34  -0.99     1.27
  SINCE SEP 1      2.35                      3.34  -0.99     1.27
  SINCE JAN 1     40.65                     36.89   3.76    44.49

SNOWFALL (IN)
  YESTERDAY        0.0                       0.0    0.0      0.0
  MONTH TO DATE    0.0                       0.0    0.0      0.0
  SINCE SEP 1      0.0                       0.0    0.0      0.0
  SINCE JUL 1      0.0                       0.0    0.0      0.0
  SNOW DEPTH       0

DEGREE DAYS
 HEATING
  YESTERDAY        0                         4     -4        0
  MONTH TO DATE   33                        45    -12       28
  SINCE SEP 1     33                        45    -12       28
  SINCE JUL 1     36                        47    -11       30

 COOLING
  YESTERDAY        6                         2      4        2
  MONTH TO DATE  141                       142     -1      130
  SINCE SEP 1    141                       142     -1      130
  SINCE JAN 1   1142                      1120     22     1025
..................................................................

WIND (MPH)
  HIGHEST WIND SPEED     7   HIGHEST WIND DIRECTION     W (280)
  HIGHEST GUST SPEED     9   HIGHEST GUST DIRECTION     W (270)
  AVERAGE WIND SPEED     0.6

SKY COVER
  POSSIBLE SUNSHINE  MM
  AVERAGE SKY COVER 0.3

WEATHER CONDITIONS
 THE FOLLOWING WEATHER WAS RECORDED YESTERDAY.
  LIGHT RAIN
  FOG
  FOG W/VISIBILITY <= 1/4 MILE

RELATIVE HUMIDITY (PERCENT)
 HIGHEST   100           600 AM
 LOWEST     54           200 PM
 AVERAGE    77
..........................................................

THE JACKSON KY CLIMATE NORMALS FOR TODAY
                         NORMAL    RECORD    YEAR
 MAXIMUM TEMPERATURE (F)   73        85      1986
 MINIMUM TEMPERATURE (F)   53        36      2003

SUNRISE AND SUNSET
SEPTEMBER 30 2014.....SUNRISE   728 AM EDT   SUNSET   718 PM EDT
OCTOBER  1 2014.......SUNRISE   729 AM EDT   SUNSET   716 PM EDT

-  INDICATES NEGATIVE NUMBERS.
R  INDICATES RECORD WAS SET OR TIED.
MM INDICATES DATA IS MISSING.
T  INDICATES TRACE AMOUNT.

$$

GREIF
