000
CDUS43 KSGF 262230
CLIJLN


CLIMATE REPORT
NATIONAL WEATHER SERVICE SPRINGFIELD MO
530 PM CDT WED JUL 26 2017


...................................

...THE JOPLIN MO CLIMATE SUMMARY FOR JULY 26 2017...
VALID TODAY AS OF 0500 PM LOCAL TIME.

CLIMATE NORMAL PERIOD 1981 TO 2010
CLIMATE RECORD PERIOD 1902 TO 2017


WEATHER ITEM   OBSERVED TIME   RECORD YEAR NORMAL DEPARTURE LAST
                VALUE   (LST)  VALUE       VALUE  FROM      YEAR
                                                  NORMAL
..................................................................
TEMPERATURE (F)
 TODAY
  MAXIMUM        100    233 PM 104    1952  91      9       90
  MINIMUM         78    534 AM  56    2004  70      8       73
  AVERAGE         89                        81      8       82

PRECIPITATION (IN)
  TODAY            0.00          2.90 1948   0.11  -0.11     0.45
  MONTH TO DATE    2.07                      3.30  -1.23     5.30
  SINCE JUN 1      6.25                      9.16  -2.91    11.42
  SINCE JAN 1     32.18                     27.11   5.07    25.52

DEGREE DAYS
 HEATING
  TODAY            0                         0      0        0
  MONTH TO DATE    0                         0      0        0
  SINCE JUN 1      0                         5     -5        0
  SINCE JUL 1      0                         0      0        0

 COOLING
  TODAY           24                        16      8       17
  MONTH TO DATE  467                       395     72      419
  SINCE JUN 1    796                       713     83      842
  SINCE JAN 1   1003                       893    110      956
..................................................................


WIND (MPH)
  HIGHEST WIND SPEED    20   HIGHEST WIND DIRECTION     S (190)
  HIGHEST GUST SPEED    26   HIGHEST GUST DIRECTION     S (200)


SKY COVER
  AVERAGE SKY COVER 0.0


WEATHER CONDITIONS
 THE FOLLOWING WEATHER WAS RECORDED TODAY.
  NO SIGNIFICANT WEATHER WAS OBSERVED.


RELATIVE HUMIDITY (PERCENT)
 HIGHEST    85           300 AM
 LOWEST     39           300 PM
 AVERAGE    62

..........................................................


THE JOPLIN MO CLIMATE NORMALS FOR TOMORROW
                         NORMAL    RECORD    YEAR
 MAXIMUM TEMPERATURE (F)   91       105      2011
 MINIMUM TEMPERATURE (F)   70        54      2004


SUNRISE AND SUNSET
JULY 26 2017..........SUNRISE   618 AM CDT   SUNSET   830 PM CDT
JULY 27 2017..........SUNRISE   619 AM CDT   SUNSET   830 PM CDT


-  INDICATES NEGATIVE NUMBERS.
R  INDICATES RECORD WAS SET OR TIED.
MM INDICATES DATA IS MISSING.
T  INDICATES TRACE AMOUNT.




$$
