000
CDUS43 KSGF 250645
CLIJLN


CLIMATE REPORT
NATIONAL WEATHER SERVICE SPRINGFIELD MO
145 AM CDT MON SEP 25 2017


...................................

...THE JOPLIN MO CLIMATE SUMMARY FOR SEPTEMBER 24 2017...

CLIMATE NORMAL PERIOD 1981 TO 2010
CLIMATE RECORD PERIOD 1902 TO 2017


WEATHER ITEM   OBSERVED TIME   RECORD YEAR NORMAL DEPARTURE LAST
                VALUE   (LST)  VALUE       VALUE  FROM      YEAR
                                                  NORMAL
..................................................................
TEMPERATURE (F)
 YESTERDAY
  MAXIMUM         90R   145 PM  90    1911  79     11       89
  MINIMUM         69    627 AM  31    1989  56     13       71
  AVERAGE         80                        67     13       80

PRECIPITATION (IN)
  YESTERDAY        0.00          4.16 1993   0.16  -0.16      T
  MONTH TO DATE    1.08                      3.98  -2.90     2.62
  SINCE SEP 1      1.08                      3.98  -2.90     2.62
  SINCE JAN 1     39.76                     34.95   4.81    32.40

DEGREE DAYS
 HEATING
  YESTERDAY        0                         2     -2        0
  MONTH TO DATE    4                        19    -15        0
  SINCE SEP 1      4                        19    -15        0
  SINCE JUL 1      4                        20    -16        0

 COOLING
  YESTERDAY       15                         5     10       15
  MONTH TO DATE  198                       191      7      257
  SINCE SEP 1    198                       191      7      257
  SINCE JAN 1   1630                      1618     12     1744
..................................................................


WIND (MPH)
  HIGHEST WIND SPEED    16   HIGHEST WIND DIRECTION     S (190)
  HIGHEST GUST SPEED    23   HIGHEST GUST DIRECTION    NE (50)
  AVERAGE WIND SPEED     7.6


SKY COVER
  AVERAGE SKY COVER 0.1


WEATHER CONDITIONS
 THE FOLLOWING WEATHER WAS RECORDED YESTERDAY.
  NO SIGNIFICANT WEATHER WAS OBSERVED.


RELATIVE HUMIDITY (PERCENT)
 HIGHEST    90           500 AM
 LOWEST     51           300 PM
 AVERAGE    71

..........................................................


THE JOPLIN MO CLIMATE NORMALS FOR TODAY
                         NORMAL    RECORD    YEAR
 MAXIMUM TEMPERATURE (F)   78        90      1958
 MINIMUM TEMPERATURE (F)   55        37      1989


SUNRISE AND SUNSET
SEPTEMBER 25 2017.....SUNRISE   709 AM CDT   SUNSET   710 PM CDT
SEPTEMBER 26 2017.....SUNRISE   709 AM CDT   SUNSET   708 PM CDT


-  INDICATES NEGATIVE NUMBERS.
R  INDICATES RECORD WAS SET OR TIED.
MM INDICATES DATA IS MISSING.
T  INDICATES TRACE AMOUNT.




$$
