000
CDUS43 KBIS 250727
CLIJMS


CLIMATE REPORT
NATIONAL WEATHER SERVICE BISMARCK ND
226 AM CDT TUE JUL 25 2017


...................................

...THE JAMESTOWN ND CLIMATE SUMMARY FOR JULY 24 2017...

CLIMATE NORMAL PERIOD 1981 TO 2010
CLIMATE RECORD PERIOD 1891 TO 2017


WEATHER ITEM   OBSERVED TIME   RECORD YEAR NORMAL DEPARTURE LAST
                VALUE   (LST)  VALUE       VALUE  FROM      YEAR
                                                  NORMAL
..................................................................
TEMPERATURE (F)
 YESTERDAY
  MAXIMUM         83    426 PM 109    1931  83      0       80
  MINIMUM         60    523 AM  37    1916  58      2       60
  AVERAGE         72                        70      2       70

PRECIPITATION (IN)
  YESTERDAY        0.00          1.05 1960   0.09  -0.09     0.00
  MONTH TO DATE    0.59                      2.76  -2.17     5.56
  SINCE JUN 1      2.67                      5.95  -3.28     8.01
  SINCE JAN 1      5.46                     11.50  -6.04    13.84

DEGREE DAYS
 HEATING
  YESTERDAY        0                         0      0        0
  MONTH TO DATE    3                        19    -16        7
  SINCE JUN 1     53                       116    -63       56
  SINCE JUL 1      3                        19    -16        7

 COOLING
  YESTERDAY        7                         6      1        5
  MONTH TO DATE  174                       133     41      125
  SINCE JUN 1    257                       213     44      229
  SINCE JAN 1    257                       233     24      243
..................................................................


WIND (MPH)
  HIGHEST WIND SPEED    22   HIGHEST WIND DIRECTION    SE (150)
  HIGHEST GUST SPEED    28   HIGHEST GUST DIRECTION    SE (150)
  AVERAGE WIND SPEED    13.0


SKY COVER
  POSSIBLE SUNSHINE  MM
  AVERAGE SKY COVER 0.0


WEATHER CONDITIONS
 THE FOLLOWING WEATHER WAS RECORDED YESTERDAY.
  NO SIGNIFICANT WEATHER WAS OBSERVED.


RELATIVE HUMIDITY (PERCENT)
 HIGHEST    93          1200 AM
 LOWEST     51           400 PM
 AVERAGE    72

..........................................................


THE JAMESTOWN ND CLIMATE NORMALS FOR TODAY
                         NORMAL    RECORD    YEAR
 MAXIMUM TEMPERATURE (F)   83       102      1941
 MINIMUM TEMPERATURE (F)   58        41      1924


SUNRISE AND SUNSET
JULY 25 2017..........SUNRISE   606 AM CDT   SUNSET   915 PM CDT
JULY 26 2017..........SUNRISE   607 AM CDT   SUNSET   914 PM CDT


-  INDICATES NEGATIVE NUMBERS.
R  INDICATES RECORD WAS SET OR TIED.
MM INDICATES DATA IS MISSING.
T  INDICATES TRACE AMOUNT.




$$
