000
CDUS43 KBIS 300836
CLIJMS


CLIMATE REPORT
NATIONAL WEATHER SERVICE BISMARCK ND
336 AM CDT SAT MAY 30 2015


...................................

...THE JAMESTOWN ND CLIMATE SUMMARY FOR MAY 29 2015...

CLIMATE NORMAL PERIOD 1981 TO 2010
CLIMATE RECORD PERIOD 1891 TO 2015


WEATHER ITEM   OBSERVED TIME   RECORD YEAR NORMAL DEPARTURE LAST
                VALUE   (LST)  VALUE       VALUE  FROM      YEAR
                                                  NORMAL
..................................................................
TEMPERATURE (F)
 YESTERDAY
  MAXIMUM         64   1202 AM 107    1934  72     -8       88
  MINIMUM         41   1159 PM  28    1947  47     -6       63
  AVERAGE         53                        60     -7       76

PRECIPITATION (IN)
  YESTERDAY        0.00          2.72 1953   0.10  -0.10     0.00
  MONTH TO DATE    8.75                      2.46   6.29     4.29
  SINCE MAR 1      9.74                      4.50   5.24     6.96
  SINCE JAN 1     10.16                      5.35   4.81     7.35

DEGREE DAYS
 HEATING
  YESTERDAY       12                         7      5        0
  MONTH TO DATE  338                       311     27      354
  SINCE MAR 1   1925                      2146   -221     2406
  SINCE JUL 1   8662                      8905   -243     9674

 COOLING
  YESTERDAY        0                         1     -1       11
  MONTH TO DATE    8                        18    -10       46
  SINCE MAR 1      8                        20    -12       46
  SINCE JAN 1      8                        20    -12       46
..................................................................


WIND (MPH)
  HIGHEST WIND SPEED    31   HIGHEST WIND DIRECTION     N (10)
  HIGHEST GUST SPEED    37   HIGHEST GUST DIRECTION     N (10)
  AVERAGE WIND SPEED    21.6


SKY COVER
  POSSIBLE SUNSHINE  MM
  AVERAGE SKY COVER 0.6


WEATHER CONDITIONS
 THE FOLLOWING WEATHER WAS RECORDED YESTERDAY.
  NO SIGNIFICANT WEATHER WAS OBSERVED.


RELATIVE HUMIDITY (PERCENT)
 HIGHEST    87          1200 AM
 LOWEST     47           400 PM
 AVERAGE    67

..........................................................


THE JAMESTOWN ND CLIMATE NORMALS FOR TODAY
                         NORMAL    RECORD    YEAR
 MAXIMUM TEMPERATURE (F)   72       101      1939
 MINIMUM TEMPERATURE (F)   48        24      1947


SUNRISE AND SUNSET
MAY 30 2015...........SUNRISE   545 AM CDT   SUNSET   920 PM CDT
MAY 31 2015...........SUNRISE   545 AM CDT   SUNSET   921 PM CDT


-  INDICATES NEGATIVE NUMBERS.
R  INDICATES RECORD WAS SET OR TIED.
MM INDICATES DATA IS MISSING.
T  INDICATES TRACE AMOUNT.




$$
