000
CDUS43 KBIS 030735
CLIJMS


CLIMATE REPORT
NATIONAL WEATHER SERVICE BISMARCK ND
134 AM CST TUE MAR 3 2015


...................................

...THE JAMESTOWN ND CLIMATE SUMMARY FOR MARCH 2 2015...

CLIMATE NORMAL PERIOD 1981 TO 2010
CLIMATE RECORD PERIOD 1891 TO 2015


WEATHER ITEM   OBSERVED TIME   RECORD YEAR NORMAL DEPARTURE LAST
                VALUE   (LST)  VALUE       VALUE  FROM      YEAR
                                                  NORMAL
..................................................................
TEMPERATURE (F)
 YESTERDAY
  MAXIMUM         32    438 PM  68    1905  30      2        2
  MINIMUM         -5    704 AM -27    1913  12    -17      -18
  AVERAGE         14                        21     -7       -8

PRECIPITATION (IN)
  YESTERDAY        0.00          0.76 1966   0.03  -0.03     0.00
  MONTH TO DATE    0.00                      0.05  -0.05      T
  SINCE MAR 1      0.00                      0.05  -0.05      T
  SINCE JAN 1      0.42                      0.90  -0.48     0.39

DEGREE DAYS
 HEATING
  YESTERDAY       51                        44      7       73
  MONTH TO DATE  106                        88     18      149
  SINCE MAR 1    106                        88     18      149
  SINCE JUL 1   6843                      6847     -4     7417

 COOLING
  YESTERDAY        0                         0      0        0
  MONTH TO DATE    0                         0      0        0
  SINCE MAR 1      0                         0      0        0
  SINCE JAN 1      0                         0      0        0
..................................................................


WIND (MPH)
  HIGHEST WIND SPEED    35   HIGHEST WIND DIRECTION     S (170)
  HIGHEST GUST SPEED    41   HIGHEST GUST DIRECTION     S (180)
  AVERAGE WIND SPEED    14.9


SKY COVER
  POSSIBLE SUNSHINE  MM
  AVERAGE SKY COVER 0.0


WEATHER CONDITIONS
 THE FOLLOWING WEATHER WAS RECORDED YESTERDAY.
  NO SIGNIFICANT WEATHER WAS OBSERVED.


RELATIVE HUMIDITY (PERCENT)
 HIGHEST    87           100 AM
 LOWEST     63           100 PM
 AVERAGE    75

..........................................................


THE JAMESTOWN ND CLIMATE NORMALS FOR TODAY
                         NORMAL    RECORD    YEAR
 MAXIMUM TEMPERATURE (F)   31        74      1905
 MINIMUM TEMPERATURE (F)   12       -19      1917


SUNRISE AND SUNSET
MARCH  3 2015.........SUNRISE   711 AM CST   SUNSET   623 PM CST
MARCH  4 2015.........SUNRISE   709 AM CST   SUNSET   624 PM CST


-  INDICATES NEGATIVE NUMBERS.
R  INDICATES RECORD WAS SET OR TIED.
MM INDICATES DATA IS MISSING.
T  INDICATES TRACE AMOUNT.




$$
