000
CDUS43 KBIS 190020
CLIJMS


CLIMATE REPORT
NATIONAL WEATHER SERVICE BISMARCK ND
720 PM CDT FRI APR 18 2014


...................................

...THE JAMESTOWN ND CLIMATE SUMMARY FOR APRIL 18 2014...
VALID TODAY AS OF 0700 PM LOCAL TIME.

CLIMATE NORMAL PERIOD 1981 TO 2010
CLIMATE RECORD PERIOD 1891 TO 2014


WEATHER ITEM   OBSERVED TIME   RECORD YEAR NORMAL DEPARTURE LAST
                VALUE   (LST)  VALUE       VALUE  FROM      YEAR
                                                  NORMAL
..................................................................
TEMPERATURE (F)
 TODAY
  MAXIMUM         54    229 PM  90    1987  57     -3       35
  MINIMUM         30    522 AM  10    1910  31     -1       24
  AVERAGE         42                        44     -2       30

PRECIPITATION (IN)
  TODAY            0.00          1.11 1986   0.04  -0.04      T
  MONTH TO DATE    0.11                      0.60  -0.49     0.22
  SINCE MAR 1      0.27                      1.44  -1.17     0.50
  SINCE JAN 1      0.66                      2.29  -1.63     0.99

DEGREE DAYS
 HEATING
  TODAY           23                        21      2       35
  MONTH TO DATE  544                       459     85      679
  SINCE MAR 1   1815                      1620    195     2238
  SINCE JUL 1   9083                      8379    704     8985

 COOLING
  TODAY            0                         0      0        0
  MONTH TO DATE    0                         0      0        0
  SINCE MAR 1      0                         0      0        0
  SINCE JAN 1      0                         0      0        0
..................................................................


WIND (MPH)
  RESULTANT WIND SPEED  22   RESULTANT WIND DIRECTION  SE (120)
  HIGHEST WIND SPEED    38   HIGHEST WIND DIRECTION    SE (130)
  HIGHEST GUST SPEED    51   HIGHEST GUST DIRECTION    SE (130)
  AVERAGE WIND SPEED    21.9


SKY COVER
  POSSIBLE SUNSHINE  MM
  AVERAGE SKY COVER 0.5


WEATHER CONDITIONS
 THE FOLLOWING WEATHER WAS RECORDED TODAY.
  NO SIGNIFICANT WEATHER WAS OBSERVED.


RELATIVE HUMIDITY (PERCENT)
 HIGHEST    72           600 AM
 LOWEST     39          1200 PM
 AVERAGE    56

..........................................................


THE JAMESTOWN ND CLIMATE NORMALS FOR TOMORROW
                         NORMAL    RECORD    YEAR
 MAXIMUM TEMPERATURE (F)   57        82      1987
 MINIMUM TEMPERATURE (F)   32        12      1922


SUNRISE AND SUNSET
APRIL 18 2014.........SUNRISE   641 AM CDT   SUNSET   827 PM CDT
APRIL 19 2014.........SUNRISE   640 AM CDT   SUNSET   829 PM CDT


-  INDICATES NEGATIVE NUMBERS.
R  INDICATES RECORD WAS SET OR TIED.
MM INDICATES DATA IS MISSING.
T  INDICATES TRACE AMOUNT.




$$
