000
CDUS43 KBIS 210800
CLIJMS


CLIMATE REPORT
NATIONAL WEATHER SERVICE BISMARCK ND
200 AM CST TUE FEB 21 2017


...................................

...THE JAMESTOWN ND CLIMATE SUMMARY FOR FEBRUARY 20 2017...

CLIMATE NORMAL PERIOD 1981 TO 2010
CLIMATE RECORD PERIOD 1891 TO 2017


WEATHER ITEM   OBSERVED TIME   RECORD YEAR NORMAL DEPARTURE LAST
                VALUE   (LST)  VALUE       VALUE  FROM      YEAR
                                                  NORMAL
..................................................................
TEMPERATURE (F)
 YESTERDAY
  MAXIMUM         45    322 AM  55    1981  26     19       39
  MINIMUM         29   1141 PM -35    1929   7     22       28
  AVERAGE         37                        17     20       34

PRECIPITATION (IN)
  YESTERDAY        0.09          0.56 1955   0.02   0.07      T
  MONTH TO DATE    0.09                      0.25  -0.16     0.06
  SINCE DEC 1      1.60                      1.10   0.50     0.20
  SINCE JAN 1      0.31                      0.70  -0.39     0.06

DEGREE DAYS
 HEATING
  YESTERDAY       28                        48    -20       31
  MONTH TO DATE  875                      1026   -151      863
  SINCE DEC 1   4126                      4304   -178     3781
  SINCE JUL 1   5687                      6388   -701     5429

 COOLING
  YESTERDAY        0                         0      0        0
  MONTH TO DATE    0                         0      0        0
  SINCE DEC 1      0                         0      0        0
  SINCE JAN 1      0                         0      0        0
..................................................................


WIND (MPH)
  HIGHEST WIND SPEED    21   HIGHEST WIND DIRECTION    NW (300)
  HIGHEST GUST SPEED    26   HIGHEST GUST DIRECTION    NW (320)
  AVERAGE WIND SPEED     9.4


SKY COVER
  POSSIBLE SUNSHINE  MM
  AVERAGE SKY COVER 0.6


WEATHER CONDITIONS
 THE FOLLOWING WEATHER WAS RECORDED YESTERDAY.
  RAIN
  LIGHT RAIN
  FOG
  FOG W/VISIBILITY <= 1/4 MILE


RELATIVE HUMIDITY (PERCENT)
 HIGHEST   100          1200 AM
 LOWEST     82           500 PM
 AVERAGE    91

..........................................................


THE JAMESTOWN ND CLIMATE NORMALS FOR TODAY
                         NORMAL    RECORD    YEAR
 MAXIMUM TEMPERATURE (F)   27        50      1982
 MINIMUM TEMPERATURE (F)    8       -30      1918


SUNRISE AND SUNSET
FEBRUARY 21 2017......SUNRISE   728 AM CST   SUNSET   609 PM CST
FEBRUARY 22 2017......SUNRISE   727 AM CST   SUNSET   610 PM CST


-  INDICATES NEGATIVE NUMBERS.
R  INDICATES RECORD WAS SET OR TIED.
MM INDICATES DATA IS MISSING.
T  INDICATES TRACE AMOUNT.




$$
