000
CDUS43 KBIS 110733
CLIJMS


CLIMATE REPORT
NATIONAL WEATHER SERVICE BISMARCK ND
132 AM CST SUN DEC 11 2016


...................................

...THE JAMESTOWN ND CLIMATE SUMMARY FOR DECEMBER 10 2016...

CLIMATE NORMAL PERIOD 1981 TO 2010
CLIMATE RECORD PERIOD 1891 TO 2016


WEATHER ITEM   OBSERVED TIME   RECORD YEAR NORMAL DEPARTURE LAST
                VALUE   (LST)  VALUE       VALUE  FROM      YEAR
                                                  NORMAL
..................................................................
TEMPERATURE (F)
 YESTERDAY
  MAXIMUM          0   1129 PM  55    1939  24    -24       46
  MINIMUM        -17    333 AM -26    1927   7    -24       31
                                      1919
  AVERAGE         -8                        16    -24       39

PRECIPITATION (IN)
  YESTERDAY        T             0.42 1929   0.01  -0.01     0.02
  MONTH TO DATE    0.19                      0.13   0.06     0.04
  SINCE DEC 1      0.19                      0.13   0.06     0.04
  SINCE JAN 1     25.05                     18.50   6.55    22.28

DEGREE DAYS
 HEATING
  YESTERDAY       73                        49     24       26
  MONTH TO DATE  504                       477     27      331
  SINCE DEC 1    504                       477     27      331
  SINCE JUL 1   2065                      2561   -496     1979

 COOLING
  YESTERDAY        0                         0      0        0
  MONTH TO DATE    0                         0      0        0
  SINCE DEC 1      0                         0      0        0
  SINCE JAN 1    419                       446    -27      508
..................................................................


WIND (MPH)
  HIGHEST WIND SPEED    16   HIGHEST WIND DIRECTION     E (100)
  HIGHEST GUST SPEED    20   HIGHEST GUST DIRECTION     E (100)
  AVERAGE WIND SPEED     8.0


SKY COVER
  POSSIBLE SUNSHINE  MM
  AVERAGE SKY COVER 0.7


WEATHER CONDITIONS
 THE FOLLOWING WEATHER WAS RECORDED YESTERDAY.
  LIGHT SNOW
  FOG


RELATIVE HUMIDITY (PERCENT)
 HIGHEST    83          1100 AM
 LOWEST     72           400 PM
 AVERAGE    78

..........................................................


THE JAMESTOWN ND CLIMATE NORMALS FOR TODAY
                         NORMAL    RECORD    YEAR
 MAXIMUM TEMPERATURE (F)   24        62      1939
 MINIMUM TEMPERATURE (F)    6       -32      1945


SUNRISE AND SUNSET
DECEMBER 11 2016......SUNRISE   811 AM CST   SUNSET   446 PM CST
DECEMBER 12 2016......SUNRISE   811 AM CST   SUNSET   446 PM CST


-  INDICATES NEGATIVE NUMBERS.
R  INDICATES RECORD WAS SET OR TIED.
MM INDICATES DATA IS MISSING.
T  INDICATES TRACE AMOUNT.




$$
