000
CDUS43 KBIS 062223
CLIJMS


CLIMATE REPORT
NATIONAL WEATHER SERVICE BISMARCK ND
522 PM CDT FRI MAY 6 2016


...................................

...THE JAMESTOWN ND CLIMATE SUMMARY FOR MAY 6 2016...
VALID TODAY AS OF 0500 PM LOCAL TIME.

CLIMATE NORMAL PERIOD 1981 TO 2010
CLIMATE RECORD PERIOD 1891 TO 2016


WEATHER ITEM   OBSERVED TIME   RECORD YEAR NORMAL DEPARTURE LAST
                VALUE   (LST)  VALUE       VALUE  FROM      YEAR
                                                  NORMAL
..................................................................
TEMPERATURE (F)
 TODAY
  MAXIMUM         77    135 PM  89    1934  65     12       63
                                      1926
  MINIMUM         50    520 AM  20    1929  39     11       56
  AVERAGE         64                        52     12       60

PRECIPITATION (IN)
  TODAY            T             1.09 1999   0.07  -0.07     0.33
  MONTH TO DATE    0.03                      0.43  -0.40     0.33
  SINCE MAR 1      2.96                      2.47   0.49     1.32
  SINCE JAN 1      3.07                      3.32  -0.25     1.74

DEGREE DAYS
 HEATING
  TODAY            1                        14    -13        5
  MONTH TO DATE   56                        87    -31       44
  SINCE MAR 1   1601                      1922   -321     1631
  SINCE JUL 1   7343                      8681  -1338     8368

 COOLING
  TODAY            0                         0      0        0
  MONTH TO DATE    4                         0      4        0
  SINCE MAR 1      4                         2      2        0
  SINCE JAN 1      4                         2      2        0
..................................................................


WIND (MPH)
  RESULTANT WIND SPEED   9   RESULTANT WIND DIRECTION   N (350)
  HIGHEST WIND SPEED    35   HIGHEST WIND DIRECTION     N (20)
  HIGHEST GUST SPEED    42   HIGHEST GUST DIRECTION     N (20)
  AVERAGE WIND SPEED    15.4


SKY COVER
  POSSIBLE SUNSHINE  MM
  AVERAGE SKY COVER 0.1


WEATHER CONDITIONS
 THE FOLLOWING WEATHER WAS RECORDED TODAY.
  LIGHT RAIN


RELATIVE HUMIDITY (PERCENT)
 HIGHEST    83           500 AM
 LOWEST     33           300 PM
 AVERAGE    58

..........................................................


THE JAMESTOWN ND CLIMATE NORMALS FOR TOMORROW
                         NORMAL    RECORD    YEAR
 MAXIMUM TEMPERATURE (F)   65        99      1934
 MINIMUM TEMPERATURE (F)   39        21      1929


SUNRISE AND SUNSET
MAY  6 2016...........SUNRISE   611 AM CDT   SUNSET   852 PM CDT
MAY  7 2016...........SUNRISE   609 AM CDT   SUNSET   854 PM CDT


-  INDICATES NEGATIVE NUMBERS.
R  INDICATES RECORD WAS SET OR TIED.
MM INDICATES DATA IS MISSING.
T  INDICATES TRACE AMOUNT.




$$
