000
CDUS43 KBIS 230800
CLIJMS


CLIMATE REPORT
NATIONAL WEATHER SERVICE BISMARCK ND
300 AM CDT SAT AUG 23 2014


...................................

...THE JAMESTOWN ND CLIMATE SUMMARY FOR AUGUST 22 2014...

CLIMATE NORMAL PERIOD 1981 TO 2010
CLIMATE RECORD PERIOD 1891 TO 2014


WEATHER ITEM   OBSERVED TIME   RECORD YEAR NORMAL DEPARTURE LAST
                VALUE   (LST)  VALUE       VALUE  FROM      YEAR
                                                  NORMAL
..................................................................
TEMPERATURE (F)
 YESTERDAY
  MAXIMUM         76    358 PM 102    1947  80     -4       80
  MINIMUM         62   1033 PM  32    1908  54      8       57
  AVERAGE         69                        67      2       69

PRECIPITATION (IN)
  YESTERDAY        0.01          0.78 1998   0.07  -0.06     0.00
  MONTH TO DATE    1.57                      1.43   0.14     0.62
  SINCE JUN 1      8.75                      7.97   0.78     3.02
  SINCE JAN 1     17.19                     13.52   3.67     8.61

DEGREE DAYS
 HEATING
  YESTERDAY        0                         2     -2        0
  MONTH TO DATE    1                        23    -22       21
  SINCE JUN 1     88                       142    -54      129
  SINCE JUL 1     29                        45    -16       44

 COOLING
  YESTERDAY        4                         4      0        4
  MONTH TO DATE  105                       115    -10       64
  SINCE JUN 1    278                       367    -89      346
  SINCE JAN 1    332                       387    -55      357
..................................................................


WIND (MPH)
  HIGHEST WIND SPEED    13   HIGHEST WIND DIRECTION     N (20)
  HIGHEST GUST SPEED    17   HIGHEST GUST DIRECTION    NE (40)
  AVERAGE WIND SPEED     7.1


SKY COVER
  POSSIBLE SUNSHINE  MM
  AVERAGE SKY COVER 0.6


WEATHER CONDITIONS
 THE FOLLOWING WEATHER WAS RECORDED YESTERDAY.
  LIGHT RAIN
  FOG


RELATIVE HUMIDITY (PERCENT)
 HIGHEST   100           700 AM
 LOWEST     69           400 PM
 AVERAGE    85

..........................................................


THE JAMESTOWN ND CLIMATE NORMALS FOR TODAY
                         NORMAL    RECORD    YEAR
 MAXIMUM TEMPERATURE (F)   80       103      1929
 MINIMUM TEMPERATURE (F)   54        34      1908


SUNRISE AND SUNSET
AUGUST 23 2014........SUNRISE   642 AM CDT   SUNSET   831 PM CDT
AUGUST 24 2014........SUNRISE   644 AM CDT   SUNSET   829 PM CDT


-  INDICATES NEGATIVE NUMBERS.
R  INDICATES RECORD WAS SET OR TIED.
MM INDICATES DATA IS MISSING.
T  INDICATES TRACE AMOUNT.




$$
