000
CDAK47 PAJK 311126
CLIJNU
AKZ025-312300-
CLIMATE REPORT
NATIONAL WEATHER SERVICE JUNEAU, AK
225 AM AKST SAT JAN 31 2015


...................................

...THE JUNEAU CLIMATE SUMMARY FOR JANUARY 30 2015...

CLIMATE NORMAL PERIOD 1981 TO 2010
CLIMATE RECORD PERIOD 1943 TO 2015


WEATHER ITEM   OBSERVED TIME   RECORD YEAR NORMAL DEPARTURE LAST
                VALUE   (LST)  VALUE       VALUE  FROM      YEAR
                                                  NORMAL
..................................................................
TEMPERATURE (F)
 YESTERDAY
  MAXIMUM         35    108 PM  48    2000  34      1       38
  MINIMUM         29   1159 PM -17    1947  24      5       27
  AVERAGE         32                        29      3       33

PRECIPITATION (IN)
  YESTERDAY        0.00          0.98 1976   0.17  -0.17     0.00
  MONTH TO DATE   11.98                      5.18   6.80    10.15
  SINCE DEC 1     15.27                     11.02   4.25    18.67
  SINCE JAN 1     11.98                      5.18   6.80    10.15

SNOWFALL (IN)
  YESTERDAY        0.0           6.8  1982   1.0   -1.0      0.0
  MONTH TO DATE   15.1                      26.8  -11.7      4.7
  SINCE DEC 1     18.6                      42.4  -23.8     44.8
  SINCE JUL 1     28.4                      56.3  -27.9     64.0
  SNOW DEPTH       2

DEGREE DAYS
 HEATING
  YESTERDAY       33                        36     -3       32
  MONTH TO DATE  880                      1106   -226      838
  SINCE DEC 1   1852                      2196   -344     1990
  SINCE JUL 1   4261                      4827   -566     4463
..................................................................


WIND (MPH)
  HIGHEST WIND SPEED     6   HIGHEST WIND DIRECTION     E (70)
  HIGHEST GUST SPEED     7   HIGHEST GUST DIRECTION    NE (50)
  AVERAGE WIND SPEED     0.5


SKY COVER
  POSSIBLE SUNSHINE  MM
  AVERAGE SKY COVER 1.0


WEATHER CONDITIONS
 THE FOLLOWING WEATHER WAS RECORDED YESTERDAY.
  FOG
  FOG W/VISIBILITY <= 1/4 MILE


RELATIVE HUMIDITY (PERCENT)
 HIGHEST   100          1200 AM
 LOWEST     85           900 PM
 AVERAGE    93

..........................................................


THE JUNEAU CLIMATE NORMALS FOR TODAY
                         NORMAL    RECORD    YEAR
 MAXIMUM TEMPERATURE (F)   34        49      1998
 MINIMUM TEMPERATURE (F)   24       -12      1971


SUNRISE AND SUNSET
JANUARY 31 2015.......SUNRISE   806 AM AKST  SUNSET   418 PM AKST
FEBRUARY  1 2015......SUNRISE   804 AM AKST  SUNSET   421 PM AKST


-  INDICATES NEGATIVE NUMBERS.
R  INDICATES RECORD WAS SET OR TIED.
MM INDICATES DATA IS MISSING.
T  INDICATES TRACE AMOUNT.




$$


&&
----------------------------
AMOUNT OF DAYLIGHT TODAY  (HOUR:MIN)........ 8:13
GAIN/LOSS SINCE YESTERDAY (HOUR:MIN:SEC)....+0:04:30
