000
CDAK47 PAJK 171232
CLIJNU
CLIMATE REPORT
NATIONAL WEATHER SERVICE JUNEAU, AK
331 AM AKST FRI NOV 17 2017


...................................

...THE JUNEAU CLIMATE SUMMARY FOR NOVEMBER 16 2017...

CLIMATE NORMAL PERIOD 1981 TO 2010
CLIMATE RECORD PERIOD 1936 TO 2017


WEATHER ITEM   OBSERVED RECORD YEAR NORMAL DEPARTURE LAST
                VALUE   VALUE       VALUE  FROM      YEAR
                                           NORMAL
...........................................................
TEMPERATURE (F)
 YESTERDAY
  MAXIMUM         29     46    1944  37     -8       39
  MINIMUM         11      2    1973  29    -18       25
                               1945
  AVERAGE         20                 33    -13       32

PRECIPITATION (IN)
  YESTERDAY        0.01   1.60 1961   0.20  -0.19     0.00
  MONTH TO DATE    0.46               3.22  -2.76     4.83
  SINCE JAN 1     59.62              53.66   5.96    55.58

SNOWFALL (IN)
  YESTERDAY        T      4.3  1959   0.4   -0.4      0.0
  MONTH TO DATE    4.9                5.2   -0.3      0.0
  SINCE JUL 1      4.9                6.0   -1.1      5.7
  SNOW DEPTH       4

DEGREE DAYS
 HEATING
  YESTERDAY       45                 32     13       33
  MONTH TO DATE  571                483     88      352
...........................................................


WIND (MPH)
  HIGHEST WIND SPEED    20   HIGHEST WIND DIRECTION    SE (120)
  HIGHEST GUST SPEED    24   HIGHEST GUST DIRECTION     E (110)
  AVERAGE WIND SPEED     7.0


SKY COVER
  AVERAGE SKY COVER 0.5


WEATHER CONDITIONS
 THE FOLLOWING WEATHER WAS RECORDED YESTERDAY.
  LIGHT SNOW
  FOG


..........................................................


THE JUNEAU CLIMATE NORMALS FOR TODAY
                         NORMAL    RECORD    YEAR
 MAXIMUM TEMPERATURE (F)   37        50      2005
 MINIMUM TEMPERATURE (F)   29         3      1969
                                             1966


SUNRISE AND SUNSET
NOVEMBER 17 2017......SUNRISE   752 AM AKST  SUNSET   334 PM AKST
NOVEMBER 18 2017......SUNRISE   755 AM AKST  SUNSET   332 PM AKST


-  INDICATES NEGATIVE NUMBERS.
R  INDICATES RECORD WAS SET OR TIED.
MM INDICATES DATA IS MISSING.
T  INDICATES TRACE AMOUNT.




$$
--------------------------------------------------------------

AMOUNT OF DAYLIGHT TODAY (HOUR:MIN)......... 7 HOURS 41 MINUTES
GAIN/LOSS SINCE YESTERDAY (HOUR:MIN:SEC).... -0:04:07

$$
