000
CDAK47 PAJK 221135
CLIJNU
AKZ025-222300-
CLIMATE REPORT
NATIONAL WEATHER SERVICE JUNEAU, AK
235 AM AKST SAT NOV 22 2014


...................................

...THE JUNEAU CLIMATE SUMMARY FOR NOVEMBER 21 2014...

CLIMATE NORMAL PERIOD 1981 TO 2010
CLIMATE RECORD PERIOD 1943 TO 2014


WEATHER ITEM   OBSERVED TIME   RECORD YEAR NORMAL DEPARTURE LAST
                VALUE   (LST)  VALUE       VALUE  FROM      YEAR
                                                  NORMAL
..................................................................
TEMPERATURE (F)
 YESTERDAY
  MAXIMUM         44    143 PM  48    2005  36      8       24
                                      1979
  MINIMUM         33   1244 AM  -5    1966  28      5       18
  AVERAGE         39                        32      7       21

PRECIPITATION (IN)
  YESTERDAY        0.13          3.45 2005   0.19  -0.06     1.05
  MONTH TO DATE    3.30                      4.18  -0.88     3.45
  SINCE SEP 1     20.07                     21.45  -1.38    21.17
  SINCE JAN 1     64.26                     54.62   9.64    62.08

SNOWFALL (IN)
  YESTERDAY        0.0          10.0  2013   0.6   -0.6     10.0
  MONTH TO DATE    T                         7.9   -7.9     13.0
  SINCE SEP 1      T                         8.7   -8.7     13.0
  SINCE JUL 1      T                         8.7   -8.7     13.0
  SNOW DEPTH       0

DEGREE DAYS
 HEATING
  YESTERDAY       26                        33     -7       44
  MONTH TO DATE  595                       646    -51      742
  SINCE SEP 1   1633                      1796   -163     1750
  SINCE JUL 1   2109                      2331   -222     2185
..................................................................


WIND (MPH)
  HIGHEST WIND SPEED    15   HIGHEST WIND DIRECTION     W (260)
  HIGHEST GUST SPEED    19   HIGHEST GUST DIRECTION    SE (130)
  AVERAGE WIND SPEED     4.1


SKY COVER
  POSSIBLE SUNSHINE  MM
  AVERAGE SKY COVER 1.0


WEATHER CONDITIONS
 THE FOLLOWING WEATHER WAS RECORDED YESTERDAY.
  RAIN
  LIGHT RAIN


RELATIVE HUMIDITY (PERCENT)
 HIGHEST   100          1200 AM
 LOWEST     83           100 PM
 AVERAGE    92

..........................................................


THE JUNEAU CLIMATE NORMALS FOR TODAY
                         NORMAL    RECORD    YEAR
 MAXIMUM TEMPERATURE (F)   36        52      2005
 MINIMUM TEMPERATURE (F)   28        -2      1973


SUNRISE AND SUNSET
NOVEMBER 22 2014......SUNRISE   803 AM AKST  SUNSET   326 PM AKST
NOVEMBER 23 2014......SUNRISE   805 AM AKST  SUNSET   324 PM AKST


-  INDICATES NEGATIVE NUMBERS.
R  INDICATES RECORD WAS SET OR TIED.
MM INDICATES DATA IS MISSING.
T  INDICATES TRACE AMOUNT.




$$


&&
----------------------------
AMOUNT OF DAYLIGHT TODAY  (HOUR:MIN)........ 7:23
GAIN/LOSS SINCE YESTERDAY (HOUR:MIN:SEC)....-0:03:48
