000
CDAK47 PAJK 211128
CLIJNU
AKZ025-212300-
CLIMATE REPORT
NATIONAL WEATHER SERVICE JUNEAU, AK
325 AM AKDT SUN SEP 21 2014

...................................

...THE JUNEAU CLIMATE SUMMARY FOR SEPTEMBER 20 2014...

CLIMATE NORMAL PERIOD 1981 TO 2010
CLIMATE RECORD PERIOD 1943 TO 2014


WEATHER ITEM   OBSERVED TIME   RECORD YEAR NORMAL DEPARTURE LAST
                VALUE   (LST)  VALUE       VALUE  FROM      YEAR
                                                  NORMAL
..................................................................
TEMPERATURE (F)
 YESTERDAY
  MAXIMUM         54    837 PM  68    1995  55     -1       56
  MINIMUM         49    726 AM  28    1955  44      5       48
  AVERAGE         52                        49      3       52

PRECIPITATION (IN)
  YESTERDAY        0.68          1.46 1994   0.30   0.38     1.05
  MONTH TO DATE    5.09                      5.57  -0.48     6.40
  SINCE SEP 1      5.09                      5.57  -0.48     6.40
  SINCE JAN 1     49.19                     38.74  10.45    47.31

DEGREE DAYS
 HEATING
  YESTERDAY       13                        16     -3       13
  MONTH TO DATE  248                       279    -31      212
  SINCE SEP 1    248                       279    -31      212
  SINCE JUL 1    724                       814    -90      647

 COOLING
  YESTERDAY        0                         0      0        0
  MONTH TO DATE    0                         0      0        0
  SINCE SEP 1      0                         0      0        0
  SINCE JAN 1      0                         2     -2        9
..................................................................


WIND (MPH)
  HIGHEST WIND SPEED    15   HIGHEST WIND DIRECTION     E (100)
  HIGHEST GUST SPEED    19   HIGHEST GUST DIRECTION     E (110)
  AVERAGE WIND SPEED     4.5


SKY COVER
  POSSIBLE SUNSHINE  MM
  AVERAGE SKY COVER 1.0


WEATHER CONDITIONS
 THE FOLLOWING WEATHER WAS RECORDED YESTERDAY.
  LIGHT RAIN
  FOG


RELATIVE HUMIDITY (PERCENT)
 HIGHEST   100           200 PM
 LOWEST     83          1200 AM
 AVERAGE    92

..........................................................


THE JUNEAU CLIMATE NORMALS FOR TODAY
                         NORMAL    RECORD    YEAR
 MAXIMUM TEMPERATURE (F)   54        67      1995
 MINIMUM TEMPERATURE (F)   44        28      1955


SUNRISE AND SUNSET
SEPTEMBER 21 2014.....SUNRISE   641 AM AKDT  SUNSET   700 PM AKDT
SEPTEMBER 22 2014.....SUNRISE   643 AM AKDT  SUNSET   657 PM AKDT


-  INDICATES NEGATIVE NUMBERS.
R  INDICATES RECORD WAS SET OR TIED.
MM INDICATES DATA IS MISSING.
T  INDICATES TRACE AMOUNT.




$$


&&
----------------------------
AMOUNT OF DAYLIGHT TODAY  (HOUR:MIN)........12:19
GAIN/LOSS SINCE YESTERDAY (HOUR:MIN:SEC)....-0:05:03
