000
CDAK47 PAJK 051126
CLIJNU
AKZ025-052300-
CLIMATE REPORT
NATIONAL WEATHER SERVICE JUNEAU, AK
325 AM AKDT SUN JUL 5 2015


...................................

...THE JUNEAU CLIMATE SUMMARY FOR JULY 4 2015...

CLIMATE NORMAL PERIOD 1981 TO 2010
CLIMATE RECORD PERIOD 1943 TO 2015


WEATHER ITEM   OBSERVED TIME   RECORD YEAR NORMAL DEPARTURE LAST
                VALUE   (LST)  VALUE       VALUE  FROM      YEAR
                                                  NORMAL
..................................................................
TEMPERATURE (F)
 YESTERDAY
  MAXIMUM         74    538 PM  84    1972  64     10       60
  MINIMUM         44    251 AM  39    1971  49     -5       52
  AVERAGE         59                        56      3       56

PRECIPITATION (IN)
  YESTERDAY        0.00          0.89 1964   0.12  -0.12     0.37
  MONTH TO DATE    0.71                      0.50   0.21     1.19
  SINCE JUN 1      5.37                      3.74   1.63     8.67
  SINCE JAN 1     33.19                     23.34   9.85    28.59

DEGREE DAYS
 HEATING
  YESTERDAY        6                         9     -3        9
  MONTH TO DATE   38                        36      2       33
  SINCE JUN 1    272                       351    -79      387
  SINCE JUL 1     38                        36      2       33

 COOLING
  YESTERDAY        0                         0      0        0
  MONTH TO DATE    0                         0      0        0
  SINCE JUN 1      2                         1      1        0
  SINCE JAN 1      2                         1      1        0
..................................................................


WIND (MPH)
  HIGHEST WIND SPEED    13   HIGHEST WIND DIRECTION    SW (240)
  HIGHEST GUST SPEED    15   HIGHEST GUST DIRECTION    SW (240)
  AVERAGE WIND SPEED     5.3


SKY COVER
  AVERAGE SKY COVER 0.5


WEATHER CONDITIONS
 THE FOLLOWING WEATHER WAS RECORDED YESTERDAY.
  FOG
  FOG W/VISIBILITY <= 1/4 MILE


RELATIVE HUMIDITY (PERCENT)
 HIGHEST   100          1200 AM
 LOWEST     44           500 PM
 AVERAGE    72

..........................................................


THE JUNEAU CLIMATE NORMALS FOR TODAY
                         NORMAL    RECORD    YEAR
 MAXIMUM TEMPERATURE (F)   64        83      1972
 MINIMUM TEMPERATURE (F)   49        39      1954


SUNRISE AND SUNSET
JULY  5 2015..........SUNRISE   401 AM AKDT  SUNSET  1004 PM AKDT
JULY  6 2015..........SUNRISE   403 AM AKDT  SUNSET  1003 PM AKDT


-  INDICATES NEGATIVE NUMBERS.
R  INDICATES RECORD WAS SET OR TIED.
MM INDICATES DATA IS MISSING.
T  INDICATES TRACE AMOUNT.




$$


&&
----------------------------
AMOUNT OF DAYLIGHT TODAY  (HOUR:MIN)........18:02
GAIN/LOSS SINCE YESTERDAY (HOUR:MIN:SEC)....-0:02:02
