000
CDAK47 PAJK 291151
CLIJNU
AKZ025-292300-
NATIONAL WEATHER SERVICE JUNEAU, AK
345 AM AKDT SAT AUG 29 2015
.................................

...THE JUNEAU CLIMATE SUMMARY FOR AUGUST 28 2015...

CLIMATE NORMAL PERIOD 1981 TO 2010
CLIMATE RECORD PERIOD 1936 TO 2015


WEATHER ITEM   OBSERVED TIME   RECORD YEAR NORMAL DEPARTURE LAST
                VALUE   (LST)  VALUE       VALUE  FROM      YEAR
                                                  NORMAL
..................................................................
TEMPERATURE (F)
 YESTERDAY
  MAXIMUM         54    341 PM  76    1941  61     -7       59
  MINIMUM         50   1159 PM  32    1948  47      3       49
  AVERAGE         52                        54     -2       54

PRECIPITATION (IN)
  YESTERDAY        0.48          1.28 2012   0.23   0.25     0.03
  MONTH TO DATE    7.07                      5.04   2.03     7.73
  SINCE JUN 1     22.13                     12.88   9.25    23.47
  SINCE JAN 1     49.95                     32.48  17.47    43.39

DEGREE DAYS
 HEATING
  YESTERDAY       13                        11      2       11
  MONTH TO DATE  203                       250    -47      209
  SINCE JUN 1    665                       816   -151      793
  SINCE JUL 1    431                       501    -70      439

 COOLING
  YESTERDAY        0                         0      0        0
  MONTH TO DATE    1                         0      1        0
  SINCE JUN 1      8                         2      6        0
  SINCE JAN 1      8                         2      6        0
..................................................................


WIND (MPH)
  HIGHEST WIND SPEED    22   HIGHEST WIND DIRECTION     E (110)
  HIGHEST GUST SPEED    27   HIGHEST GUST DIRECTION    SE (120)
  AVERAGE WIND SPEED     4.3


SKY COVER
  AVERAGE SKY COVER 0.9


WEATHER CONDITIONS
 THE FOLLOWING WEATHER WAS RECORDED YESTERDAY.

  RAIN
  LIGHT RAIN
  FOG


RELATIVE HUMIDITY (PERCENT)
 HIGHEST    96           300 AM
 LOWEST     89           200 AM
 AVERAGE    93

..........................................................


THE JUNEAU CLIMATE NORMALS FOR TODAY
                         NORMAL    RECORD    YEAR
 MAXIMUM TEMPERATURE (F)   60        74      1951
 MINIMUM TEMPERATURE (F)   47        33      1948


SUNRISE AND SUNSET
AUGUST 29 2015........SUNRISE   551 AM AKDT  SUNSET   806 PM AKDT
AUGUST 30 2015........SUNRISE   553 AM AKDT  SUNSET   804 PM AKDT


-  INDICATES NEGATIVE NUMBERS.
R  INDICATES RECORD WAS SET OR TIED.
MM INDICATES DATA IS MISSING.
T  INDICATES TRACE AMOUNT.




$$

&&
----------------------------
AMOUNT OF DAYLIGHT TODAY  (HOUR:MIN)........14:16
GAIN/LOSS SINCE YESTERDAY (HOUR:MIN:SEC)....-0:04:58
