290
CDAK47 PAJK 111207
CLIJNU
AKZ025-120000-
NATIONAL WEATHER SERVICE JUNEAU, AK
230 AM AKST THU FEB 11 2016


...................................

...THE JUNEAU CLIMATE SUMMARY FOR FEBRUARY 10 2016...

CLIMATE NORMAL PERIOD 1981 TO 2010
CLIMATE RECORD PERIOD 1936 TO 2016


WEATHER ITEM   OBSERVED TIME   RECORD YEAR NORMAL DEPARTURE LAST
                VALUE   (LST)  VALUE       VALUE  FROM      YEAR
                                                  NORMAL
..................................................................
TEMPERATURE (F)
 YESTERDAY
  MAXIMUM         45   1159 PM  47    1998  35     10       34
  MINIMUM         37    453 AM  -8    1951  25     12       17
  AVERAGE         41                        30     11       26

PRECIPITATION (IN)
  YESTERDAY        0.27          1.01 1996   0.15   0.12      T
  MONTH TO DATE    1.09                      1.51  -0.42     0.32
  SINCE DEC 1     10.04                     12.70  -2.66    15.59
  SINCE JAN 1      7.62                      6.86   0.76    12.30

SNOWFALL (IN)
  YESTERDAY        0.0           6.3  1994   0.6   -0.6      0.1
  MONTH TO DATE    T                         7.3   -7.3      7.9
  SINCE DEC 1     16.3                      50.6  -34.3     26.5
  SINCE JUL 1     32.9                      64.5  -31.6     36.3
  SNOW DEPTH       0

DEGREE DAYS
 HEATING
  YESTERDAY       24                        35    -11       39
  MONTH TO DATE  275                       357    -82      435
  SINCE DEC 1   2218                      2586   -368     2327
  SINCE JUL 1   4649                      5217   -568     4736
..................................................................


WIND (MPH)
  HIGHEST WIND SPEED    26   HIGHEST WIND DIRECTION    SE (120)
  HIGHEST GUST SPEED    32   HIGHEST GUST DIRECTION    SE (120)
  AVERAGE WIND SPEED     5.6


SKY COVER
  AVERAGE SKY COVER 1.0


WEATHER CONDITIONS
 THE FOLLOWING WEATHER WAS RECORDED YESTERDAY.
  LIGHT RAIN
  FOG


RELATIVE HUMIDITY (PERCENT)
 HIGHEST   100           400 AM
 LOWEST     85           200 AM
 AVERAGE    93

..........................................................


THE JUNEAU CLIMATE NORMALS FOR TODAY
                         NORMAL    RECORD    YEAR
 MAXIMUM TEMPERATURE (F)   35        49      2006
 MINIMUM TEMPERATURE (F)   25       -10      1949


SUNRISE AND SUNSET
FEBRUARY 11 2016......SUNRISE   741 AM AKST  SUNSET   445 PM AKST
FEBRUARY 12 2016......SUNRISE   739 AM AKST  SUNSET   447 PM AKST


-  INDICATES NEGATIVE NUMBERS.
R  INDICATES RECORD WAS SET OR TIED.
MM INDICATES DATA IS MISSING.
T  INDICATES TRACE AMOUNT.




$$

&&
----------------------------
AMOUNT OF DAYLIGHT TODAY  (HOUR:MIN)........ 9:03
GAIN/LOSS SINCE YESTERDAY (HOUR:MIN:SEC)....+0:04:51
