000
CDUS41 KCTP 230634
CLIJST


CLIMATE REPORT
NATIONAL WEATHER SERVICE STATE COLLEGE PA
133 AM EST MON JAN 23 2017


...................................

...THE JOHNSTOWN CLIMATE SUMMARY FOR JANUARY 22 2017...

CLIMATE NORMAL PERIOD 1981 TO 2010
CLIMATE RECORD PERIOD 1892 TO 2017


WEATHER ITEM   OBSERVED TIME   RECORD YEAR NORMAL DEPARTURE LAST
                VALUE   (LST)  VALUE       VALUE  FROM      YEAR
                                                  NORMAL
..................................................................
TEMPERATURE (F)
 YESTERDAY
  MAXIMUM         58    112 PM  70    1906  32     26       17
  MINIMUM         43   1109 PM  -9    1984  18     25        7
  AVERAGE         51                        25     26       12

PRECIPITATION (IN)
  YESTERDAY        0.01          1.02 1949   0.07  -0.06      T
  MONTH TO DATE    2.26                      2.17   0.09     0.72
  SINCE DEC 1      6.44                      4.74   1.70     4.45
  SINCE JAN 1      2.26                      2.17   0.09     0.72

DEGREE DAYS
 HEATING
  YESTERDAY       14                        40    -26       53
  MONTH TO DATE  706                       873   -167      935
  SINCE DEC 1   1779                      2000   -221     1609
  SINCE JUL 1   2848                      3457   -609     2727

 COOLING
  YESTERDAY        0                         0      0        0
  MONTH TO DATE    0                         0      0        0
  SINCE DEC 1      0                         0      0        0
  SINCE JAN 1      0                         0      0        0
..................................................................


WIND (MPH)
  HIGHEST WIND SPEED    15   HIGHEST WIND DIRECTION     E (100)
  HIGHEST GUST SPEED    24   HIGHEST GUST DIRECTION     E (110)
  AVERAGE WIND SPEED     5.4


SKY COVER
  POSSIBLE SUNSHINE  MM
  AVERAGE SKY COVER 0.6


WEATHER CONDITIONS
 THE FOLLOWING WEATHER WAS RECORDED YESTERDAY.
  LIGHT RAIN
  FOG
  FOG W/VISIBILITY <= 1/4 MILE


RELATIVE HUMIDITY (PERCENT)
 HIGHEST   100           600 AM
 LOWEST     67           100 PM
 AVERAGE    84

..........................................................


THE JOHNSTOWN CLIMATE NORMALS FOR TODAY
                         NORMAL    RECORD    YEAR
 MAXIMUM TEMPERATURE (F)   32        66      1906
 MINIMUM TEMPERATURE (F)   18       -12      1936


SUNRISE AND SUNSET
JANUARY 23 2017.......SUNRISE   732 AM EST   SUNSET   523 PM EST
JANUARY 24 2017.......SUNRISE   731 AM EST   SUNSET   524 PM EST


-  INDICATES NEGATIVE NUMBERS.
R  INDICATES RECORD WAS SET OR TIED.
MM INDICATES DATA IS MISSING.
T  INDICATES TRACE AMOUNT.




$$
