000
CDUS41 KCTP 240615
CLIJST


CLIMATE REPORT
NATIONAL WEATHER SERVICE STATE COLLEGE PA
214 AM EDT WED AUG 24 2016


...................................

...THE JOHNSTOWN CLIMATE SUMMARY FOR AUGUST 23 2016...

CLIMATE NORMAL PERIOD 1981 TO 2010
CLIMATE RECORD PERIOD 1892 TO 2016


WEATHER ITEM   OBSERVED TIME   RECORD YEAR NORMAL DEPARTURE LAST
                VALUE   (LST)  VALUE       VALUE  FROM      YEAR
                                                  NORMAL
..................................................................
TEMPERATURE (F)
 YESTERDAY
  MAXIMUM         77    345 PM  96    1918  75      2       76
  MINIMUM         55    556 AM  41    1952  59     -4       56
  AVERAGE         66                        67     -1       66

PRECIPITATION (IN)
  YESTERDAY        0.00          1.31 1970   0.11  -0.11     0.00
  MONTH TO DATE    3.26                      2.91   0.35     2.70
  SINCE JUN 1     12.46                      6.76   5.70    19.25
  SINCE JAN 1     23.26                     23.40  -0.14    33.65

DEGREE DAYS
 HEATING
  YESTERDAY        0                         1     -1        0
  MONTH TO DATE    0                        19    -19        8
  SINCE JUN 1     54                       106    -52       76
  SINCE JUL 1     11                        32    -21       15

 COOLING
  YESTERDAY        1                         3     -2        1
  MONTH TO DATE  178                        96     82       97
  SINCE JUN 1    504                       321    183      343
  SINCE JAN 1    542                       339    203      427
..................................................................


WIND (MPH)
  HIGHEST WIND SPEED    12   HIGHEST WIND DIRECTION     S (200)
  HIGHEST GUST SPEED    15   HIGHEST GUST DIRECTION     S (200)
  AVERAGE WIND SPEED     4.2


SKY COVER
  POSSIBLE SUNSHINE  MM
  AVERAGE SKY COVER 0.1


WEATHER CONDITIONS
 THE FOLLOWING WEATHER WAS RECORDED YESTERDAY.
  NO SIGNIFICANT WEATHER WAS OBSERVED.


RELATIVE HUMIDITY (PERCENT)
 HIGHEST    93           300 AM
 LOWEST     50           200 PM
 AVERAGE    72

..........................................................


THE JOHNSTOWN CLIMATE NORMALS FOR TODAY
                         NORMAL    RECORD    YEAR
 MAXIMUM TEMPERATURE (F)   75        96      1968
 MINIMUM TEMPERATURE (F)   59        40      1952


SUNRISE AND SUNSET
AUGUST 24 2016........SUNRISE   636 AM EDT   SUNSET   759 PM EDT
AUGUST 25 2016........SUNRISE   636 AM EDT   SUNSET   757 PM EDT


-  INDICATES NEGATIVE NUMBERS.
R  INDICATES RECORD WAS SET OR TIED.
MM INDICATES DATA IS MISSING.
T  INDICATES TRACE AMOUNT.




$$
