000
CDUS41 KCTP 160616
CLIJST


CLIMATE REPORT
NATIONAL WEATHER SERVICE STATE COLLEGE PA
216 AM EDT TUE SEP 16 2014


...................................

...THE JOHNSTOWN CLIMATE SUMMARY FOR SEPTEMBER 15 2014...

CLIMATE NORMAL PERIOD 1981 TO 2010
CLIMATE RECORD PERIOD 2000 TO 2014


WEATHER ITEM   OBSERVED TIME   RECORD YEAR NORMAL DEPARTURE LAST
                VALUE   (LST)  VALUE       VALUE  FROM      YEAR
                                                  NORMAL
..................................................................
TEMPERATURE (F)
 YESTERDAY
  MAXIMUM         66    503 PM  95    1915  69     -3       66
  MINIMUM         43    535 AM  33    1913  52     -9       40
  AVERAGE         55                        60     -5       53

PRECIPITATION (IN)
  YESTERDAY        0.00          2.62 1911   0.11  -0.11     0.00
  MONTH TO DATE    0.77                      1.70  -0.93     2.86
  SINCE SEP 1      0.77                      1.70  -0.93     2.86
  SINCE JAN 1     26.67                     25.99   0.68    27.81

DEGREE DAYS
 HEATING
  YESTERDAY       10                         5      5       12
  MONTH TO DATE   58                        54      4       74
  SINCE SEP 1     58                        54      4       74
  SINCE JUL 1    141                        96     45      145

 COOLING
  YESTERDAY        0                         1     -1        0
  MONTH TO DATE   45                        21     24       31
  SINCE SEP 1     45                        21     24       31
  SINCE JAN 1    340                       381    -41      377
..................................................................


WIND (MPH)
  HIGHEST WIND SPEED    15   HIGHEST WIND DIRECTION     S (200)
  HIGHEST GUST SPEED    19   HIGHEST GUST DIRECTION     S (190)
  AVERAGE WIND SPEED     4.7


SKY COVER
  POSSIBLE SUNSHINE  MM
  AVERAGE SKY COVER 0.2


WEATHER CONDITIONS
 THE FOLLOWING WEATHER WAS RECORDED YESTERDAY.
  FOG


RELATIVE HUMIDITY (PERCENT)
 HIGHEST    93           800 AM
 LOWEST     37           400 PM
 AVERAGE    65

..........................................................


THE JOHNSTOWN CLIMATE NORMALS FOR TODAY
                         NORMAL    RECORD    YEAR
 MAXIMUM TEMPERATURE (F)   68        97      1939
 MINIMUM TEMPERATURE (F)   51        34      1966


SUNRISE AND SUNSET
SEPTEMBER 16 2014.....SUNRISE   657 AM EDT   SUNSET   722 PM EDT
SEPTEMBER 17 2014.....SUNRISE   658 AM EDT   SUNSET   721 PM EDT


-  INDICATES NEGATIVE NUMBERS.
R  INDICATES RECORD WAS SET OR TIED.
MM INDICATES DATA IS MISSING.
T  INDICATES TRACE AMOUNT.




$$
