000
CDUS41 KCTP 240615
CLIJST


CLIMATE REPORT
NATIONAL WEATHER SERVICE STATE COLLEGE PA
215 AM EDT WED MAY 24 2017


...................................

...THE JOHNSTOWN CLIMATE SUMMARY FOR MAY 23 2017...

CLIMATE NORMAL PERIOD 1981 TO 2010
CLIMATE RECORD PERIOD 1892 TO 2017


WEATHER ITEM   OBSERVED TIME   RECORD YEAR NORMAL DEPARTURE LAST
                VALUE   (LST)  VALUE       VALUE  FROM      YEAR
                                                  NORMAL
..................................................................
TEMPERATURE (F)
 YESTERDAY
  MAXIMUM         64    225 PM  93    1925  68     -4       70
  MINIMUM         46    414 AM  32    2006  49     -3       47
  AVERAGE         55                        59     -4       59

PRECIPITATION (IN)
  YESTERDAY        0.00          1.22 1941   0.18  -0.18     0.02
  MONTH TO DATE    4.24                      3.25   0.99     3.91
  SINCE MAR 1     11.92                     10.13   1.79     7.71
  SINCE JAN 1     17.58                     15.36   2.22    10.56

DEGREE DAYS
 HEATING
  YESTERDAY       10                         7      3        6
  MONTH TO DATE  258                       226     32      275
  SINCE MAR 1   1506                      1677   -171     1421
  SINCE JUL 1   5426                      6557  -1131     5484

 COOLING
  YESTERDAY        0                         1     -1        0
  MONTH TO DATE   26                        10     16        0
  SINCE MAR 1     29                        15     14        0
  SINCE JAN 1     29                        15     14        0
..................................................................


WIND (MPH)
  HIGHEST WIND SPEED    15   HIGHEST WIND DIRECTION    SE (150)
  HIGHEST GUST SPEED    22   HIGHEST GUST DIRECTION    SE (130)
  AVERAGE WIND SPEED     6.1


SKY COVER
  POSSIBLE SUNSHINE  MM
  AVERAGE SKY COVER 0.2


WEATHER CONDITIONS
 THE FOLLOWING WEATHER WAS RECORDED YESTERDAY.
  NO SIGNIFICANT WEATHER WAS OBSERVED.


RELATIVE HUMIDITY (PERCENT)
 HIGHEST    93           500 AM
 LOWEST     48           100 PM
 AVERAGE    71

..........................................................


THE JOHNSTOWN CLIMATE NORMALS FOR TODAY
                         NORMAL    RECORD    YEAR
 MAXIMUM TEMPERATURE (F)   68        93      1908
 MINIMUM TEMPERATURE (F)   50        31      1963


SUNRISE AND SUNSET
MAY 24 2017...........SUNRISE   552 AM EDT   SUNSET   833 PM EDT
MAY 25 2017...........SUNRISE   551 AM EDT   SUNSET   834 PM EDT


-  INDICATES NEGATIVE NUMBERS.
R  INDICATES RECORD WAS SET OR TIED.
MM INDICATES DATA IS MISSING.
T  INDICATES TRACE AMOUNT.




$$
