000
CDUS41 KCTP 272219
CLIJST


CLIMATE REPORT
NATIONAL WEATHER SERVICE STATE COLLEGE PA
519 PM EST SAT DEC 27 2014


...................................

...THE JOHNSTOWN CLIMATE SUMMARY FOR DECEMBER 27 2014...
VALID TODAY AS OF 0500 PM LOCAL TIME.

CLIMATE NORMAL PERIOD 1981 TO 2010
CLIMATE RECORD PERIOD 2000 TO 2014


WEATHER ITEM   OBSERVED TIME   RECORD YEAR NORMAL DEPARTURE LAST
                VALUE   (LST)  VALUE       VALUE  FROM      YEAR
                                                  NORMAL
..................................................................
TEMPERATURE (F)
 TODAY
  MAXIMUM         55    349 PM  64    2008  33     22       34
  MINIMUM         36    518 AM  -3    1914  19     17       19
  AVERAGE         46                        26     20       27

PRECIPITATION (IN)
  TODAY            0.00          1.10 1895   0.08  -0.08      T
  MONTH TO DATE    2.32                      2.26   0.06     2.31
  SINCE DEC 1      2.32                      2.26   0.06     2.31
  SINCE JAN 1     33.94                     33.31   0.63    36.30

DEGREE DAYS
 HEATING
  TODAY           19                        39    -20       38
  MONTH TO DATE  857                       971   -114      926
  SINCE DEC 1    857                       971   -114      926
  SINCE JUL 1   2368                      2428    -60     2557

 COOLING
  TODAY            0                         0      0        0
  MONTH TO DATE    0                         0      0        0
  SINCE DEC 1      0                         0      0        0
  SINCE JAN 1    341                       382    -41      393
..................................................................


WIND (MPH)
  HIGHEST WIND SPEED    13   HIGHEST WIND DIRECTION    SW (220)
  HIGHEST GUST SPEED    17   HIGHEST GUST DIRECTION     S (190)
  AVERAGE WIND SPEED     8.5


SKY COVER
  POSSIBLE SUNSHINE  MM
  AVERAGE SKY COVER 0.1


WEATHER CONDITIONS
 THE FOLLOWING WEATHER WAS RECORDED TODAY.
  NO SIGNIFICANT WEATHER WAS OBSERVED.


RELATIVE HUMIDITY (PERCENT)
 HIGHEST    59           100 AM
 LOWEST     45           300 PM
 AVERAGE    52

..........................................................


THE JOHNSTOWN CLIMATE NORMALS FOR TOMORROW
                         NORMAL    RECORD    YEAR
 MAXIMUM TEMPERATURE (F)   33        70      1982
 MINIMUM TEMPERATURE (F)   19        -4      1950


SUNRISE AND SUNSET
DECEMBER 27 2014......SUNRISE   737 AM EST   SUNSET   456 PM EST
DECEMBER 28 2014......SUNRISE   737 AM EST   SUNSET   457 PM EST


-  INDICATES NEGATIVE NUMBERS.
R  INDICATES RECORD WAS SET OR TIED.
MM INDICATES DATA IS MISSING.
T  INDICATES TRACE AMOUNT.




$$
