000
CDUS41 KCTP 231542
CLIJST


CLIMATE REPORT
NATIONAL WEATHER SERVICE STATE COLLEGE PA
1042 AM EST THU FEB 23 2017


...................................

...THE JOHNSTOWN CLIMATE SUMMARY FOR FEBRUARY 22 2017...

CLIMATE NORMAL PERIOD 1981 TO 2010
CLIMATE RECORD PERIOD 1892 TO 2017


WEATHER ITEM   OBSERVED TIME   RECORD YEAR NORMAL DEPARTURE LAST
                VALUE   (LST)  VALUE       VALUE  FROM      YEAR
                                                  NORMAL
..................................................................
TEMPERATURE (F)
 YESTERDAY
  MAXIMUM         63    410 PM  68    1922  36     27       48
  MINIMUM         47    300 AM  -4    1963  21     26       27
  AVERAGE         55                        28     27       38

PRECIPITATION (IN)
  YESTERDAY        0.00          1.79 1935   0.09  -0.09     0.00
  MONTH TO DATE    1.90                      1.84   0.06     1.31
  SINCE DEC 1      9.27                      7.29   1.98     5.91
  SINCE JAN 1      5.09                      4.72   0.37     2.18

DEGREE DAYS
 HEATING
  YESTERDAY       10                        37    -27       27
  MONTH TO DATE  648                       848   -200      806
  SINCE DEC 1   2734                      3207   -473     2740
  SINCE JUL 1   3803                      4665   -862     3858

 COOLING
  YESTERDAY        0                         0      0        0
  MONTH TO DATE    0                         0      0        0
  SINCE DEC 1      0                         0      0        0
  SINCE JAN 1      0                         0      0        0
..................................................................


WIND (MPH)
  HIGHEST WIND SPEED    12   HIGHEST WIND DIRECTION    SW (240)
  HIGHEST GUST SPEED    26   HIGHEST GUST DIRECTION     W (260)
  AVERAGE WIND SPEED     5.4


SKY COVER
  POSSIBLE SUNSHINE  MM
  AVERAGE SKY COVER 0.8


WEATHER CONDITIONS
 THE FOLLOWING WEATHER WAS RECORDED YESTERDAY.
  NO SIGNIFICANT WEATHER WAS OBSERVED.


RELATIVE HUMIDITY (PERCENT)
 HIGHEST    66          1100 PM
 LOWEST     48           300 PM
 AVERAGE    57

..........................................................


THE JOHNSTOWN CLIMATE NORMALS FOR TODAY
                         NORMAL    RECORD    YEAR
 MAXIMUM TEMPERATURE (F)   36        72      1922
 MINIMUM TEMPERATURE (F)   22        -3      2015


SUNRISE AND SUNSET
FEBRUARY 23 2017......SUNRISE   657 AM EST   SUNSET   600 PM EST
FEBRUARY 24 2017......SUNRISE   656 AM EST   SUNSET   602 PM EST


-  INDICATES NEGATIVE NUMBERS.
R  INDICATES RECORD WAS SET OR TIED.
MM INDICATES DATA IS MISSING.
T  INDICATES TRACE AMOUNT.




$$
