975
CDUS41 KCTP 192216
CLIJST


CLIMATE REPORT
NATIONAL WEATHER SERVICE STATE COLLEGE PA
516 PM EST MON FEB 19 2018


...................................

...THE JOHNSTOWN CLIMATE SUMMARY FOR FEBRUARY 19 2018...
VALID TODAY AS OF 0500 PM LOCAL TIME.

CLIMATE NORMAL PERIOD 1981 TO 2010
CLIMATE RECORD PERIOD 1892 TO 2018


WEATHER ITEM   OBSERVED TIME   RECORD YEAR NORMAL DEPARTURE LAST
                VALUE   (LST)  VALUE       VALUE  FROM      YEAR
                                                  NORMAL
..................................................................
TEMPERATURE (F)
 TODAY
  MAXIMUM         48    459 PM  69    1939  35     13       57
  MINIMUM         33    336 AM  -8    2015  21     12       44
  AVERAGE         41                        28     13       51

PRECIPITATION (IN)
  TODAY            0.30          2.09 1986   0.09   0.21     0.00
  MONTH TO DATE    5.22                      1.58   3.64     1.90
  SINCE DEC 1      8.78                      7.03   1.75     9.27
  SINCE JAN 1      7.68                      4.46   3.22     5.09

DEGREE DAYS
 HEATING
  TODAY           24                        37    -13       14
  MONTH TO DATE  644                       737    -93      601
  SINCE DEC 1   3075                      3096    -21     2687
  SINCE JUL 1   4288                      4559   -271     3756

 COOLING
  TODAY            0                         0      0        0
  MONTH TO DATE    0                         0      0        0
  SINCE DEC 1      0                         0      0        0
  SINCE JAN 1      0                         0      0        0
..................................................................


WIND (MPH)
  HIGHEST WIND SPEED    18   HIGHEST WIND DIRECTION     S (160)
  HIGHEST GUST SPEED    24   HIGHEST GUST DIRECTION    SE (150)
  AVERAGE WIND SPEED    13.2


SKY COVER
  POSSIBLE SUNSHINE  MM
  AVERAGE SKY COVER 0.7


WEATHER CONDITIONS
 THE FOLLOWING WEATHER WAS RECORDED TODAY.
  HEAVY RAIN
  RAIN
  LIGHT RAIN
  FOG


RELATIVE HUMIDITY (PERCENT)
 HIGHEST    92           800 AM
 LOWEST     69          1200 AM
 AVERAGE    81

..........................................................


THE JOHNSTOWN CLIMATE NORMALS FOR TOMORROW
                         NORMAL    RECORD    YEAR
 MAXIMUM TEMPERATURE (F)   35        70      1948
 MINIMUM TEMPERATURE (F)   21        -9      2015
                                             1978


SUNRISE AND SUNSET
FEBRUARY 19 2018......SUNRISE   703 AM EST   SUNSET   556 PM EST
FEBRUARY 20 2018......SUNRISE   702 AM EST   SUNSET   557 PM EST


-  INDICATES NEGATIVE NUMBERS.
R  INDICATES RECORD WAS SET OR TIED.
MM INDICATES DATA IS MISSING.
T  INDICATES TRACE AMOUNT.




$$
