000
CDUS41 KCTP 140627
CLIJST


CLIMATE REPORT
NATIONAL WEATHER SERVICE STATE COLLEGE PA
127 AM EST THU DEC 14 2017


...................................

...THE JOHNSTOWN CLIMATE SUMMARY FOR DECEMBER 13 2017...

CLIMATE NORMAL PERIOD 1981 TO 2010
CLIMATE RECORD PERIOD 1892 TO 2017


WEATHER ITEM   OBSERVED TIME   RECORD YEAR NORMAL DEPARTURE LAST
                VALUE   (LST)  VALUE       VALUE  FROM      YEAR
                                                  NORMAL
..................................................................
TEMPERATURE (F)
 YESTERDAY
  MAXIMUM         25   1159 PM  68    1923  35    -10       33
  MINIMUM         10    832 AM   1    1917  22    -12       22
  AVERAGE         18                        29    -11       28

PRECIPITATION (IN)
  YESTERDAY        0.09          1.30 1970   0.08   0.01     0.18
  MONTH TO DATE    0.39                      1.13  -0.74     1.87
  SINCE DEC 1      0.39                      1.13  -0.74     1.87
  SINCE JAN 1     44.30                     39.66   4.64    34.69

DEGREE DAYS
 HEATING
  YESTERDAY       47                        36     11       37
  MONTH TO DATE  446                       445      1      457
  SINCE DEC 1    446                       445      1      457
  SINCE JUL 1   1659                      1908   -249     1526

 COOLING
  YESTERDAY        0                         0      0        0
  MONTH TO DATE    0                         0      0        0
  SINCE DEC 1      0                         0      0        0
  SINCE JAN 1    497                       388    109      705
..................................................................


WIND (MPH)
  HIGHEST WIND SPEED    29   HIGHEST WIND DIRECTION     W (280)
  HIGHEST GUST SPEED    39   HIGHEST GUST DIRECTION     W (290)
  AVERAGE WIND SPEED    14.5


SKY COVER
  POSSIBLE SUNSHINE  MM
  AVERAGE SKY COVER 1.0


WEATHER CONDITIONS
 THE FOLLOWING WEATHER WAS RECORDED YESTERDAY.
  SNOW
  LIGHT SNOW
  FOG
  HAZE
  BLOWING SNOW


RELATIVE HUMIDITY (PERCENT)
 HIGHEST    96          1100 PM
 LOWEST     61          1200 PM
 AVERAGE    79

..........................................................


THE JOHNSTOWN CLIMATE NORMALS FOR TODAY
                         NORMAL    RECORD    YEAR
 MAXIMUM TEMPERATURE (F)   35        64      1901
 MINIMUM TEMPERATURE (F)   22        -2      1958


SUNRISE AND SUNSET
DECEMBER 14 2017......SUNRISE   730 AM EST   SUNSET   450 PM EST
DECEMBER 15 2017......SUNRISE   731 AM EST   SUNSET   450 PM EST


-  INDICATES NEGATIVE NUMBERS.
R  INDICATES RECORD WAS SET OR TIED.
MM INDICATES DATA IS MISSING.
T  INDICATES TRACE AMOUNT.




$$
