000
CDUS41 KCTP 222116
CLIJST


CLIMATE REPORT
NATIONAL WEATHER SERVICE STATE COLLEGE PA
516 PM EDT TUE JUL 22 2014


...................................

...THE JOHNSTOWN CLIMATE SUMMARY FOR JULY 22 2014...
VALID TODAY AS OF 0500 PM LOCAL TIME.

CLIMATE NORMAL PERIOD 1981 TO 2010
CLIMATE RECORD PERIOD 2000 TO 2014


WEATHER ITEM   OBSERVED TIME   RECORD YEAR NORMAL DEPARTURE LAST
                VALUE   (LST)  VALUE       VALUE  FROM      YEAR
                                                  NORMAL
..................................................................
TEMPERATURE (F)
 TODAY
  MAXIMUM         80   1212 PM 101    1926  79      1       75
  MINIMUM         65    524 AM  47    1944  60      5       64
  AVERAGE         73                        70      3       70

PRECIPITATION (IN)
  TODAY            0.00          4.09 1964   0.13  -0.13     0.27
  MONTH TO DATE    2.62                      2.65  -0.03     2.40
  SINCE JUN 1      7.46                      2.65   4.81     8.25
  SINCE JAN 1     21.02                     19.29   1.73    19.17

DEGREE DAYS
 HEATING
  TODAY            0                         0      0        0
  MONTH TO DATE   21                         8     13        2
  SINCE JUN 1     61                        87    -26       65
  SINCE JUL 1     21                         8     13        2

 COOLING
  TODAY            8                         5      3        5
  MONTH TO DATE   91                       105    -14      158
  SINCE JUN 1    175                       180     -5      227
  SINCE JAN 1    201                       198      3      268
..................................................................


WIND (MPH)
  HIGHEST WIND SPEED    13   HIGHEST WIND DIRECTION     S (160)
  HIGHEST GUST SPEED    16   HIGHEST GUST DIRECTION     S (160)
  AVERAGE WIND SPEED     5.5


SKY COVER
  POSSIBLE SUNSHINE  MM
  AVERAGE SKY COVER 0.3


WEATHER CONDITIONS
 THE FOLLOWING WEATHER WAS RECORDED TODAY.
  FOG


RELATIVE HUMIDITY (PERCENT)
 HIGHEST    93          1200 AM
 LOWEST     58          1200 PM
 AVERAGE    76

..........................................................


THE JOHNSTOWN CLIMATE NORMALS FOR TOMORROW
                         NORMAL    RECORD    YEAR
 MAXIMUM TEMPERATURE (F)   79       101      1933
 MINIMUM TEMPERATURE (F)   60        49      1983


SUNRISE AND SUNSET
JULY 22 2014..........SUNRISE   604 AM EDT   SUNSET   839 PM EDT
JULY 23 2014..........SUNRISE   605 AM EDT   SUNSET   838 PM EDT


-  INDICATES NEGATIVE NUMBERS.
R  INDICATES RECORD WAS SET OR TIED.
MM INDICATES DATA IS MISSING.
T  INDICATES TRACE AMOUNT.




$$
