000
CDUS41 KCTP 050712
CLIJST


CLIMATE REPORT
NATIONAL WEATHER SERVICE STATE COLLEGE PA
211 AM EST MON DEC 5 2016


...................................

...THE JOHNSTOWN CLIMATE SUMMARY FOR DECEMBER 4 2016...

CLIMATE NORMAL PERIOD 1981 TO 2010
CLIMATE RECORD PERIOD 1892 TO 2016


WEATHER ITEM   OBSERVED TIME   RECORD YEAR NORMAL DEPARTURE LAST
                VALUE   (LST)  VALUE       VALUE  FROM      YEAR
                                                  NORMAL
..................................................................
TEMPERATURE (F)
 YESTERDAY
  MAXIMUM         37    217 PM  73    1982  38     -1       42
  MINIMUM         29    508 AM  -1    1940  26      3       31
  AVERAGE         33                        32      1       37

PRECIPITATION (IN)
  YESTERDAY        0.11          1.06 1983   0.08   0.03     0.00
  MONTH TO DATE    0.11                      0.37  -0.26     1.17
  SINCE DEC 1      0.11                      0.37  -0.26     1.17
  SINCE JAN 1     32.93                     31.42   1.51    42.56

DEGREE DAYS
 HEATING
  YESTERDAY       32                        33     -1       28
  MONTH TO DATE  122                       130     -8      103
  SINCE DEC 1    122                       130     -8      103
  SINCE JUL 1   1191                      1587   -396     1221

 COOLING
  YESTERDAY        0                         0      0        0
  MONTH TO DATE    0                         0      0        0
  SINCE DEC 1      0                         0      0        0
  SINCE JAN 1    705                       382    323      556
..................................................................


WIND (MPH)
  HIGHEST WIND SPEED    18   HIGHEST WIND DIRECTION     S (160)
  HIGHEST GUST SPEED    25   HIGHEST GUST DIRECTION     S (160)
  AVERAGE WIND SPEED     7.2


SKY COVER
  POSSIBLE SUNSHINE  MM
  AVERAGE SKY COVER 0.7


WEATHER CONDITIONS
 THE FOLLOWING WEATHER WAS RECORDED YESTERDAY.
  LIGHT RAIN
  FREEZING RAIN
  LT FREEZING RAIN
  FOG


RELATIVE HUMIDITY (PERCENT)
 HIGHEST    85          1200 AM
 LOWEST     64           200 PM
 AVERAGE    75

..........................................................


THE JOHNSTOWN CLIMATE NORMALS FOR TODAY
                         NORMAL    RECORD    YEAR
 MAXIMUM TEMPERATURE (F)   38        72      1982
 MINIMUM TEMPERATURE (F)   25         3      1966


SUNRISE AND SUNSET
DECEMBER  5 2016......SUNRISE   723 AM EST   SUNSET   449 PM EST
DECEMBER  6 2016......SUNRISE   724 AM EST   SUNSET   449 PM EST


-  INDICATES NEGATIVE NUMBERS.
R  INDICATES RECORD WAS SET OR TIED.
MM INDICATES DATA IS MISSING.
T  INDICATES TRACE AMOUNT.




$$
