000
CDUS43 KGRR 300522
CLIJXN


CLIMATE REPORT
NATIONAL WEATHER SERVICE GRAND RAPIDS, MI
120 AM EDT TUE SEP 30 2014


...................................

...THE JACKSON MI CLIMATE SUMMARY FOR SEPTEMBER 29 2014...

CLIMATE NORMAL PERIOD 1981 TO 2010
CLIMATE RECORD PERIOD 1944 TO 9999


WEATHER ITEM   OBSERVED TIME   NORMAL DEPARTURE LAST
                VALUE   (LST)  VALUE  FROM      YEAR
                                      NORMAL
......................................................
TEMPERATURE (F)
 YESTERDAY
  MAXIMUM         78    418 PM  67     11       63
  MINIMUM         46    439 AM  45      1       50
  AVERAGE         62            56      6       57

PRECIPITATION (IN)
  YESTERDAY        0.03          0.11  -0.08     0.08
  MONTH TO DATE    2.00          3.37  -1.37     2.55
  SINCE SEP 1      2.00          3.37  -1.37     2.55
  SINCE JAN 1     25.01         24.29   0.72    27.10

DEGREE DAYS
 HEATING
  YESTERDAY        3            10     -7        8
  MONTH TO DATE  154           145      9      154
  SINCE SEP 1    154           145      9      154
  SINCE JUL 1    196           180     16      202

 COOLING
  YESTERDAY        0             1     -1        0
  MONTH TO DATE   50            58     -8       64
  SINCE SEP 1     50            58     -8       64
  SINCE JAN 1    496           587    -91      604
......................................................


WIND (MPH)
  RESULTANT WIND SPEED   0   RESULTANT WIND DIRECTION   N (340)
  HIGHEST WIND SPEED    10   HIGHEST WIND DIRECTION     W (280)
  HIGHEST GUST SPEED    14   HIGHEST GUST DIRECTION    NW (310)
  AVERAGE WIND SPEED     2.4


SKY COVER
  AVERAGE SKY COVER 0.1


WEATHER CONDITIONS
 THE FOLLOWING WEATHER WAS RECORDED YESTERDAY.
  FOG


RELATIVE HUMIDITY (PERCENT)
 HIGHEST   100           300 AM
 LOWEST     42           200 PM
 AVERAGE    71

..........................................................


THE JACKSON MI CLIMATE NORMALS FOR TODAY
                         NORMAL
 MAXIMUM TEMPERATURE (F)   67
 MINIMUM TEMPERATURE (F)   45


SUNRISE AND SUNSET
SEPTEMBER 30 2014.....SUNRISE   734 AM EDT   SUNSET   721 PM EDT
OCTOBER  1 2014.......SUNRISE   735 AM EDT   SUNSET   719 PM EDT


-  INDICATES NEGATIVE NUMBERS.
R  INDICATES RECORD WAS SET OR TIED.
MM INDICATES DATA IS MISSING.
T  INDICATES TRACE AMOUNT.




$$
