000
CDUS43 KGRR 210516
CLIJXN


CLIMATE REPORT
NATIONAL WEATHER SERVICE GRAND RAPIDS, MI
115 AM EDT SAT OCT 21 2017


...................................

...THE JACKSON MI CLIMATE SUMMARY FOR OCTOBER 20 2017...

CLIMATE NORMAL PERIOD 1981 TO 2010
CLIMATE RECORD PERIOD 1944 TO 9999


WEATHER ITEM   OBSERVED TIME   NORMAL DEPARTURE LAST
                VALUE   (LST)  VALUE  FROM      YEAR
                                      NORMAL
......................................................
TEMPERATURE (F)
 YESTERDAY
  MAXIMUM         74    345 PM  59     15       57
  MINIMUM         37    506 AM  39     -2       49
  AVERAGE         56            49      7       53

PRECIPITATION (IN)
  YESTERDAY        0.00          0.08  -0.08     0.60
  MONTH TO DATE    6.05          1.78   4.27     2.86
  SINCE SEP 1      6.78          5.26   1.52     6.40
  SINCE JAN 1     29.84         26.18   3.66    32.71

DEGREE DAYS
 HEATING
  YESTERDAY        9            16     -7       12
  MONTH TO DATE  118           265   -147      140
  SINCE SEP 1    227           418   -191      184
  SINCE JUL 1    254           453   -199      188

 COOLING
  YESTERDAY        0             0      0        0
  MONTH TO DATE   15             3     12       14
  SINCE SEP 1    128            60     68      101
  SINCE JAN 1    655           589     66      829
......................................................


WIND (MPH)
  RESULTANT WIND SPEED   5   RESULTANT WIND DIRECTION   S (170)
  HIGHEST WIND SPEED    17   HIGHEST WIND DIRECTION     S (160)
  HIGHEST GUST SPEED    20   HIGHEST GUST DIRECTION     S (180)
  AVERAGE WIND SPEED     5.7


SKY COVER
  AVERAGE SKY COVER 0.0


WEATHER CONDITIONS
 THE FOLLOWING WEATHER WAS RECORDED YESTERDAY.
  NO SIGNIFICANT WEATHER WAS OBSERVED.


RELATIVE HUMIDITY (PERCENT)
 HIGHEST    85           500 AM
 LOWEST     41           100 PM
 AVERAGE    63

..........................................................


THE JACKSON MI CLIMATE NORMALS FOR TODAY
                         NORMAL
 MAXIMUM TEMPERATURE (F)   59
 MINIMUM TEMPERATURE (F)   39


SUNRISE AND SUNSET
OCTOBER 21 2017.......SUNRISE   758 AM EDT   SUNSET   646 PM EDT
OCTOBER 22 2017.......SUNRISE   759 AM EDT   SUNSET   645 PM EDT


-  INDICATES NEGATIVE NUMBERS.
R  INDICATES RECORD WAS SET OR TIED.
MM INDICATES DATA IS MISSING.
T  INDICATES TRACE AMOUNT.




$$
