000
CDUS43 KGRR 241438
CLIJXN


CLIMATE REPORT
NATIONAL WEATHER SERVICE GRAND RAPIDS, MI
936 AM EST MON NOV 24 2014


...................................

...THE JACKSON MI CLIMATE SUMMARY FOR NOVEMBER 24 2014...
VALID AS OF 0700 AM LOCAL TIME.

CLIMATE NORMAL PERIOD 1981 TO 2010
CLIMATE RECORD PERIOD 1944 TO 9999


WEATHER ITEM   OBSERVED TIME   RECORD YEAR NORMAL DEPARTURE LAST
                VALUE   (LST)  VALUE       VALUE  FROM      YEAR
                                                  NORMAL
..................................................................
TEMPERATURE (F)
 TODAY
  MAXIMUM         54    400 AM  MM      MM  44     10       25
  MINIMUM         50   1200 AM  MM      MM  29     21       12
  AVERAGE         52                        36     16       19

PRECIPITATION (IN)
  TODAY            0.20         MM      MM   0.08   0.12      T
  MONTH TO DATE    1.49                      2.12  -0.63     1.49
  SINCE SEP 1      5.02                      8.23  -3.21     6.45
  SINCE JAN 1     28.03                     29.15  -1.12    31.00

DEGREE DAYS
 HEATING
  TODAY           13                        29    -16       46
  MONTH TO DATE  722                       575    147      620
  SINCE SEP 1   1360                      1188    172     1194

 COOLING
  TODAY            0                         0      0        0
  MONTH TO DATE    0                         0      0        0
  SINCE SEP 1     50                        63    -13       76
..................................................................


WIND (MPH)
  HIGHEST WIND SPEED    18   HIGHEST WIND DIRECTION    SW (220)
  HIGHEST GUST SPEED    27   HIGHEST GUST DIRECTION    SW (220)



WEATHER CONDITIONS
 THE FOLLOWING WEATHER WAS RECORDED TODAY.
  RAIN
  LIGHT RAIN


..........................................................




SUNRISE AND SUNSET
NOVEMBER 24 2014......SUNRISE   739 AM EST   SUNSET   510 PM EST
NOVEMBER 25 2014......SUNRISE   740 AM EST   SUNSET   509 PM EST


-  INDICATES NEGATIVE NUMBERS.
R  INDICATES RECORD WAS SET OR TIED.
MM INDICATES DATA IS MISSING.
T  INDICATES TRACE AMOUNT.




$$

CAS
