000
CDUS43 KGRR 240520
CLIJXN


CLIMATE REPORT
NATIONAL WEATHER SERVICE GRAND RAPIDS, MI
119 AM EDT WED AUG 24 2016


...................................

...THE JACKSON MI CLIMATE SUMMARY FOR AUGUST 23 2016...

CLIMATE NORMAL PERIOD 1981 TO 2010
CLIMATE RECORD PERIOD 1944 TO 9999


WEATHER ITEM   OBSERVED TIME   NORMAL DEPARTURE LAST
                VALUE   (LST)  VALUE  FROM      YEAR
                                      NORMAL
......................................................
TEMPERATURE (F)
 YESTERDAY
  MAXIMUM         79    459 PM  80     -1       81
  MINIMUM         56    630 AM  58     -2       56
  AVERAGE         68            69     -1       69

PRECIPITATION (IN)
  YESTERDAY        0.00          0.10  -0.10     0.12
  MONTH TO DATE    8.25          2.60   5.65     3.11
  SINCE JUN 1     15.55          9.45   6.10    12.94
  SINCE JAN 1     25.05         20.05   5.00    23.57

DEGREE DAYS
 HEATING
  YESTERDAY        0             1     -1        0
  MONTH TO DATE    0            19    -19        2
  SINCE JUN 1     34            85    -51       47
  SINCE JUL 1      4            30    -26       15

 COOLING
  YESTERDAY        3             5     -2        4
  MONTH TO DATE  205           130     75      118
  SINCE JUN 1    614           458    156      357
  SINCE JAN 1    667           495    172      412
......................................................


WIND (MPH)
  RESULTANT WIND SPEED   6   RESULTANT WIND DIRECTION  SW (220)
  HIGHEST WIND SPEED    15   HIGHEST WIND DIRECTION    SW (230)
  HIGHEST GUST SPEED    20   HIGHEST GUST DIRECTION    SW (240)
  AVERAGE WIND SPEED     6.2


SKY COVER
  AVERAGE SKY COVER 0.1


WEATHER CONDITIONS
 THE FOLLOWING WEATHER WAS RECORDED YESTERDAY.
  NO SIGNIFICANT WEATHER WAS OBSERVED.


RELATIVE HUMIDITY (PERCENT)
 HIGHEST   100           500 AM
 LOWEST     47          1200 PM
 AVERAGE    74

..........................................................


THE JACKSON MI CLIMATE NORMALS FOR TODAY
                         NORMAL
 MAXIMUM TEMPERATURE (F)   80
 MINIMUM TEMPERATURE (F)   58


SUNRISE AND SUNSET
AUGUST 24 2016........SUNRISE   655 AM EDT   SUNSET   824 PM EDT
AUGUST 25 2016........SUNRISE   656 AM EDT   SUNSET   822 PM EDT


-  INDICATES NEGATIVE NUMBERS.
R  INDICATES RECORD WAS SET OR TIED.
MM INDICATES DATA IS MISSING.
T  INDICATES TRACE AMOUNT.




$$
