000
CDUS43 KGRR 300516
CLIJXN


CLIMATE REPORT
NATIONAL WEATHER SERVICE GRAND RAPIDS, MI
115 AM EDT THU JUL 30 2015


...................................

...THE JACKSON MI CLIMATE SUMMARY FOR JULY 29 2015...

CLIMATE NORMAL PERIOD 1981 TO 2010
CLIMATE RECORD PERIOD 1944 TO 9999


WEATHER ITEM   OBSERVED TIME   NORMAL DEPARTURE LAST
                VALUE   (LST)  VALUE  FROM      YEAR
                                      NORMAL
......................................................
TEMPERATURE (F)
 YESTERDAY
  MAXIMUM         88   1236 PM  81      7       73
  MINIMUM         65   1155 PM  60      5       48
  AVERAGE         77            71      6       61

PRECIPITATION (IN)
  YESTERDAY        0.02          0.12  -0.10     0.00
  MONTH TO DATE    2.60          3.33  -0.73     3.14
  SINCE JUN 1      9.83          6.60   3.23     7.90
  SINCE JAN 1     20.46         17.20   3.26    20.23

DEGREE DAYS
 HEATING
  YESTERDAY        0             0      0        4
  MONTH TO DATE   13             1     12       29
  SINCE JUN 1     45            56    -11       60
  SINCE JUL 1     13             1     12       29

 COOLING
  YESTERDAY       12             6      6        0
  MONTH TO DATE  140           192    -52       98
  SINCE JUN 1    226           318    -92      239
  SINCE JAN 1    281           355    -74      273
......................................................


WIND (MPH)
  RESULTANT WIND SPEED   5   RESULTANT WIND DIRECTION   W (250)
  HIGHEST WIND SPEED    18   HIGHEST WIND DIRECTION    NW (300)
  HIGHEST GUST SPEED    24   HIGHEST GUST DIRECTION     W (280)
  AVERAGE WIND SPEED     8.1


SKY COVER
  AVERAGE SKY COVER 0.2


WEATHER CONDITIONS
 THE FOLLOWING WEATHER WAS RECORDED YESTERDAY.
  THUNDERSTORM
  RAIN


RELATIVE HUMIDITY (PERCENT)
 HIGHEST    79           200 AM
 LOWEST     54           700 PM
 AVERAGE    67

..........................................................


THE JACKSON MI CLIMATE NORMALS FOR TODAY
                         NORMAL
 MAXIMUM TEMPERATURE (F)   81
 MINIMUM TEMPERATURE (F)   60


SUNRISE AND SUNSET
JULY 30 2015..........SUNRISE   628 AM EDT   SUNSET   900 PM EDT
JULY 31 2015..........SUNRISE   629 AM EDT   SUNSET   859 PM EDT


-  INDICATES NEGATIVE NUMBERS.
R  INDICATES RECORD WAS SET OR TIED.
MM INDICATES DATA IS MISSING.
T  INDICATES TRACE AMOUNT.




$$
