000
CDUS43 KGRR 252128
CLIJXN


CLIMATE REPORT
NATIONAL WEATHER SERVICE GRAND RAPIDS, MI
526 PM EDT SAT MAR 25 2017


...................................

...THE JACKSON MI CLIMATE SUMMARY FOR MARCH 25 2017...
VALID TODAY AS OF 0500 PM LOCAL TIME.

CLIMATE NORMAL PERIOD 1981 TO 2010
CLIMATE RECORD PERIOD 1944 TO 9999


WEATHER ITEM   OBSERVED TIME   NORMAL DEPARTURE LAST
                VALUE   (LST)  VALUE  FROM      YEAR
                                      NORMAL
......................................................
TEMPERATURE (F)
 TODAY
  MAXIMUM         48   1226 AM  49     -1       45
  MINIMUM         41   1119 AM  29     12       27
  AVERAGE         45            39      6       36

PRECIPITATION (IN)
  TODAY            0.29          0.06   0.23      T
  MONTH TO DATE    2.73          1.47   1.26     1.37
  SINCE MAR 1      2.73          1.47   1.26     1.37
  SINCE JAN 1      7.67          4.25   3.42     3.24

DEGREE DAYS
 HEATING
  TODAY           20            26     -6       29
  MONTH TO DATE  791           764     27      594
  SINCE MAR 1    791           764     27      594
  SINCE JUL 1   4799          5678   -879     4716

 COOLING
  TODAY            0             0      0        0
  MONTH TO DATE    0             0      0        0
  SINCE MAR 1      0             0      0        0
  SINCE JAN 1      0             0      0        0
......................................................


WIND (MPH)
  RESULTANT WIND SPEED  10   RESULTANT WIND DIRECTION   E (80)
  HIGHEST WIND SPEED    20   HIGHEST WIND DIRECTION    NW (320)
  HIGHEST GUST SPEED    25   HIGHEST GUST DIRECTION    NW (320)
  AVERAGE WIND SPEED    10.1


SKY COVER
  AVERAGE SKY COVER 1.0


WEATHER CONDITIONS
 THE FOLLOWING WEATHER WAS RECORDED TODAY.
  HEAVY RAIN
  LIGHT RAIN
  FOG
  HAZE


RELATIVE HUMIDITY (PERCENT)
 HIGHEST    96           600 AM
 LOWEST     77          1200 AM
 AVERAGE    87

..........................................................


THE JACKSON MI CLIMATE NORMALS FOR TOMORROW
                         NORMAL
 MAXIMUM TEMPERATURE (F)   50
 MINIMUM TEMPERATURE (F)   30


SUNRISE AND SUNSET
MARCH 25 2017.........SUNRISE   732 AM EDT   SUNSET   756 PM EDT
MARCH 26 2017.........SUNRISE   730 AM EDT   SUNSET   757 PM EDT


-  INDICATES NEGATIVE NUMBERS.
R  INDICATES RECORD WAS SET OR TIED.
MM INDICATES DATA IS MISSING.
T  INDICATES TRACE AMOUNT.




$$

63
