000
CDUS43 KIND 260532
CLILAF


CLIMATE REPORT
NATIONAL WEATHER SERVICE INDIANAPOLIS IN
132 AM EDT SAT JUL 26 2014


...................................

...THE LAFAYETTE IN CLIMATE SUMMARY FOR JULY 25 2014...

CLIMATE NORMAL PERIOD 1981 TO 2010
CLIMATE RECORD PERIOD 9999 TO 9999


WEATHER ITEM   OBSERVED TIME   NORMAL DEPARTURE LAST
                VALUE   (LST)  VALUE  FROM      YEAR
                                      NORMAL
......................................................
TEMPERATURE (F)
 YESTERDAY
  MAXIMUM         75   1233 PM  84     -9       78
  MINIMUM         51    547 AM  64    -13       53
  AVERAGE         63            74    -11       66

PRECIPITATION (IN)
  YESTERDAY        T             0.11  -0.11     0.00
  MONTH TO DATE    2.94          3.33  -0.39     2.43
  SINCE JUN 1      7.41          7.43  -0.02     6.70
  SINCE JAN 1     20.24         21.45  -1.21    25.32

DEGREE DAYS
 HEATING
  YESTERDAY        2             0      2        0
  MONTH TO DATE   12             0     12        1
  SINCE JUN 1     18            22     -4       19
  SINCE JUL 1     12             0     12        1

 COOLING
  YESTERDAY        0             9     -9        1
  MONTH TO DATE  102           245   -143      217
  SINCE JUN 1    327           462   -135      395
  SINCE JAN 1    424           539   -115      496
......................................................


WIND (MPH)
  HIGHEST WIND SPEED    15   HIGHEST WIND DIRECTION    SE (150)
  HIGHEST GUST SPEED    19   HIGHEST GUST DIRECTION     S (190)
  AVERAGE WIND SPEED     4.4


SKY COVER
  AVERAGE SKY COVER 0.3


WEATHER CONDITIONS
 THE FOLLOWING WEATHER WAS RECORDED YESTERDAY.
  LIGHT RAIN
  FOG
  FOG W/VISIBILITY <= 1/4 MILE


RELATIVE HUMIDITY (PERCENT)
 HIGHEST   100           200 AM
 LOWEST     50          1200 PM
 AVERAGE    75

..........................................................


THE LAFAYETTE IN CLIMATE NORMALS FOR TODAY
                         NORMAL
 MAXIMUM TEMPERATURE (F)   84
 MINIMUM TEMPERATURE (F)   64


SUNRISE AND SUNSET
JULY 26 2014..........SUNRISE   640 AM EDT   SUNSET   908 PM EDT
JULY 27 2014..........SUNRISE   640 AM EDT   SUNSET   907 PM EDT


-  INDICATES NEGATIVE NUMBERS.
R  INDICATES RECORD WAS SET OR TIED.
MM INDICATES DATA IS MISSING.
T  INDICATES TRACE AMOUNT.




$$
