000
CDUS43 KIND 160531
CLILAF


CLIMATE REPORT
NATIONAL WEATHER SERVICE INDIANAPOLIS IN
131 AM EDT WED AUG 16 2017


...................................

...THE LAFAYETTE IN CLIMATE SUMMARY FOR AUGUST 15 2017...

CLIMATE NORMAL PERIOD 1981 TO 2010
CLIMATE RECORD PERIOD 9999 TO 9999


WEATHER ITEM   OBSERVED TIME   NORMAL DEPARTURE LAST
                VALUE   (LST)  VALUE  FROM      YEAR
                                      NORMAL
......................................................
TEMPERATURE (F)
 YESTERDAY
  MAXIMUM         86    519 PM  84      2       77
  MINIMUM         62    533 AM  63     -1       68
  AVERAGE         74            74      0       73

PRECIPITATION (IN)
  YESTERDAY        0.00          0.12  -0.12     1.94
  MONTH TO DATE    0.79          1.61  -0.82     2.02
  SINCE JUN 1     13.42          9.68   3.74    12.05
  SINCE JAN 1     33.83         23.70  10.13    24.16

DEGREE DAYS
 HEATING
  YESTERDAY        0             0      0        0
  MONTH TO DATE    4             0      4        0
  SINCE JUN 1     23            23      0       20
  SINCE JUL 1      4             1      3       10

 COOLING
  YESTERDAY        9             9      0        8
  MONTH TO DATE   58           135    -77      178
  SINCE JUN 1    535           649   -114      690
  SINCE JAN 1    592           726   -134      758
......................................................


WIND (MPH)
  HIGHEST WIND SPEED    10   HIGHEST WIND DIRECTION     W (290)
  HIGHEST GUST SPEED    15   HIGHEST GUST DIRECTION     W (280)
  AVERAGE WIND SPEED     2.6


SKY COVER
  AVERAGE SKY COVER 0.3


WEATHER CONDITIONS
 THE FOLLOWING WEATHER WAS RECORDED YESTERDAY.
  FOG


RELATIVE HUMIDITY (PERCENT)
 HIGHEST   100          1200 AM
 LOWEST     55           400 PM
 AVERAGE    78

..........................................................


THE LAFAYETTE IN CLIMATE NORMALS FOR TODAY
                         NORMAL
 MAXIMUM TEMPERATURE (F)   84
 MINIMUM TEMPERATURE (F)   63


SUNRISE AND SUNSET
AUGUST 16 2017........SUNRISE   700 AM EDT   SUNSET   843 PM EDT
AUGUST 17 2017........SUNRISE   701 AM EDT   SUNSET   842 PM EDT


-  INDICATES NEGATIVE NUMBERS.
R  INDICATES RECORD WAS SET OR TIED.
MM INDICATES DATA IS MISSING.
T  INDICATES TRACE AMOUNT.




$$
