000
CDUS43 KIND 010533
CLILAF


CLIMATE REPORT
NATIONAL WEATHER SERVICE INDIANAPOLIS IN
131 AM EDT SAT NOV 1 2014


...................................

...THE LAFAYETTE IN CLIMATE SUMMARY FOR OCTOBER 31 2014...

CLIMATE NORMAL PERIOD 1981 TO 2010
CLIMATE RECORD PERIOD 9999 TO 9999


WEATHER ITEM   OBSERVED TIME   NORMAL DEPARTURE LAST
                VALUE   (LST)  VALUE  FROM      YEAR
                                      NORMAL
......................................................
TEMPERATURE (F)
 YESTERDAY
  MAXIMUM         44    614 AM  59    -15       65
  MINIMUM         32   1159 PM  40     -8       49
  AVERAGE         38            49    -11       57

PRECIPITATION (IN)
  YESTERDAY        0.20          0.09   0.11     1.51
  MONTH TO DATE    5.74          2.89   2.85     4.02
  SINCE SEP 1     10.54          5.55   4.99     7.95
  SINCE JAN 1     35.86         31.10   4.76    35.58

DEGREE DAYS
 HEATING
  YESTERDAY       27            16     11        8
  MONTH TO DATE  397           348     49      352
  SINCE SEP 1    523           428     95      411
  SINCE JUL 1    547           434    113      431

 COOLING
  YESTERDAY        0             0      0        0
  MONTH TO DATE    7            17    -10       31
  SINCE SEP 1     67           130    -63      158
  SINCE JAN 1    743           982   -239      884
......................................................


WIND (MPH)
  HIGHEST WIND SPEED    31   HIGHEST WIND DIRECTION    NW (320)
  HIGHEST GUST SPEED    42   HIGHEST GUST DIRECTION    NW (320)
  AVERAGE WIND SPEED    13.2


SKY COVER
  AVERAGE SKY COVER 0.9


WEATHER CONDITIONS
 THE FOLLOWING WEATHER WAS RECORDED YESTERDAY.
  LIGHT RAIN
  LIGHT SNOW
  FOG


RELATIVE HUMIDITY (PERCENT)
 HIGHEST    96           700 PM
 LOWEST     60           100 PM
 AVERAGE    78

..........................................................


THE LAFAYETTE IN CLIMATE NORMALS FOR TODAY
                         NORMAL
 MAXIMUM TEMPERATURE (F)   59
 MINIMUM TEMPERATURE (F)   39


SUNRISE AND SUNSET
NOVEMBER  1 2014......SUNRISE   817 AM EDT   SUNSET   645 PM EDT
NOVEMBER  2 2014......SUNRISE   719 AM EST   SUNSET   543 PM EST


-  INDICATES NEGATIVE NUMBERS.
R  INDICATES RECORD WAS SET OR TIED.
MM INDICATES DATA IS MISSING.
T  INDICATES TRACE AMOUNT.




$$
