000
CDUS43 KIND 200542
CLILAF


CLIMATE REPORT
NATIONAL WEATHER SERVICE INDIANAPOLIS IN
1242 AM EST FRI JAN 20 2017


...................................

...THE LAFAYETTE IN CLIMATE SUMMARY FOR JANUARY 19 2017...

CLIMATE NORMAL PERIOD 1981 TO 2010
CLIMATE RECORD PERIOD 9999 TO 9999


WEATHER ITEM   OBSERVED TIME   NORMAL DEPARTURE LAST
                VALUE   (LST)  VALUE  FROM      YEAR
                                      NORMAL
......................................................
TEMPERATURE (F)
 YESTERDAY
  MAXIMUM         44    311 PM  34     10       18
  MINIMUM         32    806 AM  19     13        1
  AVERAGE         38            26     12       10

PRECIPITATION (IN)
  YESTERDAY        0.64          0.06   0.58     0.00
  MONTH TO DATE    3.08          1.19   1.89     0.96
  SINCE DEC 1      4.64          3.70   0.94     7.72
  SINCE JAN 1      3.08          1.19   1.89     0.96

DEGREE DAYS
 HEATING
  YESTERDAY       27            39    -12       55
  MONTH TO DATE  678           737    -59      750
  SINCE DEC 1   1816          1811      5     1482
  SINCE JUL 1   2662          2912   -250     2431

 COOLING
  YESTERDAY        0             0      0        0
  MONTH TO DATE    0             0      0        0
  SINCE DEC 1      0             0      0        0
  SINCE JAN 1      0             0      0        0
......................................................


WIND (MPH)
  HIGHEST WIND SPEED    20   HIGHEST WIND DIRECTION     E (90)
  HIGHEST GUST SPEED    24   HIGHEST GUST DIRECTION     E (90)
  AVERAGE WIND SPEED     7.8


SKY COVER
  AVERAGE SKY COVER 0.7


WEATHER CONDITIONS
 THE FOLLOWING WEATHER WAS RECORDED YESTERDAY.
  RAIN
  LIGHT RAIN
  FOG


RELATIVE HUMIDITY (PERCENT)
 HIGHEST   100           400 AM
 LOWEST     82           100 PM
 AVERAGE    91

..........................................................


THE LAFAYETTE IN CLIMATE NORMALS FOR TODAY
                         NORMAL
 MAXIMUM TEMPERATURE (F)   34
 MINIMUM TEMPERATURE (F)   19


SUNRISE AND SUNSET
JANUARY 20 2017.......SUNRISE   806 AM EST   SUNSET   552 PM EST
JANUARY 21 2017.......SUNRISE   806 AM EST   SUNSET   553 PM EST


-  INDICATES NEGATIVE NUMBERS.
R  INDICATES RECORD WAS SET OR TIED.
MM INDICATES DATA IS MISSING.
T  INDICATES TRACE AMOUNT.




$$
