000
CDUS43 KGRR 220529
CLILAN


CLIMATE REPORT
NATIONAL WEATHER SERVICE GRAND RAPIDS, MI
1229 AM EST WED NOV 22 2017


...................................

...THE LANSING MI CLIMATE SUMMARY FOR NOVEMBER 21 2017...

CLIMATE NORMAL PERIOD 1981 TO 2010
CLIMATE RECORD PERIOD 1864 TO 2017


WEATHER ITEM   OBSERVED TIME   RECORD YEAR NORMAL DEPARTURE LAST
                VALUE   (LST)  VALUE       VALUE  FROM      YEAR
                                                  NORMAL
..................................................................
TEMPERATURE (F)
 YESTERDAY
  MAXIMUM         50   1155 AM  69    1913  44      6       38
  MINIMUM         32   1159 PM  -4    1880  31      1       24
  AVERAGE         41                        37      4       31

PRECIPITATION (IN)
  YESTERDAY        0.06          0.89 2007   0.09  -0.03     0.00
  MONTH TO DATE    3.24                      2.00   1.24     1.85
  SINCE SEP 1     12.91                      8.03   4.88     8.40
  SINCE JAN 1     38.21                     29.12   9.09    31.88

SNOWFALL (IN)
  YESTERDAY        0.0           8.2  2015   0.1   -0.1      0.0
  MONTH TO DATE    0.4                       1.6   -1.2       T
  SINCE SEP 1      0.4                       2.0   -1.6       T
  SINCE JUL 1      0.4                       2.0   -1.6       T
  SNOW DEPTH       0

DEGREE DAYS
 HEATING
  YESTERDAY       24                        28     -4       34
  MONTH TO DATE  578                       497     81      355
  SINCE SEP 1    995                      1112   -117      745
  SINCE JUL 1   1024                      1147   -123      748

 COOLING
  YESTERDAY        0                         0      0        0
  MONTH TO DATE    0                         0      0        0
  SINCE SEP 1    148                        68     80      103
  SINCE JAN 1    782                       625    157      869
..................................................................


WIND (MPH)
  RESULTANT WIND SPEED  13   RESULTANT WIND DIRECTION  SW (240)
  HIGHEST WIND SPEED    26   HIGHEST WIND DIRECTION     W (260)
  HIGHEST GUST SPEED    35   HIGHEST GUST DIRECTION    SW (220)
  AVERAGE WIND SPEED    15.5


SKY COVER
  AVERAGE SKY COVER 0.4


WEATHER CONDITIONS
 THE FOLLOWING WEATHER WAS RECORDED YESTERDAY.
  LIGHT RAIN
  FOG


RELATIVE HUMIDITY (PERCENT)
 HIGHEST    85           300 PM
 LOWEST     52          1200 PM
 AVERAGE    69

..........................................................


THE LANSING MI CLIMATE NORMALS FOR TODAY
                         NORMAL    RECORD    YEAR
 MAXIMUM TEMPERATURE (F)   44        65      1913
 MINIMUM TEMPERATURE (F)   30        -2      1880


SUNRISE AND SUNSET
NOVEMBER 22 2017......SUNRISE   739 AM EST   SUNSET   510 PM EST
NOVEMBER 23 2017......SUNRISE   740 AM EST   SUNSET   509 PM EST


-  INDICATES NEGATIVE NUMBERS.
R  INDICATES RECORD WAS SET OR TIED.
MM INDICATES DATA IS MISSING.
T  INDICATES TRACE AMOUNT.




$$
