000
CDUS45 KCYS 230727
CLILAR


CLIMATE REPORT
NATIONAL WEATHER SERVICE CHEYENNE WY
127 AM MDT WED JUL 23 2014


...................................

...THE LARAMIE WY AIRPORT CLIMATE SUMMARY FOR JULY 22 2014...

CLIMATE NORMAL PERIOD 1981 TO 2010
CLIMATE RECORD PERIOD 1948 TO 2014


WEATHER ITEM   OBSERVED TIME   RECORD YEAR NORMAL DEPARTURE LAST
                VALUE   (LST)  VALUE       VALUE  FROM      YEAR
                                                  NORMAL
..................................................................
TEMPERATURE (F)
 YESTERDAY
  MAXIMUM         88    230 PM  94    1982  81      7       88
  MINIMUM         49    450 AM  37    1990  49      0       45
  AVERAGE         69                        65      4       67

PRECIPITATION (IN)
  YESTERDAY        0.00          0.94 1984   0.05  -0.05     0.00
  MONTH TO DATE    1.96                      0.98   0.98     1.56
  SINCE JAN 1      7.80                      6.47   1.33     4.97

DEGREE DAYS
 HEATING
  YESTERDAY        0                         2     -2        0
  MONTH TO DATE   35                        54    -19        9
  SINCE JUN 1    277                       295    -18      112
  SINCE JUL 1     35                        54    -19        9

 COOLING
  YESTERDAY        4                         2      2        2
  MONTH TO DATE   37                        26     11       52
  SINCE JUN 1     40                        33      7       88
  SINCE JAN 1     40                        33      7       88
..................................................................


WIND (MPH)
  HIGHEST WIND SPEED    21   HIGHEST WIND DIRECTION    SE (150)
  HIGHEST GUST SPEED    26   HIGHEST GUST DIRECTION    SE (150)
  AVERAGE WIND SPEED     8.9


SKY COVER
  AVERAGE SKY COVER 0.1


WEATHER CONDITIONS
 THE FOLLOWING WEATHER WAS RECORDED YESTERDAY.
  NO SIGNIFICANT WEATHER WAS OBSERVED.


RELATIVE HUMIDITY (PERCENT)
 HIGHEST    66           400 AM
 LOWEST     13           100 PM
 AVERAGE    40

..........................................................


THE LARAMIE WY AIRPORT CLIMATE NORMALS FOR TODAY
                         NORMAL    RECORD    YEAR
 MAXIMUM TEMPERATURE (F)   81        92      2006
 MINIMUM TEMPERATURE (F)   49        41      1990
                                             1972
                                             1950


SUNRISE AND SUNSET
JULY 23 2014..........SUNRISE   549 AM MDT   SUNSET   828 PM MDT
JULY 24 2014..........SUNRISE   550 AM MDT   SUNSET   828 PM MDT


-  INDICATES NEGATIVE NUMBERS.
R  INDICATES RECORD WAS SET OR TIED.
MM INDICATES DATA IS MISSING.
T  INDICATES TRACE AMOUNT.




$$
