000
CDUS45 KCYS 130731
CLILAR


CLIMATE REPORT
NATIONAL WEATHER SERVICE CHEYENNE WY
1229 AM MST SAT FEB 13 2016


...................................

...THE LARAMIE WY AIRPORT CLIMATE SUMMARY FOR FEBRUARY 12 2016...

CLIMATE NORMAL PERIOD 1981 TO 2010
CLIMATE RECORD PERIOD 1948 TO 2016


WEATHER ITEM   OBSERVED TIME   RECORD YEAR NORMAL DEPARTURE LAST
                VALUE   (LST)  VALUE       VALUE  FROM      YEAR
                                                  NORMAL
..................................................................
TEMPERATURE (F)
 YESTERDAY
  MAXIMUM         52    135 PM  56    1954  34     18       52
  MINIMUM         31    123 AM -21    1986  11     20       22
  AVERAGE         42                        23     19       37

PRECIPITATION (IN)
  YESTERDAY        0.00          0.20 2012   0.01  -0.01     0.00
  MONTH TO DATE    0.01                      0.13  -0.12     0.27
  SINCE JAN 1      0.32                      0.40  -0.08     0.39

DEGREE DAYS
 HEATING
  YESTERDAY       23                        42    -19       28
  MONTH TO DATE  430                       514    -84      336
  SINCE DEC 1   3277                      3217     60     2834
  SINCE JUL 1   5201                      5529   -328     4962

 COOLING
  YESTERDAY        0                         0      0        0
  MONTH TO DATE    0                         0      0        0
  SINCE DEC 1      0                         0      0        0
  SINCE JAN 1      0                         0      0        0
..................................................................


WIND (MPH)
  HIGHEST WIND SPEED    22   HIGHEST WIND DIRECTION    SW (220)
  HIGHEST GUST SPEED    31   HIGHEST GUST DIRECTION    SW (230)
  AVERAGE WIND SPEED    10.4


SKY COVER
  AVERAGE SKY COVER 0.4


WEATHER CONDITIONS
 THE FOLLOWING WEATHER WAS RECORDED YESTERDAY.
  NO SIGNIFICANT WEATHER WAS OBSERVED.


RELATIVE HUMIDITY (PERCENT)
 HIGHEST    64           600 PM
 LOWEST     37           900 PM
 AVERAGE    51

..........................................................


THE LARAMIE WY AIRPORT CLIMATE NORMALS FOR TODAY
                         NORMAL    RECORD    YEAR
 MAXIMUM TEMPERATURE (F)   35        57      1996
 MINIMUM TEMPERATURE (F)   11       -18      1948


SUNRISE AND SUNSET
FEBRUARY 13 2016......SUNRISE   701 AM MST   SUNSET   534 PM MST
FEBRUARY 14 2016......SUNRISE   659 AM MST   SUNSET   535 PM MST


-  INDICATES NEGATIVE NUMBERS.
R  INDICATES RECORD WAS SET OR TIED.
MM INDICATES DATA IS MISSING.
T  INDICATES TRACE AMOUNT.




$$
