000
CDUS45 KVEF 240035
CLILAS


CLIMATE REPORT
NATIONAL WEATHER SERVICE LAS VEGAS, NV
535 PM PDT TUE MAY 23 2017


...................................

...THE LAS VEGAS NV CLIMATE SUMMARY FOR MAY 23 2017...
VALID TODAY AS OF 0500 PM LOCAL TIME.

CLIMATE NORMAL PERIOD 1981 TO 2010
CLIMATE RECORD PERIOD 1937 TO 2017


WEATHER ITEM   OBSERVED TIME   RECORD YEAR NORMAL DEPARTURE LAST
                VALUE   (LST)  VALUE       VALUE  FROM      YEAR
                                                  NORMAL
..................................................................
TEMPERATURE (F)
 TODAY
  MAXIMUM        101    319 PM 107    2000  91     10       85
  MINIMUM         73    427 AM  48    1980  68      5       63
  AVERAGE         87                        80      7       74

PRECIPITATION (IN)
  TODAY            0.00          0.36 1977   0.01  -0.01     0.00
  MONTH TO DATE    0.08                      0.09  -0.01     0.04
  SINCE OCT 1      2.65                      3.11  -0.46     4.26
  SINCE JAN 1      1.59                      1.98  -0.39     2.85

SNOWFALL (IN)
  TODAY            0.0           0.0    MM   0.0    0.0      0.0
  MONTH TO DATE    0.0                       0.0    0.0      0.0
  SINCE MAR 1      0.0                       0.0    0.0      0.0
  SINCE JUL 1      0.0                       0.3   -0.3       T
  SNOW DEPTH       0

DEGREE DAYS
 HEATING
  TODAY            0                         0      0        0
  MONTH TO DATE    7                         4      3        3
  SINCE MAR 1     98                       256   -158      117
  SINCE JUL 1   1470                      1947   -477     1696

 COOLING
  TODAY           22                        15      7        9
  MONTH TO DATE  233                       262    -29      222
  SINCE MAR 1    508                       421     87      419
  SINCE JAN 1    511                       422     89      428
..................................................................


WIND (MPH)
  RESULTANT WIND SPEED   2   RESULTANT WIND DIRECTION  NE (50)
  HIGHEST WIND SPEED    10   HIGHEST WIND DIRECTION    NE (50)
  HIGHEST GUST SPEED    13   HIGHEST GUST DIRECTION     N (20)
  AVERAGE WIND SPEED     4.3


SKY COVER
  POSSIBLE SUNSHINE  MM
  AVERAGE SKY COVER 0.1


WEATHER CONDITIONS
 THE FOLLOWING WEATHER WAS RECORDED TODAY.
  NO SIGNIFICANT WEATHER WAS OBSERVED.


RELATIVE HUMIDITY (PERCENT)
 HIGHEST    21          1200 AM
 LOWEST      5           200 PM
 AVERAGE    13

..........................................................


THE LAS VEGAS NV CLIMATE NORMALS FOR TOMORROW
                         NORMAL    RECORD    YEAR
 MAXIMUM TEMPERATURE (F)   92       105      2001
 MINIMUM TEMPERATURE (F)   68        46      1939


SUNRISE AND SUNSET
MAY 23 2017...........SUNRISE   529 AM PDT   SUNSET   746 PM PDT
MAY 24 2017...........SUNRISE   528 AM PDT   SUNSET   747 PM PDT


-  INDICATES NEGATIVE NUMBERS.
R  INDICATES RECORD WAS SET OR TIED.
MM INDICATES DATA IS MISSING.
T  INDICATES TRACE AMOUNT.




$$
