000
CDUS45 KVEF 230835
CLILAS


CLIMATE REPORT
NATIONAL WEATHER SERVICE LAS VEGAS, NV
1234 AM PST MON JAN 23 2017


...................................

...THE LAS VEGAS NV CLIMATE SUMMARY FOR JANUARY 22 2017...

CLIMATE NORMAL PERIOD 1981 TO 2010
CLIMATE RECORD PERIOD 1937 TO 2017


WEATHER ITEM   OBSERVED TIME   RECORD YEAR NORMAL DEPARTURE LAST
                VALUE   (LST)  VALUE       VALUE  FROM      YEAR
                                                  NORMAL
..................................................................
TEMPERATURE (F)
 YESTERDAY
  MAXIMUM         50   1143 PM  74    1948  59     -9       58
  MINIMUM         45    308 PM   9    1937  40      5       41
  AVERAGE         48                        49     -1       50

PRECIPITATION (IN)
  YESTERDAY        0.48          0.65 1943   0.01   0.47     0.00
  MONTH TO DATE    0.86                      0.39   0.47     0.31
  SINCE OCT 1      1.92                      1.52   0.40     1.72
  SINCE JAN 1      0.86                      0.39   0.47     0.31

SNOWFALL (IN)
  YESTERDAY        0.0           0.0  2015   0.0    0.0      0.0
  MONTH TO DATE    0.0                       0.0    0.0      0.0
  SINCE DEC 1      0.0                       0.2   -0.2       T
  SINCE JUL 1      0.0                       0.2   -0.2       T
  SNOW DEPTH       0

DEGREE DAYS
 HEATING
  YESTERDAY       17                        16      1       15
  MONTH TO DATE  314                       367    -53      384
  SINCE DEC 1    826                       905    -79      927
  SINCE JUL 1    993                      1214   -221     1251

 COOLING
  YESTERDAY        0                         0      0        0
  MONTH TO DATE    0                         0      0        0
  SINCE DEC 1      0                         0      0        0
  SINCE JAN 1      0                         0      0        0
..................................................................


WIND (MPH)
  RESULTANT WIND SPEED   4   RESULTANT WIND DIRECTION   S (160)
  HIGHEST WIND SPEED    16   HIGHEST WIND DIRECTION     S (190)
  HIGHEST GUST SPEED    22   HIGHEST GUST DIRECTION     S (190)
  AVERAGE WIND SPEED     4.9


SKY COVER
  POSSIBLE SUNSHINE  MM
  AVERAGE SKY COVER 1.0


WEATHER CONDITIONS
 THE FOLLOWING WEATHER WAS RECORDED YESTERDAY.
  LIGHT RAIN


RELATIVE HUMIDITY (PERCENT)
 HIGHEST    83          1000 AM
 LOWEST     50          1200 AM
 AVERAGE    67

..........................................................


THE LAS VEGAS NV CLIMATE NORMALS FOR TODAY
                         NORMAL    RECORD    YEAR
 MAXIMUM TEMPERATURE (F)   59        76      1948
 MINIMUM TEMPERATURE (F)   40        14      1937


SUNRISE AND SUNSET
JANUARY 23 2017.......SUNRISE   647 AM PST   SUNSET   458 PM PST
JANUARY 24 2017.......SUNRISE   647 AM PST   SUNSET   459 PM PST


-  INDICATES NEGATIVE NUMBERS.
R  INDICATES RECORD WAS SET OR TIED.
MM INDICATES DATA IS MISSING.
T  INDICATES TRACE AMOUNT.




$$
