000
CDUS45 KVEF 280826
CLILAS


CLIMATE REPORT
NATIONAL WEATHER SERVICE LAS VEGAS, NV
1225 AM PST SAT FEB 28 2015


...................................

...THE LAS VEGAS NV CLIMATE SUMMARY FOR FEBRUARY 27 2015...

CLIMATE NORMAL PERIOD 1981 TO 2010
CLIMATE RECORD PERIOD 1937 TO 2015


WEATHER ITEM   OBSERVED TIME   RECORD YEAR NORMAL DEPARTURE LAST
                VALUE   (LST)  VALUE       VALUE  FROM      YEAR
                                                  NORMAL
..................................................................
TEMPERATURE (F)
 YESTERDAY
  MAXIMUM         65    418 PM  83    1986  66     -1       72
  MINIMUM         47    647 AM  19    1971  46      1       59
  AVERAGE         56                        56      0       66

PRECIPITATION (IN)
  YESTERDAY        0.00          0.65 2001   0.02  -0.02      T
  MONTH TO DATE    0.54                      0.73  -0.19      T
  SINCE OCT 1      1.71                      2.40  -0.69     1.42
  SINCE JAN 1      1.41                      1.27   0.14      T

SNOWFALL (IN)
  YESTERDAY        0.0           T    2004   0.0    0.0      0.0
  MONTH TO DATE    0.0                       0.1   -0.1      0.0
  SINCE DEC 1      T                         0.3   -0.3      0.0
  SINCE JUL 1      T                         0.3   -0.3      0.0
  SNOW DEPTH       0

DEGREE DAYS
 HEATING
  YESTERDAY        9                         9      0        0
  MONTH TO DATE  134                       330   -196      212
  SINCE DEC 1    926                      1373   -447     1113
  SINCE JUL 1   1099                      1682   -583     1376

 COOLING
  YESTERDAY        0                         0      0        1
  MONTH TO DATE   10                         0     10        3
  SINCE DEC 1     10                         0     10        3
  SINCE JAN 1     10                         0     10        3
..................................................................


WIND (MPH)
  RESULTANT WIND SPEED   5   RESULTANT WIND DIRECTION   S (170)
  HIGHEST WIND SPEED    21   HIGHEST WIND DIRECTION     S (190)
  HIGHEST GUST SPEED    27   HIGHEST GUST DIRECTION     S (190)
  AVERAGE WIND SPEED     7.7


SKY COVER
  POSSIBLE SUNSHINE  MM
  AVERAGE SKY COVER 0.4


WEATHER CONDITIONS
 THE FOLLOWING WEATHER WAS RECORDED YESTERDAY.
  NO SIGNIFICANT WEATHER WAS OBSERVED.


RELATIVE HUMIDITY (PERCENT)
 HIGHEST    43          1000 PM
 LOWEST     19           100 PM
 AVERAGE    31

..........................................................


THE LAS VEGAS NV CLIMATE NORMALS FOR TODAY
                         NORMAL    RECORD    YEAR
 MAXIMUM TEMPERATURE (F)   66        82      1986
                                             1972
 MINIMUM TEMPERATURE (F)   46        19      1962


SUNRISE AND SUNSET
FEBRUARY 28 2015......SUNRISE   612 AM PST   SUNSET   534 PM PST
MARCH  1 2015.........SUNRISE   611 AM PST   SUNSET   535 PM PST


-  INDICATES NEGATIVE NUMBERS.
R  INDICATES RECORD WAS SET OR TIED.
MM INDICATES DATA IS MISSING.
T  INDICATES TRACE AMOUNT.




$$
