000
CDUS45 KVEF 200026
CLILAS


CLIMATE REPORT
NATIONAL WEATHER SERVICE LAS VEGAS, NV
425 PM PST FRI DEC 19 2014


...................................

...THE LAS VEGAS NV CLIMATE SUMMARY FOR DECEMBER 19 2014...
VALID TODAY AS OF 0400 PM LOCAL TIME.

CLIMATE NORMAL PERIOD 1981 TO 2010
CLIMATE RECORD PERIOD 1937 TO 2014


WEATHER ITEM   OBSERVED TIME   RECORD YEAR NORMAL DEPARTURE LAST
                VALUE   (LST)  VALUE       VALUE  FROM      YEAR
                                                  NORMAL
..................................................................
TEMPERATURE (F)
 TODAY
  MAXIMUM         55    301 PM  68    1942  56     -1       60
                                      1939
  MINIMUM         40    548 AM  22    1945  38      2       43
  AVERAGE         48                        47      1       52

PRECIPITATION (IN)
  TODAY            0.00          0.42 1984   0.02  -0.02     0.00
  MONTH TO DATE    0.30                      0.27   0.03     0.05
  SINCE OCT 1      0.30                      0.90  -0.60     1.42
  SINCE JAN 1      1.81                      3.96  -2.15     2.96

SNOWFALL (IN)
  TODAY            0.0           T    2006   0.0    0.0      0.0
  MONTH TO DATE    0.0                       0.1   -0.1      0.0
  SINCE DEC 1      0.0                       0.1   -0.1      0.0
  SINCE JUL 1      0.0                       0.1   -0.1      0.0
  SNOW DEPTH       0

DEGREE DAYS
 HEATING
  TODAY           17                        18     -1       13
  MONTH TO DATE  207                       323   -116      371
  SINCE DEC 1    207                       323   -116      371
  SINCE JUL 1    380                       632   -252      634

 COOLING
  TODAY            0                         0      0        0
  MONTH TO DATE    0                         0      0        0
  SINCE DEC 1      0                         0      0        0
  SINCE JAN 1   3970                      3568    402     3766
..................................................................


WIND (MPH)
  RESULTANT WIND SPEED   5   RESULTANT WIND DIRECTION   S (200)
  HIGHEST WIND SPEED    12   HIGHEST WIND DIRECTION     S (200)
  HIGHEST GUST SPEED    13   HIGHEST GUST DIRECTION     S (190)
  AVERAGE WIND SPEED     5.8


SKY COVER
  POSSIBLE SUNSHINE  MM
  AVERAGE SKY COVER 0.5


WEATHER CONDITIONS
 THE FOLLOWING WEATHER WAS RECORDED TODAY.
  NO SIGNIFICANT WEATHER WAS OBSERVED.


RELATIVE HUMIDITY (PERCENT)
 HIGHEST    79           500 AM
 LOWEST     54          1200 PM
 AVERAGE    67

..........................................................


THE LAS VEGAS NV CLIMATE NORMALS FOR TOMORROW
                         NORMAL    RECORD    YEAR
 MAXIMUM TEMPERATURE (F)   56        73      1981
 MINIMUM TEMPERATURE (F)   38        14      1945


SUNRISE AND SUNSET
DECEMBER 19 2014......SUNRISE   647 AM PST   SUNSET   429 PM PST
DECEMBER 20 2014......SUNRISE   647 AM PST   SUNSET   430 PM PST


-  INDICATES NEGATIVE NUMBERS.
R  INDICATES RECORD WAS SET OR TIED.
MM INDICATES DATA IS MISSING.
T  INDICATES TRACE AMOUNT.




$$
