000
CDUS45 KVEF 230827
CLILAS


CLIMATE REPORT
NATIONAL WEATHER SERVICE LAS VEGAS, NV
126 AM PDT SAT SEP 23 2017


...................................

...THE LAS VEGAS NV CLIMATE SUMMARY FOR SEPTEMBER 22 2017...

CLIMATE NORMAL PERIOD 1981 TO 2010
CLIMATE RECORD PERIOD 1937 TO 2017


WEATHER ITEM   OBSERVED TIME   RECORD YEAR NORMAL DEPARTURE LAST
                VALUE   (LST)  VALUE       VALUE  FROM      YEAR
                                                  NORMAL
..................................................................
TEMPERATURE (F)
 YESTERDAY
  MAXIMUM         76    428 PM 104    1949  92    -16       85
  MINIMUM         57    614 AM  51    1944  69    -12       68
  AVERAGE         67                        80    -13       77

PRECIPITATION (IN)
  YESTERDAY        0.00          0.32 2007   0.01  -0.01     0.00
  MONTH TO DATE    0.46                      0.20   0.26      T
  SINCE OCT 1      3.44                      4.14  -0.70     5.12
  SINCE JAN 1      2.38                      3.01  -0.63     3.71

SNOWFALL (IN)
  YESTERDAY        0.0           0.0    MM   0.0    0.0      0.0
  MONTH TO DATE    0.0                       0.0    0.0      0.0
  SINCE SEP 1      0.0                       0.0    0.0      0.0
  SINCE JUL 1      0.0                       0.0    0.0      0.0
  SNOW DEPTH       0

DEGREE DAYS
 HEATING
  YESTERDAY        0                         0      0        0
  MONTH TO DATE    0                         0      0        0
  SINCE SEP 1      0                         0      0        0
  SINCE JUL 1      0                         0      0        0

 COOLING
  YESTERDAY        2                        15    -13       12
  MONTH TO DATE  452                       423     29      420
  SINCE SEP 1    452                       423     29      420
  SINCE JAN 1   3744                      3272    472     3566
..................................................................


WIND (MPH)
  RESULTANT WIND SPEED   2   RESULTANT WIND DIRECTION  NW (310)
  HIGHEST WIND SPEED    17   HIGHEST WIND DIRECTION    NW (330)
  HIGHEST GUST SPEED    21   HIGHEST GUST DIRECTION    NW (320)
  AVERAGE WIND SPEED     5.1


SKY COVER
  POSSIBLE SUNSHINE  MM
  AVERAGE SKY COVER 0.1


WEATHER CONDITIONS
 THE FOLLOWING WEATHER WAS RECORDED YESTERDAY.
  NO SIGNIFICANT WEATHER WAS OBSERVED.


RELATIVE HUMIDITY (PERCENT)
 HIGHEST    31           100 AM
 LOWEST     16           200 PM
 AVERAGE    24

..........................................................


THE LAS VEGAS NV CLIMATE NORMALS FOR TODAY
                         NORMAL    RECORD    YEAR
 MAXIMUM TEMPERATURE (F)   91       104      1947
 MINIMUM TEMPERATURE (F)   68        46      1941


SUNRISE AND SUNSET
SEPTEMBER 23 2017.....SUNRISE   630 AM PDT   SUNSET   636 PM PDT
SEPTEMBER 24 2017.....SUNRISE   630 AM PDT   SUNSET   634 PM PDT


-  INDICATES NEGATIVE NUMBERS.
R  INDICATES RECORD WAS SET OR TIED.
MM INDICATES DATA IS MISSING.
T  INDICATES TRACE AMOUNT.




$$
