000
CDUS45 KVEF 280827
CLILAS


CLIMATE REPORT
NATIONAL WEATHER SERVICE LAS VEGAS, NV
126 AM PDT TUE MAR 28 2017


...................................

...THE LAS VEGAS NV CLIMATE SUMMARY FOR MARCH 27 2017...

CLIMATE NORMAL PERIOD 1981 TO 2010
CLIMATE RECORD PERIOD 1937 TO 2017


WEATHER ITEM   OBSERVED TIME   RECORD YEAR NORMAL DEPARTURE LAST
                VALUE   (LST)  VALUE       VALUE  FROM      YEAR
                                                  NORMAL
..................................................................
TEMPERATURE (F)
 YESTERDAY
  MAXIMUM         71    502 PM  88    2015  73     -2       75
                                      1988
                                      1986
  MINIMUM         58   1159 PM  33    1975  51      7       51
  AVERAGE         65                        62      3       63

PRECIPITATION (IN)
  YESTERDAY        0.01          1.20 1992   0.01   0.00     0.00
  MONTH TO DATE    0.01                      0.40  -0.39      T
  SINCE OCT 1      2.53                      2.83  -0.30     1.96
  SINCE JAN 1      1.47                      1.70  -0.23     0.55

SNOWFALL (IN)
  YESTERDAY        0.0           0.0  2015   0.0    0.0      0.0
  MONTH TO DATE    0.0                       0.0    0.0      0.0
  SINCE MAR 1      0.0                       0.0    0.0      0.0
  SINCE JUL 1      0.0                       0.3   -0.3       T
  SNOW DEPTH       0

DEGREE DAYS
 HEATING
  YESTERDAY        0                         4     -4        2
  MONTH TO DATE   71                       173   -102       50
  SINCE MAR 1     71                       173   -102       50
  SINCE JUL 1   1443                      1864   -421     1629

 COOLING
  YESTERDAY        0                         2     -2        0
  MONTH TO DATE  108                        20     88       55
  SINCE MAR 1    108                        20     88       55
  SINCE JAN 1    111                        21     90       64
..................................................................


WIND (MPH)
  RESULTANT WIND SPEED   5   RESULTANT WIND DIRECTION  NW (320)
  HIGHEST WIND SPEED    29   HIGHEST WIND DIRECTION     N (350)
  HIGHEST GUST SPEED    39   HIGHEST GUST DIRECTION     N (340)
  AVERAGE WIND SPEED    13.8


SKY COVER
  POSSIBLE SUNSHINE  MM
  AVERAGE SKY COVER 0.4


WEATHER CONDITIONS
 THE FOLLOWING WEATHER WAS RECORDED YESTERDAY.
  THUNDERSTORM
  LIGHT RAIN


RELATIVE HUMIDITY (PERCENT)
 HIGHEST    42           300 AM
 LOWEST     10           500 PM
 AVERAGE    26

..........................................................


THE LAS VEGAS NV CLIMATE NORMALS FOR TODAY
                         NORMAL    RECORD    YEAR
 MAXIMUM TEMPERATURE (F)   73        91      2015
 MINIMUM TEMPERATURE (F)   51        31      1975


SUNRISE AND SUNSET
MARCH 28 2017.........SUNRISE   632 AM PDT   SUNSET   700 PM PDT
MARCH 29 2017.........SUNRISE   631 AM PDT   SUNSET   700 PM PDT


-  INDICATES NEGATIVE NUMBERS.
R  INDICATES RECORD WAS SET OR TIED.
MM INDICATES DATA IS MISSING.
T  INDICATES TRACE AMOUNT.




$$
