000
CDUS46 KLOX 240114
CLILAX


CLIMATE REPORT
NATIONAL WEATHER SERVICE LOS ANGELES/OXNARD CA
514 PM PST THU NOV 23 2017


...................................

...THE LOS ANGELES AIRPORT CLIMATE SUMMARY FOR NOVEMBER 23 2017...
VALID TODAY AS OF 0500 PM LOCAL TIME.

CLIMATE NORMAL PERIOD 1981 TO 2010
CLIMATE RECORD PERIOD 1944 TO 2017


WEATHER ITEM   OBSERVED TIME   RECORD YEAR NORMAL DEPARTURE LAST
                VALUE   (LST)  VALUE       VALUE  FROM      YEAR
                                                  NORMAL
..................................................................
TEMPERATURE (F)
 TODAY
  MAXIMUM         91R  1130 AM  87    1950  68     23       72
  MINIMUM         66    507 AM  38    1947  52     14       51
  AVERAGE         79                        60     19       62

PRECIPITATION (IN)
  TODAY            0.00          1.64 1946   0.05  -0.05     0.00
  MONTH TO DATE    0.09                      0.79  -0.70     0.79
  SINCE OCT 1      0.09                      1.35  -1.26     1.15
  SINCE JAN 1     12.24                     10.45   1.79     7.17

SNOWFALL (IN)
  TODAY            0.0
  MONTH TO DATE    0.0
  SINCE SEP 1      0.0
  SINCE JUL 1      0.0

DEGREE DAYS
 HEATING
  TODAY            0                         6     -6        3
  MONTH TO DATE   19                        93    -74       33
  SINCE SEP 1     20                       133   -113       36
  SINCE JUL 1     20                       137   -117       36

 COOLING
  TODAY           14                         0     14        0
  MONTH TO DATE   41                        18     23       78
  SINCE SEP 1    453                       203    250      379
  SINCE JAN 1   1017                       549    468      961
..................................................................


WIND (MPH)
  HIGHEST WIND SPEED    15   HIGHEST WIND DIRECTION     W (270)
  HIGHEST GUST SPEED    17   HIGHEST GUST DIRECTION     W (270)
  AVERAGE WIND SPEED     7.1


SKY COVER
  POSSIBLE SUNSHINE  MM
  AVERAGE SKY COVER 0.3


WEATHER CONDITIONS
 THE FOLLOWING WEATHER WAS RECORDED TODAY.
  NO SIGNIFICANT WEATHER WAS OBSERVED.


RELATIVE HUMIDITY (PERCENT)
 HIGHEST    57           400 PM
 LOWEST     16          1100 AM
 AVERAGE    37

..........................................................


THE LOS ANGELES AIRPORT CLIMATE NORMALS FOR TOMORROW
                         NORMAL    RECORD    YEAR
 MAXIMUM TEMPERATURE (F)   67        88      1959
 MINIMUM TEMPERATURE (F)   51        38      1947


SUNRISE AND SUNSET
NOVEMBER 23 2017......SUNRISE   634 AM PST   SUNSET   446 PM PST
NOVEMBER 24 2017......SUNRISE   635 AM PST   SUNSET   446 PM PST


-  INDICATES NEGATIVE NUMBERS.
R  INDICATES RECORD WAS SET OR TIED.
MM INDICATES DATA IS MISSING.
T  INDICATES TRACE AMOUNT.




$$
