692
CDUS46 KLOX 261311
CLILAX


CLIMATE REPORT
NATIONAL WEATHER SERVICE LOS ANGELES/OXNARD CA
611 AM PDT MON SEP 26 2016


...................................

...THE LOS ANGELES INTL AIRPORT CA CLIMATE SUMMARY FOR SEPTEMBER 25 2016...

CLIMATE NORMAL PERIOD 1981 TO 2010
CLIMATE RECORD PERIOD 1944 TO 2016


WEATHER ITEM   OBSERVED TIME   RECORD YEAR NORMAL DEPARTURE LAST
                VALUE   (LST)  VALUE       VALUE  FROM      YEAR
                                                  NORMAL
..................................................................
TEMPERATURE (F)
 YESTERDAY
  MAXIMUM         92   1059 AM 105    1978  74     18       84
  MINIMUM         63    449 AM  52    1948  62      1       70
  AVERAGE         78                        68     10       77

PRECIPITATION (IN)
  YESTERDAY        0.00          0.27 1997   0.01  -0.01     0.00
  MONTH TO DATE    0.01                      0.15  -0.14     1.81
  SINCE OCT 1      7.26                     12.76  -5.50     9.42
  SINCE JAN 1      6.02                      9.04  -3.02     4.72

SNOWFALL (IN)
  YESTERDAY        0.0
  MONTH TO DATE    0.0
  SINCE SEP 1      0.0
  SINCE JUL 1      0.0

DEGREE DAYS
 HEATING
  YESTERDAY        0                         0      0        0
  MONTH TO DATE    0                         0      0        0
  SINCE SEP 1      0                         0      0        0
  SINCE JUL 1      0                         4     -4        0

 COOLING
  YESTERDAY       13                         3     10       12
  MONTH TO DATE  116                       107      9      262
  SINCE SEP 1    116                       107      9      262
  SINCE JAN 1    698                       453    245      849
..................................................................


WIND (MPH)
  HIGHEST WIND SPEED    17   HIGHEST WIND DIRECTION     W (270)
  HIGHEST GUST SPEED    19   HIGHEST GUST DIRECTION     W (270)
  AVERAGE WIND SPEED     6.9


SKY COVER
  POSSIBLE SUNSHINE  MM
  AVERAGE SKY COVER 0.0


WEATHER CONDITIONS
 THE FOLLOWING WEATHER WAS RECORDED YESTERDAY.
  NO SIGNIFICANT WEATHER WAS OBSERVED.


RELATIVE HUMIDITY (PERCENT)
 HIGHEST    58          1200 AM
 LOWEST     11          1100 AM
 AVERAGE    35

..........................................................


THE LOS ANGELES INTL AIRPORT CA CLIMATE NORMALS FOR TODAY
                         NORMAL    RECORD    YEAR
 MAXIMUM TEMPERATURE (F)   74       110      1963
 MINIMUM TEMPERATURE (F)   62        47      1948


SUNRISE AND SUNSET
SEPTEMBER 26 2016.....SUNRISE   645 AM PDT   SUNSET   644 PM PDT
SEPTEMBER 27 2016.....SUNRISE   646 AM PDT   SUNSET   643 PM PDT


-  INDICATES NEGATIVE NUMBERS.
R  INDICATES RECORD WAS SET OR TIED.
MM INDICATES DATA IS MISSING.
T  INDICATES TRACE AMOUNT.




$$
