480
CDUS46 KLOX 130122
CLILAX


CLIMATE REPORT
NATIONAL WEATHER SERVICE LOS ANGELES/OXNARD CA
522 PM PST FRI FEB 12 2016


...................................

...THE LOS ANGELES AIRPORT CLIMATE SUMMARY FOR FEBRUARY 12 2016...
VALID TODAY AS OF 0500 PM LOCAL TIME.

CLIMATE NORMAL PERIOD 1981 TO 2010
CLIMATE RECORD PERIOD 1944 TO 2016


WEATHER ITEM   OBSERVED TIME   RECORD YEAR NORMAL DEPARTURE LAST
                VALUE   (LST)  VALUE       VALUE  FROM      YEAR
                                                  NORMAL
..................................................................
TEMPERATURE (F)
 TODAY
  MAXIMUM         79   1147 AM  88    1977  64     15       84
  MINIMUM         55    558 AM  34    1948  50      5       57
  AVERAGE         67                        57     10       71

PRECIPITATION (IN)
  TODAY            0.00          2.15 2003   0.12  -0.12     0.00
  MONTH TO DATE    0.00                      1.33  -1.33      T
  SINCE OCT 1      4.18                      7.76  -3.58     5.95
  SINCE JAN 1      2.94                      4.04  -1.10     1.25

SNOWFALL (IN)
  TODAY            0.0
  MONTH TO DATE    0.0
  SINCE DEC 1      0.0
  SINCE JUL 1      0.0

DEGREE DAYS
 HEATING
  TODAY            0                         8     -8        0
  MONTH TO DATE   48                        96    -48       48
  SINCE DEC 1    527                       618    -91      415
  SINCE JUL 1    638                       800   -162      457

 COOLING
  TODAY            2                         0      2        6
  MONTH TO DATE   30                         0     30       10
  SINCE DEC 1     36                         5     31       19
  SINCE JAN 1     30                         4     26       17
..................................................................


WIND (MPH)
  HIGHEST WIND SPEED    13   HIGHEST WIND DIRECTION     W (260)
  HIGHEST GUST SPEED    17   HIGHEST GUST DIRECTION     W (280)
  AVERAGE WIND SPEED     4.5


SKY COVER
  POSSIBLE SUNSHINE  MM
  AVERAGE SKY COVER 0.4


WEATHER CONDITIONS
 THE FOLLOWING WEATHER WAS RECORDED TODAY.
  HAZE


RELATIVE HUMIDITY (PERCENT)
 HIGHEST    63           400 PM
 LOWEST     25          1000 AM
 AVERAGE    44

..........................................................


THE LOS ANGELES AIRPORT CLIMATE NORMALS FOR TOMORROW
                         NORMAL    RECORD    YEAR
 MAXIMUM TEMPERATURE (F)   64        85      2006
                                             1985
 MINIMUM TEMPERATURE (F)   50        35      1948


SUNRISE AND SUNSET
FEBRUARY 12 2016......SUNRISE   642 AM PST   SUNSET   535 PM PST
FEBRUARY 13 2016......SUNRISE   641 AM PST   SUNSET   535 PM PST


-  INDICATES NEGATIVE NUMBERS.
R  INDICATES RECORD WAS SET OR TIED.
MM INDICATES DATA IS MISSING.
T  INDICATES TRACE AMOUNT.




$$
