000
CDUS46 KLOX 030856
CLILAX


CLIMATE REPORT
NATIONAL WEATHER SERVICE LOS ANGELES/OXNARD CA
156 AM PDT FRI JUL 3 2015


...................................

...THE LOS ANGELES INTL AIRPORT CA CLIMATE SUMMARY FOR JULY 2 2015...

CLIMATE NORMAL PERIOD 1981 TO 2010
CLIMATE RECORD PERIOD 1944 TO 2015


WEATHER ITEM   OBSERVED TIME   RECORD YEAR NORMAL DEPARTURE LAST
                VALUE   (LST)  VALUE       VALUE  FROM      YEAR
                                                  NORMAL
..................................................................
TEMPERATURE (F)
 YESTERDAY
  MAXIMUM         75   1201 PM  93    1985  73      2       75
  MINIMUM         63   1125 PM  55    1947  63      0       65
  AVERAGE         69                        68      1       70

PRECIPITATION (IN)
  YESTERDAY        T   R         T    1970   0.00   0.00     0.00
                                      1965
                                      1961
  MONTH TO DATE    T                         0.00   0.00     0.00
  SINCE OCT 1      7.26                     12.53  -5.27     4.42
  SINCE JAN 1      2.56                      8.81  -6.25     3.41

SNOWFALL (IN)
  YESTERDAY        0.0
  MONTH TO DATE    0.0
  SINCE JUN 1      0.0
  SINCE JUL 1      0.0

DEGREE DAYS
 HEATING
  YESTERDAY        0                         0      0        0
  MONTH TO DATE    0                         0      0        0
  SINCE JUN 1     11                        25    -14        1
  SINCE JUL 1      0                         0      0        0

 COOLING
  YESTERDAY        4                         3      1        5
  MONTH TO DATE   10                         6      4       11
  SINCE JUN 1     67                        48     19       98
  SINCE JAN 1    180                        88     92      309
..................................................................


WIND (MPH)
  HIGHEST WIND SPEED    20   HIGHEST WIND DIRECTION    SW (240)
  HIGHEST GUST SPEED    24   HIGHEST GUST DIRECTION    SW (230)
  AVERAGE WIND SPEED     9.6


SKY COVER
  POSSIBLE SUNSHINE  MM
  AVERAGE SKY COVER 0.6


WEATHER CONDITIONS
 THE FOLLOWING WEATHER WAS RECORDED YESTERDAY.
  LIGHT RAIN


RELATIVE HUMIDITY (PERCENT)
 HIGHEST    93           900 PM
 LOWEST     64          1200 PM
 AVERAGE    79

..........................................................


THE LOS ANGELES INTL AIRPORT CA CLIMATE NORMALS FOR TODAY
                         NORMAL    RECORD    YEAR
 MAXIMUM TEMPERATURE (F)   73        87      1981
                                             1973
 MINIMUM TEMPERATURE (F)   63        55      2005


SUNRISE AND SUNSET
JULY  3 2015..........SUNRISE   547 AM PDT   SUNSET   809 PM PDT
JULY  4 2015..........SUNRISE   547 AM PDT   SUNSET   808 PM PDT


-  INDICATES NEGATIVE NUMBERS.
R  INDICATES RECORD WAS SET OR TIED.
MM INDICATES DATA IS MISSING.
T  INDICATES TRACE AMOUNT.




$$
