000
CDUS46 KLOX 260112
CLILAX


CLIMATE REPORT
NATIONAL WEATHER SERVICE LOS ANGELES/OXNARD CA
511 PM PST TUE NOV 25 2014


...................................

...THE LOS ANGELES AIRPORT CLIMATE SUMMARY FOR NOVEMBER 25 2014...
VALID TODAY AS OF 0500 PM LOCAL TIME.

CLIMATE NORMAL PERIOD 1981 TO 2010
CLIMATE RECORD PERIOD 1944 TO 2014


WEATHER ITEM   OBSERVED TIME   RECORD YEAR NORMAL DEPARTURE LAST
                VALUE   (LST)  VALUE       VALUE  FROM      YEAR
                                                  NORMAL
..................................................................
TEMPERATURE (F)
 TODAY
  MAXIMUM         78    101 PM  91    1977  67     11       69
  MINIMUM         55    529 AM  42    2010  51      4       50
                                      1946
  AVERAGE         67                        59      8       60

PRECIPITATION (IN)
  TODAY            0.00          0.96 1961   0.04  -0.04     0.00
  MONTH TO DATE    0.20                      0.88  -0.68     0.38
  SINCE JUL 1      0.63                      1.73  -1.10     0.43
  SINCE JAN 1      4.04                     10.54  -6.50     3.04

SNOWFALL (IN)
  TODAY            0.0
  MONTH TO DATE    0.0
  SINCE SEP 1      0.0
  SINCE JUL 1      0.0

DEGREE DAYS
 HEATING
  TODAY            0                         6     -6        5
  MONTH TO DATE   37                       105    -68       48
  SINCE SEP 1     37                       145   -108       87
  SINCE JUL 1     37                       149   -112       88

 COOLING
  TODAY            2                         0      2        0
  MONTH TO DATE   36                        18     18       39
  SINCE SEP 1    446                       203    243      271
  SINCE JAN 1   1164                       549    615      701
..................................................................


WIND (MPH)
  HIGHEST WIND SPEED    12   HIGHEST WIND DIRECTION     W (270)
  HIGHEST GUST SPEED    14   HIGHEST GUST DIRECTION     W (280)
  AVERAGE WIND SPEED     5.5


SKY COVER
  POSSIBLE SUNSHINE  MM
  AVERAGE SKY COVER 0.0


WEATHER CONDITIONS
 THE FOLLOWING WEATHER WAS RECORDED TODAY.
  NO SIGNIFICANT WEATHER WAS OBSERVED.


RELATIVE HUMIDITY (PERCENT)
 HIGHEST    31           400 PM
 LOWEST      7          1200 PM
 AVERAGE    19

..........................................................


THE LOS ANGELES AIRPORT CLIMATE NORMALS FOR TOMORROW
                         NORMAL    RECORD    YEAR
 MAXIMUM TEMPERATURE (F)   67        87      1956
 MINIMUM TEMPERATURE (F)   51        42      1984


SUNRISE AND SUNSET
NOVEMBER 25 2014......SUNRISE   635 AM PST   SUNSET   446 PM PST
NOVEMBER 26 2014......SUNRISE   636 AM PST   SUNSET   445 PM PST


-  INDICATES NEGATIVE NUMBERS.
R  INDICATES RECORD WAS SET OR TIED.
MM INDICATES DATA IS MISSING.
T  INDICATES TRACE AMOUNT.




$$
