000
CDUS46 KLOX 300905
CLILAX


CLIMATE REPORT
NATIONAL WEATHER SERVICE LOS ANGELES/OXNARD CA
205 AM PDT SAT APR 30 2016


...................................

...THE LOS ANGELES INTL AIRPORT CA CLIMATE SUMMARY FOR APRIL 29 2016...

CLIMATE NORMAL PERIOD 1981 TO 2010
CLIMATE RECORD PERIOD 1944 TO 2016


WEATHER ITEM   OBSERVED TIME   RECORD YEAR NORMAL DEPARTURE LAST
                VALUE   (LST)  VALUE       VALUE  FROM      YEAR
                                                  NORMAL
..................................................................
TEMPERATURE (F)
 YESTERDAY
  MAXIMUM         67   1258 PM  92    1981  68     -1       76
  MINIMUM         55   1159 PM  44    1948  55      0       59
  AVERAGE         61                        62     -1       68

PRECIPITATION (IN)
  YESTERDAY        0.00          0.27 1983   0.01  -0.01     0.00
  MONTH TO DATE    0.29                      0.68  -0.39     0.11
  SINCE OCT 1      6.66                     12.21  -5.55     6.82
  SINCE JAN 1      5.42                      8.49  -3.07     2.12

SNOWFALL (IN)
  YESTERDAY        0.0
  MONTH TO DATE    0.0
  SINCE MAR 1      0.0
  SINCE JUL 1      0.0

DEGREE DAYS
 HEATING
  YESTERDAY        4                         4      0        0
  MONTH TO DATE   65                       153    -88       92
  SINCE MAR 1    197                       374   -177      167
  SINCE JUL 1    893                      1303   -410      700

 COOLING
  YESTERDAY        0                         1     -1        3
  MONTH TO DATE   34                         8     26       17
  SINCE MAR 1     35                        14     21       85
  SINCE JAN 1     92                        23     69      112
..................................................................


WIND (MPH)
  HIGHEST WIND SPEED    18   HIGHEST WIND DIRECTION     W (270)
  HIGHEST GUST SPEED    24   HIGHEST GUST DIRECTION     W (270)
  AVERAGE WIND SPEED     8.8


SKY COVER
  POSSIBLE SUNSHINE  MM
  AVERAGE SKY COVER 0.6


WEATHER CONDITIONS
 THE FOLLOWING WEATHER WAS RECORDED YESTERDAY.
  NO SIGNIFICANT WEATHER WAS OBSERVED.


RELATIVE HUMIDITY (PERCENT)
 HIGHEST    86          1000 PM
 LOWEST     52          1200 PM
 AVERAGE    69

..........................................................


THE LOS ANGELES INTL AIRPORT CA CLIMATE NORMALS FOR TODAY
                         NORMAL    RECORD    YEAR
 MAXIMUM TEMPERATURE (F)   68        89      2014
 MINIMUM TEMPERATURE (F)   56        47      1967


SUNRISE AND SUNSET
APRIL 30 2016.........SUNRISE   605 AM PDT   SUNSET   737 PM PDT
MAY  1 2016...........SUNRISE   604 AM PDT   SUNSET   738 PM PDT


-  INDICATES NEGATIVE NUMBERS.
R  INDICATES RECORD WAS SET OR TIED.
MM INDICATES DATA IS MISSING.
T  INDICATES TRACE AMOUNT.




$$
