000
CDUS46 KLOX 220111
CLILAX


CLIMATE REPORT
NATIONAL WEATHER SERVICE LOS ANGELES/OXNARD CA
511 PM PST FRI NOV 21 2014


...................................

...THE LOS ANGELES AIRPORT CLIMATE SUMMARY FOR NOVEMBER 21 2014...
VALID TODAY AS OF 0500 PM LOCAL TIME.

CLIMATE NORMAL PERIOD 1981 TO 2010
CLIMATE RECORD PERIOD 1944 TO 2014


WEATHER ITEM   OBSERVED TIME   RECORD YEAR NORMAL DEPARTURE LAST
                VALUE   (LST)  VALUE       VALUE  FROM      YEAR
                                                  NORMAL
..................................................................
TEMPERATURE (F)
 TODAY
  MAXIMUM         69   1147 AM  87    2002  68      1       63
  MINIMUM         57    610 AM  42    1964  52      5       57
  AVERAGE         63                        60      3       60

PRECIPITATION (IN)
  TODAY            0.00          5.60 1967   0.04  -0.04     0.26
  MONTH TO DATE    0.20                      0.70  -0.50     0.38
  SINCE JUL 1      0.63                      1.55  -0.92     0.43
  SINCE JAN 1      4.04                     10.36  -6.32     3.04

SNOWFALL (IN)
  TODAY            0.0
  MONTH TO DATE    0.0
  SINCE SEP 1      0.0
  SINCE JUL 1      0.0

DEGREE DAYS
 HEATING
  TODAY            2                         5     -3        5
  MONTH TO DATE   34                        81    -47       29
  SINCE SEP 1     34                       121    -87       68
  SINCE JUL 1     34                       125    -91       69

 COOLING
  TODAY            0                         0      0        0
  MONTH TO DATE   28                        18     10       39
  SINCE SEP 1    438                       203    235      271
  SINCE JAN 1   1156                       549    607      701
..................................................................


WIND (MPH)
  HIGHEST WIND SPEED    15   HIGHEST WIND DIRECTION    SW (240)
  HIGHEST GUST SPEED    20   HIGHEST GUST DIRECTION    SW (240)
  AVERAGE WIND SPEED     9.3


SKY COVER
  POSSIBLE SUNSHINE  MM
  AVERAGE SKY COVER 0.4


WEATHER CONDITIONS
 THE FOLLOWING WEATHER WAS RECORDED TODAY.
  NO SIGNIFICANT WEATHER WAS OBSERVED.


RELATIVE HUMIDITY (PERCENT)
 HIGHEST    84          1200 AM
 LOWEST     37          1000 AM
 AVERAGE    61

..........................................................


THE LOS ANGELES AIRPORT CLIMATE NORMALS FOR TOMORROW
                         NORMAL    RECORD    YEAR
 MAXIMUM TEMPERATURE (F)   68        89      1950
 MINIMUM TEMPERATURE (F)   52        42      1983


SUNRISE AND SUNSET
NOVEMBER 21 2014......SUNRISE   632 AM PST   SUNSET   447 PM PST
NOVEMBER 22 2014......SUNRISE   633 AM PST   SUNSET   447 PM PST


-  INDICATES NEGATIVE NUMBERS.
R  INDICATES RECORD WAS SET OR TIED.
MM INDICATES DATA IS MISSING.
T  INDICATES TRACE AMOUNT.




$$
