000
CDUS46 KLOX 220906
CLILAX


CLIMATE REPORT
NATIONAL WEATHER SERVICE LOS ANGELES/OXNARD CA
206 AM PDT MON MAY 22 2017


...................................

...THE LOS ANGELES INTL AIRPORT CA CLIMATE SUMMARY FOR MAY 21 2017...

CLIMATE NORMAL PERIOD 1981 TO 2010
CLIMATE RECORD PERIOD 1944 TO 2017


WEATHER ITEM   OBSERVED TIME   RECORD YEAR NORMAL DEPARTURE LAST
                VALUE   (LST)  VALUE       VALUE  FROM      YEAR
                                                  NORMAL
..................................................................
TEMPERATURE (F)
 YESTERDAY
  MAXIMUM         74    151 PM  78    2005  68      6       66
  MINIMUM         61   1159 PM  46    1948  58      3       56
  AVERAGE         68                        63      5       61

PRECIPITATION (IN)
  YESTERDAY        0.00          0.14 2006   0.00   0.00     0.00
  MONTH TO DATE    0.13                      0.17  -0.04     0.59
  SINCE OCT 1     16.32                     12.40   3.92     7.25
  SINCE JAN 1     12.07                      8.68   3.39     6.01

SNOWFALL (IN)
  YESTERDAY        0.0
  MONTH TO DATE    0.0
  SINCE MAR 1      0.0
  SINCE JUL 1      0.0

DEGREE DAYS
 HEATING
  YESTERDAY        0                         2     -2        4
  MONTH TO DATE   56                        66    -10       44
  SINCE MAR 1    235                       445   -210      246
  SINCE JUL 1   1008                      1374   -366      942

 COOLING
  YESTERDAY        3                         0      3        0
  MONTH TO DATE   22                         4     18        1
  SINCE MAR 1     57                        21     36       36
  SINCE JAN 1     57                        30     27       93
..................................................................


WIND (MPH)
  HIGHEST WIND SPEED    17   HIGHEST WIND DIRECTION     W (260)
  HIGHEST GUST SPEED    20   HIGHEST GUST DIRECTION     W (250)
  AVERAGE WIND SPEED     7.7


SKY COVER
  POSSIBLE SUNSHINE  MM
  AVERAGE SKY COVER 0.1


WEATHER CONDITIONS
 THE FOLLOWING WEATHER WAS RECORDED YESTERDAY.
  NO SIGNIFICANT WEATHER WAS OBSERVED.


RELATIVE HUMIDITY (PERCENT)
 HIGHEST    93          1000 PM
 LOWEST     57           100 PM
 AVERAGE    75

..........................................................


THE LOS ANGELES INTL AIRPORT CA CLIMATE NORMALS FOR TODAY
                         NORMAL    RECORD    YEAR
 MAXIMUM TEMPERATURE (F)   68        76      1967
                                             1962
                                             1958
 MINIMUM TEMPERATURE (F)   58        49      1948


SUNRISE AND SUNSET
MAY 22 2017...........SUNRISE   548 AM PDT   SUNSET   753 PM PDT
MAY 23 2017...........SUNRISE   547 AM PDT   SUNSET   754 PM PDT


-  INDICATES NEGATIVE NUMBERS.
R  INDICATES RECORD WAS SET OR TIED.
MM INDICATES DATA IS MISSING.
T  INDICATES TRACE AMOUNT.




$$
