000
CDUS44 KLUB 230629
CLILBB


CLIMATE REPORT
NATIONAL WEATHER SERVICE LUBBOCK, TX
129 AM CDT TUE AUG 23 2016


...................................

...THE LUBBOCK CLIMATE SUMMARY FOR AUGUST 22 2016...

CLIMATE NORMAL PERIOD 1981 TO 2010
CLIMATE RECORD PERIOD 1911 TO 2016


WEATHER ITEM   OBSERVED TIME   RECORD YEAR NORMAL DEPARTURE LAST
                VALUE   (LST)  VALUE       VALUE  FROM      YEAR
                                                  NORMAL
..................................................................
TEMPERATURE (F)
 YESTERDAY
  MAXIMUM         87    437 PM 100    1999  91     -4       96
                                      1985
                                      1930
  MINIMUM         62    647 AM  58    1967  66     -4       66
                                      1945
                                      1923
  AVERAGE         75                        78     -3       81

PRECIPITATION (IN)
  YESTERDAY        0.00          2.38 1966   0.06  -0.06     0.00
  MONTH TO DATE    0.80                      1.33  -0.53     0.02
  SINCE JUN 1      2.42                      6.28  -3.86     6.13
  SINCE JAN 1      7.69                     12.49  -4.80    22.06

SNOWFALL (IN)
  YESTERDAY        0.0           0.0  2002   0.0    0.0      0.0
  MONTH TO DATE    0.0                       0.0    0.0      0.0
  SINCE JUN 1      0.0                       0.0    0.0      0.0
  SINCE JUL 1      0.0                       0.0    0.0      0.0
  SNOW DEPTH       0

DEGREE DAYS
 HEATING
  YESTERDAY        0                         0      0        0
  MONTH TO DATE    0                         0      0        0
  SINCE JUN 1      3                         2      1        0
  SINCE JUL 1      0                         0      0        0

 COOLING
  YESTERDAY       10                        13     -3       16
  MONTH TO DATE  333                       320     13      370
  SINCE JUN 1   1401                      1167    234     1256
  SINCE JAN 1   1628                      1413    215     1394
..................................................................


WIND (MPH)
  RESULTANT WIND SPEED  10   RESULTANT WIND DIRECTION   S (160)
  HIGHEST WIND SPEED    23   HIGHEST WIND DIRECTION     S (160)
  HIGHEST GUST SPEED    28   HIGHEST GUST DIRECTION     S (160)
  AVERAGE WIND SPEED    11.0


SKY COVER
  AVERAGE SKY COVER 0.7


WEATHER CONDITIONS
 THE FOLLOWING WEATHER WAS RECORDED YESTERDAY.
  NO SIGNIFICANT WEATHER WAS OBSERVED.


RELATIVE HUMIDITY (PERCENT)
 HIGHEST    90           200 AM
 LOWEST     42           500 PM
 AVERAGE    66

..........................................................


THE LUBBOCK CLIMATE NORMALS FOR TODAY
                         NORMAL    RECORD    YEAR
 MAXIMUM TEMPERATURE (F)   91       101      1985
 MINIMUM TEMPERATURE (F)   66        54      1923


SUNRISE AND SUNSET
AUGUST 23 2016........SUNRISE   715 AM CDT   SUNSET   824 PM CDT
AUGUST 24 2016........SUNRISE   716 AM CDT   SUNSET   822 PM CDT


-  INDICATES NEGATIVE NUMBERS.
R  INDICATES RECORD WAS SET OR TIED.
MM INDICATES DATA IS MISSING.
T  INDICATES TRACE AMOUNT.




$$
