000
CDUS44 KLUB 240627
CLILBB


CLIMATE REPORT
NATIONAL WEATHER SERVICE LUBBOCK, TX
1227 AM CST FRI NOV 24 2017


...................................

...THE LUBBOCK CLIMATE SUMMARY FOR NOVEMBER 23 2017...

CLIMATE NORMAL PERIOD 1981 TO 2010
CLIMATE RECORD PERIOD 1911 TO 2017


WEATHER ITEM   OBSERVED TIME   RECORD YEAR NORMAL DEPARTURE LAST
                VALUE   (LST)  VALUE       VALUE  FROM      YEAR
                                                  NORMAL
..................................................................
TEMPERATURE (F)
 YESTERDAY
  MAXIMUM         78    239 PM  84    1965  60     18       63
  MINIMUM         36    642 AM  -1    1957  33      3       34
  AVERAGE         57                        46     11       49

PRECIPITATION (IN)
  YESTERDAY        0.00          0.55 1922   0.03  -0.03     0.00
  MONTH TO DATE    0.03                      0.67  -0.64     0.54
  SINCE SEP 1      3.99                      5.11  -1.12     3.06
  SINCE JAN 1     21.95                     18.18   3.77    12.98

SNOWFALL (IN)
  YESTERDAY        0.0           0.1  2007   0.0    0.0      0.0
                                      1918
  MONTH TO DATE    0.0                       0.6   -0.6      0.0
  SINCE SEP 1      0.0                       0.6   -0.6      0.0
  SINCE JUL 1      0.0                       0.6   -0.6      0.0
  SNOW DEPTH       0

DEGREE DAYS
 HEATING
  YESTERDAY        8                        19    -11       16
  MONTH TO DATE  244                       320    -76      207
  SINCE SEP 1    432                       502    -70      253
  SINCE JUL 1    432                       502    -70      253

 COOLING
  YESTERDAY        0                         0      0        0
  MONTH TO DATE   11                         0     11        7
  SINCE SEP 1    346                       275     71      388
  SINCE JAN 1   1991                      1801    190     2114
..................................................................


WIND (MPH)
  RESULTANT WIND SPEED   6   RESULTANT WIND DIRECTION   W (290)
  HIGHEST WIND SPEED    14   HIGHEST WIND DIRECTION    NW (320)
  HIGHEST GUST SPEED    18   HIGHEST GUST DIRECTION    NW (330)
  AVERAGE WIND SPEED     6.8


SKY COVER
  AVERAGE SKY COVER 0.5


WEATHER CONDITIONS
 THE FOLLOWING WEATHER WAS RECORDED YESTERDAY.
  NO SIGNIFICANT WEATHER WAS OBSERVED.


RELATIVE HUMIDITY (PERCENT)
 HIGHEST    70           500 AM
 LOWEST     16           200 PM
 AVERAGE    43

..........................................................


THE LUBBOCK CLIMATE NORMALS FOR TODAY
                         NORMAL    RECORD    YEAR
 MAXIMUM TEMPERATURE (F)   60        82      1915
 MINIMUM TEMPERATURE (F)   32         7      1938


SUNRISE AND SUNSET
NOVEMBER 24 2017......SUNRISE   728 AM CST   SUNSET   540 PM CST
NOVEMBER 25 2017......SUNRISE   729 AM CST   SUNSET   540 PM CST


-  INDICATES NEGATIVE NUMBERS.
R  INDICATES RECORD WAS SET OR TIED.
MM INDICATES DATA IS MISSING.
T  INDICATES TRACE AMOUNT.




$$
