000
CDUS44 KLUB 240645
CLILBB


CLIMATE REPORT
NATIONAL WEATHER SERVICE LUBBOCK, TX
145 AM CDT SUN JUL 24 2016


...................................

...THE LUBBOCK CLIMATE SUMMARY FOR JULY 23 2016...

CLIMATE NORMAL PERIOD 1981 TO 2010
CLIMATE RECORD PERIOD 1911 TO 2016


WEATHER ITEM   OBSERVED TIME   RECORD YEAR NORMAL DEPARTURE LAST
                VALUE   (LST)  VALUE       VALUE  FROM      YEAR
                                                  NORMAL
..................................................................
TEMPERATURE (F)
 YESTERDAY
  MAXIMUM         98    437 PM 104    2001  93      5       96
                                      1940
  MINIMUM         68    510 AM  54    1915  68      0       75
  AVERAGE         83                        80      3       86

PRECIPITATION (IN)
  YESTERDAY        0.00          1.43 1951   0.06  -0.06     0.00
                                      1928
  MONTH TO DATE    0.58                      1.48  -0.90     3.96
  SINCE JUN 1      1.62                      4.52  -2.90     6.11
  SINCE JAN 1      6.89                     10.73  -3.84    22.04

SNOWFALL (IN)
  YESTERDAY        0.0           0.0  2002   0.0    0.0      0.0
  MONTH TO DATE    0.0                       0.0    0.0      0.0
  SINCE JUN 1      0.0                       0.0    0.0      0.0
  SINCE JUL 1      0.0                       0.0    0.0      0.0
  SNOW DEPTH       0

DEGREE DAYS
 HEATING
  YESTERDAY        0                         0      0        0
  MONTH TO DATE    0                         0      0        0
  SINCE JUN 1      3                         2      1        0
  SINCE JUL 1      0                         0      0        0

 COOLING
  YESTERDAY       18                        15      3       21
  MONTH TO DATE  494                       345    149      360
  SINCE JUN 1    920                       719    201      737
  SINCE JAN 1   1147                       965    182      875
..................................................................


WIND (MPH)
  RESULTANT WIND SPEED  10   RESULTANT WIND DIRECTION   S (180)
  HIGHEST WIND SPEED    21   HIGHEST WIND DIRECTION     S (160)
  HIGHEST GUST SPEED    30   HIGHEST GUST DIRECTION     S (170)
  AVERAGE WIND SPEED    11.0


SKY COVER
  AVERAGE SKY COVER 0.1


WEATHER CONDITIONS
 THE FOLLOWING WEATHER WAS RECORDED YESTERDAY.
  HAZE


RELATIVE HUMIDITY (PERCENT)
 HIGHEST    61           600 AM
 LOWEST     22           400 PM
 AVERAGE    42

..........................................................


THE LUBBOCK CLIMATE NORMALS FOR TODAY
                         NORMAL    RECORD    YEAR
 MAXIMUM TEMPERATURE (F)   93       104      1958
                                             1943
 MINIMUM TEMPERATURE (F)   68        57      1915


SUNRISE AND SUNSET
JULY 24 2016..........SUNRISE   654 AM CDT   SUNSET   853 PM CDT
JULY 25 2016..........SUNRISE   655 AM CDT   SUNSET   852 PM CDT


-  INDICATES NEGATIVE NUMBERS.
R  INDICATES RECORD WAS SET OR TIED.
MM INDICATES DATA IS MISSING.
T  INDICATES TRACE AMOUNT.




$$
