000
CDUS44 KLUB 270626
CLILBB


CLIMATE REPORT
NATIONAL WEATHER SERVICE LUBBOCK, TX
1226 AM CST THU NOV 27 2014


...................................

...THE LUBBOCK CLIMATE SUMMARY FOR NOVEMBER 26 2014...

CLIMATE NORMAL PERIOD 1981 TO 2010
CLIMATE RECORD PERIOD 1911 TO 2014


WEATHER ITEM   OBSERVED TIME   RECORD YEAR NORMAL DEPARTURE LAST
                VALUE   (LST)  VALUE       VALUE  FROM      YEAR
                                                  NORMAL
..................................................................
TEMPERATURE (F)
 YESTERDAY
  MAXIMUM         59    358 PM  82    1970  59      0       47
  MINIMUM         33   1106 PM   8    1980  32      1       26
  AVERAGE         46                        45      1       37

PRECIPITATION (IN)
  YESTERDAY        0.00          1.57 1935   0.03  -0.03      T
  MONTH TO DATE    2.95                      0.75   2.20     0.54
  SINCE SEP 1     10.27                      5.19   5.08     2.23
  SINCE JAN 1     22.17                     18.26   3.91    12.01

SNOWFALL (IN)
  YESTERDAY        0.0           1.5  1943   0.0    0.0      0.0
  MONTH TO DATE    0.5                       0.7   -0.2      2.2
  SINCE SEP 1      0.5                       0.7   -0.2      2.2
  SINCE JUL 1      0.5                       0.7   -0.2      2.2
  SNOW DEPTH       0

DEGREE DAYS
 HEATING
  YESTERDAY       19                        20     -1       28
  MONTH TO DATE  505                       378    127      409
  SINCE SEP 1    632                       560     72      572
  SINCE JUL 1    632                       560     72      572

 COOLING
  YESTERDAY        0                         0      0        0
  MONTH TO DATE    0                         0      0        3
  SINCE SEP 1    288                       275     13      395
  SINCE JAN 1   1917                      1801    116     2123
..................................................................


WIND (MPH)
  RESULTANT WIND SPEED   5   RESULTANT WIND DIRECTION   N (10)
  HIGHEST WIND SPEED    21   HIGHEST WIND DIRECTION     N (10)
  HIGHEST GUST SPEED    27   HIGHEST GUST DIRECTION     N (350)
  AVERAGE WIND SPEED     9.3


SKY COVER
  AVERAGE SKY COVER 0.2


WEATHER CONDITIONS
 THE FOLLOWING WEATHER WAS RECORDED YESTERDAY.
  NO SIGNIFICANT WEATHER WAS OBSERVED.


RELATIVE HUMIDITY (PERCENT)
 HIGHEST    59           800 AM
 LOWEST     27          1200 AM
 AVERAGE    43

..........................................................


THE LUBBOCK CLIMATE NORMALS FOR TODAY
                         NORMAL    RECORD    YEAR
 MAXIMUM TEMPERATURE (F)   59        81      1949
 MINIMUM TEMPERATURE (F)   31        12      1976
                                             1938


SUNRISE AND SUNSET
NOVEMBER 27 2014......SUNRISE   730 AM CST   SUNSET   539 PM CST
NOVEMBER 28 2014......SUNRISE   731 AM CST   SUNSET   539 PM CST


-  INDICATES NEGATIVE NUMBERS.
R  INDICATES RECORD WAS SET OR TIED.
MM INDICATES DATA IS MISSING.
T  INDICATES TRACE AMOUNT.




$$
