000
CDUS44 KLUB 210629
CLILBB


CLIMATE REPORT
NATIONAL WEATHER SERVICE LUBBOCK, TX
128 AM CDT TUE OCT 21 2014


...................................

...THE LUBBOCK CLIMATE SUMMARY FOR OCTOBER 20 2014...

CLIMATE NORMAL PERIOD 1981 TO 2010
CLIMATE RECORD PERIOD 1911 TO 2014


WEATHER ITEM   OBSERVED TIME   RECORD YEAR NORMAL DEPARTURE LAST
                VALUE   (LST)  VALUE       VALUE  FROM      YEAR
                                                  NORMAL
..................................................................
TEMPERATURE (F)
 YESTERDAY
  MAXIMUM         77    418 PM  93    2012  74      3       81
  MINIMUM         50    646 AM  25    1916  47      3       40
  AVERAGE         64                        60      4       61

PRECIPITATION (IN)
  YESTERDAY        0.00          2.20 1957   0.06  -0.06     0.00
  MONTH TO DATE    0.19                      1.35  -1.16     1.11
  SINCE SEP 1      7.13                      3.86   3.27     1.65
  SINCE JAN 1     19.03                     16.93   2.10    11.43

SNOWFALL (IN)
  YESTERDAY        0.0           0.0  2002   0.0    0.0      0.0
  MONTH TO DATE    0.0                       0.0    0.0      0.0
  SINCE SEP 1      0.0                       0.0    0.0      0.0
  SINCE JUL 1      0.0                       0.0    0.0      0.0
  SNOW DEPTH       0

DEGREE DAYS
 HEATING
  YESTERDAY        1                         6     -5        4
  MONTH TO DATE   62                        78    -16       92
  SINCE SEP 1     87                       101    -14       96
  SINCE JUL 1     87                       101    -14       96

 COOLING
  YESTERDAY        0                         1     -1        0
  MONTH TO DATE   42                        45     -3       68
  SINCE SEP 1    270                       268      2      384
  SINCE JAN 1   1899                      1794    105     2112
..................................................................


WIND (MPH)
  RESULTANT WIND SPEED   3   RESULTANT WIND DIRECTION   S (170)
  HIGHEST WIND SPEED    16   HIGHEST WIND DIRECTION     S (160)
  HIGHEST GUST SPEED    19   HIGHEST GUST DIRECTION     S (160)
  AVERAGE WIND SPEED     5.0


SKY COVER
  AVERAGE SKY COVER 0.3


WEATHER CONDITIONS
 THE FOLLOWING WEATHER WAS RECORDED YESTERDAY.
  FOG
  FOG W/VISIBILITY <= 1/4 MILE


RELATIVE HUMIDITY (PERCENT)
 HIGHEST    96           500 AM
 LOWEST     43           300 PM
 AVERAGE    70

..........................................................


THE LUBBOCK CLIMATE NORMALS FOR TODAY
                         NORMAL    RECORD    YEAR
 MAXIMUM TEMPERATURE (F)   74        90      2003
 MINIMUM TEMPERATURE (F)   46        26      1917


SUNRISE AND SUNSET
OCTOBER 21 2014.......SUNRISE   757 AM CDT   SUNSET   706 PM CDT
OCTOBER 22 2014.......SUNRISE   758 AM CDT   SUNSET   705 PM CDT


-  INDICATES NEGATIVE NUMBERS.
R  INDICATES RECORD WAS SET OR TIED.
MM INDICATES DATA IS MISSING.
T  INDICATES TRACE AMOUNT.




$$
