909
CDUS44 KLUB 270626
CLILBB


CLIMATE REPORT
NATIONAL WEATHER SERVICE LUBBOCK, TX
126 AM CDT THU JUL 27 2017


...................................

...THE LUBBOCK CLIMATE SUMMARY FOR JULY 26 2017...

CLIMATE NORMAL PERIOD 1981 TO 2010
CLIMATE RECORD PERIOD 1911 TO 2017


WEATHER ITEM   OBSERVED TIME   RECORD YEAR NORMAL DEPARTURE LAST
                VALUE   (LST)  VALUE       VALUE  FROM      YEAR
                                                  NORMAL
..................................................................
TEMPERATURE (F)
 YESTERDAY
  MAXIMUM         97    454 PM 105    1995  93      4       97
  MINIMUM         76    623 AM  58    1959  68      8       69
                                      1942
  AVERAGE         87                        80      7       83

PRECIPITATION (IN)
  YESTERDAY        0.00          0.81 1975   0.06  -0.06     0.00
  MONTH TO DATE    4.68                      1.64   3.04     0.58
  SINCE JUN 1      6.46                      4.68   1.78     1.62
  SINCE JAN 1     11.95                     10.89   1.06     6.89

SNOWFALL (IN)
  YESTERDAY        0.0           T    1955   0.0    0.0      0.0
  MONTH TO DATE    0.0                       0.0    0.0      0.0
  SINCE JUN 1      T                         0.0    0.0      0.0
  SINCE JUL 1      0.0                       0.0    0.0      0.0
  SNOW DEPTH       0

DEGREE DAYS
 HEATING
  YESTERDAY        0                         0      0        0
  MONTH TO DATE    0                         0      0        0
  SINCE JUN 1      0                         2     -2        3
  SINCE JUL 1      0                         0      0        0

 COOLING
  YESTERDAY       22                        15      7       18
  MONTH TO DATE  417                       390     27      554
  SINCE JUN 1    895                       764    131      980
  SINCE JAN 1   1197                      1010    187     1207
..................................................................


WIND (MPH)
  RESULTANT WIND SPEED  14   RESULTANT WIND DIRECTION   S (190)
  HIGHEST WIND SPEED    21   HIGHEST WIND DIRECTION     S (200)
  HIGHEST GUST SPEED    26   HIGHEST GUST DIRECTION     S (200)
  AVERAGE WIND SPEED    14.7


SKY COVER
  AVERAGE SKY COVER 0.6


WEATHER CONDITIONS
 THE FOLLOWING WEATHER WAS RECORDED YESTERDAY.
  NO SIGNIFICANT WEATHER WAS OBSERVED.


RELATIVE HUMIDITY (PERCENT)
 HIGHEST    62           700 AM
 LOWEST     25           400 PM
 AVERAGE    44

..........................................................


THE LUBBOCK CLIMATE NORMALS FOR TODAY
                         NORMAL    RECORD    YEAR
 MAXIMUM TEMPERATURE (F)   93       106      1995
 MINIMUM TEMPERATURE (F)   68        57      1933


SUNRISE AND SUNSET
JULY 27 2017..........SUNRISE   656 AM CDT   SUNSET   851 PM CDT
JULY 28 2017..........SUNRISE   657 AM CDT   SUNSET   850 PM CDT


-  INDICATES NEGATIVE NUMBERS.
R  INDICATES RECORD WAS SET OR TIED.
MM INDICATES DATA IS MISSING.
T  INDICATES TRACE AMOUNT.




$$
