000
CDUS44 KLUB 270627
CLILBB


CLIMATE REPORT
NATIONAL WEATHER SERVICE LUBBOCK, TX
126 AM CDT FRI MAR 27 2015


...................................

...THE LUBBOCK CLIMATE SUMMARY FOR MARCH 26 2015...

CLIMATE NORMAL PERIOD 1981 TO 2010
CLIMATE RECORD PERIOD 1911 TO 2015


WEATHER ITEM   OBSERVED TIME   RECORD YEAR NORMAL DEPARTURE LAST
                VALUE   (LST)  VALUE       VALUE  FROM      YEAR
                                                  NORMAL
..................................................................
TEMPERATURE (F)
 YESTERDAY
  MAXIMUM         65    524 PM  88    1956  70     -5       74
  MINIMUM         34    701 AM  16    1965  40     -6       44
  AVERAGE         50                        54     -4       59

PRECIPITATION (IN)
  YESTERDAY        0.00          0.48 1941   0.04  -0.04     0.16
  MONTH TO DATE    0.24                      0.91  -0.67     0.17
  SINCE MAR 1      0.24                      0.91  -0.67     0.17
  SINCE JAN 1      2.51                      2.31   0.20     0.33

SNOWFALL (IN)
  YESTERDAY        0.0           3.5  1926   0.0    0.0      0.0
  MONTH TO DATE    1.1                       0.5    0.6       T
  SINCE MAR 1      1.1                       0.5    0.6       T
  SINCE JUL 1     14.7                       7.9    6.8      4.2
  SNOW DEPTH       0

DEGREE DAYS
 HEATING
  YESTERDAY       15                        11      4        6
  MONTH TO DATE  365                       364      1      419
  SINCE MAR 1    365                       364      1      419
  SINCE JUL 1   3084                      3103    -19     3271

 COOLING
  YESTERDAY        0                         0      0        0
  MONTH TO DATE    2                         0      2        2
  SINCE MAR 1      2                         0      2        2
  SINCE JAN 1      2                         0      2        2
..................................................................


WIND (MPH)
  RESULTANT WIND SPEED   8   RESULTANT WIND DIRECTION   N (350)
  HIGHEST WIND SPEED    28   HIGHEST WIND DIRECTION     N (10)
  HIGHEST GUST SPEED    36   HIGHEST GUST DIRECTION     N (20)
  AVERAGE WIND SPEED    10.2


SKY COVER
  AVERAGE SKY COVER 0.3


WEATHER CONDITIONS
 THE FOLLOWING WEATHER WAS RECORDED YESTERDAY.
  NO SIGNIFICANT WEATHER WAS OBSERVED.


RELATIVE HUMIDITY (PERCENT)
 HIGHEST    82           600 AM
 LOWEST     16           500 PM
 AVERAGE    49

..........................................................


THE LUBBOCK CLIMATE NORMALS FOR TODAY
                         NORMAL    RECORD    YEAR
 MAXIMUM TEMPERATURE (F)   70        94      1971
 MINIMUM TEMPERATURE (F)   40        12      1931


SUNRISE AND SUNSET
MARCH 27 2015.........SUNRISE   742 AM CDT   SUNSET   804 PM CDT
MARCH 28 2015.........SUNRISE   740 AM CDT   SUNSET   805 PM CDT


-  INDICATES NEGATIVE NUMBERS.
R  INDICATES RECORD WAS SET OR TIED.
MM INDICATES DATA IS MISSING.
T  INDICATES TRACE AMOUNT.




$$
