000
CDUS44 KLUB 280627
CLILBB


CLIMATE REPORT
NATIONAL WEATHER SERVICE LUBBOCK, TX
127 AM CDT SUN MAY 28 2017


...................................

...THE LUBBOCK CLIMATE SUMMARY FOR MAY 27 2017...

CLIMATE NORMAL PERIOD 1981 TO 2010
CLIMATE RECORD PERIOD 1911 TO 2017


WEATHER ITEM   OBSERVED TIME   RECORD YEAR NORMAL DEPARTURE LAST
                VALUE   (LST)  VALUE       VALUE  FROM      YEAR
                                                  NORMAL
..................................................................
TEMPERATURE (F)
 YESTERDAY
  MAXIMUM         98    450 PM 103    1984  87     11       85
  MINIMUM         64    605 AM  48    1961  59      5       50
                                      1950
  AVERAGE         81                        73      8       68

PRECIPITATION (IN)
  YESTERDAY        0.00          2.00 1923   0.08  -0.08     0.00
  MONTH TO DATE    0.58                      1.91  -1.33     3.28
  SINCE MAR 1      2.57                      4.42  -1.85     4.50
  SINCE JAN 1      5.49                      5.82  -0.33     4.89

SNOWFALL (IN)
  YESTERDAY        0.0           T    1992   0.0    0.0      0.0
  MONTH TO DATE    0.0                       0.0    0.0      0.0
  SINCE MAR 1      T                         0.8   -0.8       T
  SINCE JUL 1      0.2                       8.2   -8.0     13.3
  SNOW DEPTH       0

DEGREE DAYS
 HEATING
  YESTERDAY        0                         0      0        0
  MONTH TO DATE   23                        39    -16       83
  SINCE MAR 1    384                       637   -253      454
  SINCE JUL 1   2468                      3376   -908     2854

 COOLING
  YESTERDAY       16                         8      8        3
  MONTH TO DATE  147                       153     -6      151
  SINCE MAR 1    272                       209     63      198
  SINCE JAN 1    276                       209     67      202
..................................................................


WIND (MPH)
  RESULTANT WIND SPEED   9   RESULTANT WIND DIRECTION   W (270)
  HIGHEST WIND SPEED    30   HIGHEST WIND DIRECTION    NE (40)
  HIGHEST GUST SPEED    37   HIGHEST GUST DIRECTION    NE (40)
  AVERAGE WIND SPEED    11.5


SKY COVER
  AVERAGE SKY COVER 0.2


WEATHER CONDITIONS
 THE FOLLOWING WEATHER WAS RECORDED YESTERDAY.
  NO SIGNIFICANT WEATHER WAS OBSERVED.


RELATIVE HUMIDITY (PERCENT)
 HIGHEST    28           600 AM
 LOWEST      5           200 PM
 AVERAGE    17

..........................................................


THE LUBBOCK CLIMATE NORMALS FOR TODAY
                         NORMAL    RECORD    YEAR
 MAXIMUM TEMPERATURE (F)   87       104      2011
 MINIMUM TEMPERATURE (F)   60        43      1917


SUNRISE AND SUNSET
MAY 28 2017...........SUNRISE   639 AM CDT   SUNSET   850 PM CDT
MAY 29 2017...........SUNRISE   639 AM CDT   SUNSET   851 PM CDT


-  INDICATES NEGATIVE NUMBERS.
R  INDICATES RECORD WAS SET OR TIED.
MM INDICATES DATA IS MISSING.
T  INDICATES TRACE AMOUNT.




$$
