404
CDUS44 KLUB 060627
CLILBB


CLIMATE REPORT
NATIONAL WEATHER SERVICE LUBBOCK, TX
1226 AM CST SAT FEB 6 2016


...................................

...THE LUBBOCK CLIMATE SUMMARY FOR FEBRUARY 5 2016...

CLIMATE NORMAL PERIOD 1981 TO 2010
CLIMATE RECORD PERIOD 1911 TO 2016


WEATHER ITEM   OBSERVED TIME   RECORD YEAR NORMAL DEPARTURE LAST
                VALUE   (LST)  VALUE       VALUE  FROM      YEAR
                                                  NORMAL
..................................................................
TEMPERATURE (F)
 YESTERDAY
  MAXIMUM         50    410 PM  81    1937  57     -7       47
  MINIMUM         22    751 AM   3    1982  28     -6       25
  AVERAGE         36                        42     -6       36

PRECIPITATION (IN)
  YESTERDAY        0.00          0.49 1948   0.03  -0.03      T
  MONTH TO DATE    0.00                      0.13  -0.13      T
  SINCE DEC 1      1.87                      1.54   0.33     2.00
  SINCE JAN 1      0.30                      0.78  -0.48     1.61

SNOWFALL (IN)
  YESTERDAY        0.0           3.4  2002   0.0    0.0      0.0
  MONTH TO DATE    0.0                       0.4   -0.4      0.0
  SINCE DEC 1     13.3                       5.3    8.0      6.6
  SINCE JUL 1     13.3                       6.2    7.1      7.1
  SNOW DEPTH       0

DEGREE DAYS
 HEATING
  YESTERDAY       29                        23      6       29
  MONTH TO DATE  130                       115     15      111
  SINCE DEC 1   1524                      1638   -114     1565
  SINCE JUL 1   2043                      2280   -237     2240

 COOLING
  YESTERDAY        0                         0      0        0
  MONTH TO DATE    0                         0      0        0
  SINCE DEC 1      0                         0      0        0
  SINCE JAN 1      0                         0      0        0
..................................................................


WIND (MPH)
  RESULTANT WIND SPEED  10   RESULTANT WIND DIRECTION  NW (310)
  HIGHEST WIND SPEED    29   HIGHEST WIND DIRECTION     N (350)
  HIGHEST GUST SPEED    36   HIGHEST GUST DIRECTION     N (350)
  AVERAGE WIND SPEED    14.1


SKY COVER
  AVERAGE SKY COVER 0.4


WEATHER CONDITIONS
 THE FOLLOWING WEATHER WAS RECORDED YESTERDAY.
  NO SIGNIFICANT WEATHER WAS OBSERVED.


RELATIVE HUMIDITY (PERCENT)
 HIGHEST    65           800 AM
 LOWEST     21           300 PM
 AVERAGE    43

..........................................................


THE LUBBOCK CLIMATE NORMALS FOR TODAY
                         NORMAL    RECORD    YEAR
 MAXIMUM TEMPERATURE (F)   57        81      2015
 MINIMUM TEMPERATURE (F)   28         4      1956


SUNRISE AND SUNSET
FEBRUARY  6 2016......SUNRISE   740 AM CST   SUNSET   623 PM CST
FEBRUARY  7 2016......SUNRISE   739 AM CST   SUNSET   624 PM CST


-  INDICATES NEGATIVE NUMBERS.
R  INDICATES RECORD WAS SET OR TIED.
MM INDICATES DATA IS MISSING.
T  INDICATES TRACE AMOUNT.




$$
