000
CDUS44 KLUB 290626
CLILBB


CLIMATE REPORT
NATIONAL WEATHER SERVICE LUBBOCK, TX
125 AM CDT WED MAR 29 2017


...................................

...THE LUBBOCK CLIMATE SUMMARY FOR MARCH 28 2017...

CLIMATE NORMAL PERIOD 1981 TO 2010
CLIMATE RECORD PERIOD 1911 TO 2017


WEATHER ITEM   OBSERVED TIME   RECORD YEAR NORMAL DEPARTURE LAST
                VALUE   (LST)  VALUE       VALUE  FROM      YEAR
                                                  NORMAL
..................................................................
TEMPERATURE (F)
 YESTERDAY
  MAXIMUM         74    430 PM  90    1963  70      4       76
  MINIMUM         52   1159 PM  16    1931  40     12       36
  AVERAGE         63                        55      8       56

PRECIPITATION (IN)
  YESTERDAY        0.15          1.08 1944   0.04   0.11     0.00
  MONTH TO DATE    0.28                      0.99  -0.71     0.20
  SINCE MAR 1      0.28                      0.99  -0.71     0.20
  SINCE JAN 1      3.20                      2.39   0.81     0.59

SNOWFALL (IN)
  YESTERDAY        0.0           0.4  2003   0.0    0.0      0.0
  MONTH TO DATE    0.0                       0.5   -0.5      0.0
  SINCE MAR 1      0.0                       0.5   -0.5      0.0
  SINCE JUL 1      0.2                       7.9   -7.7     13.3
  SNOW DEPTH       0

DEGREE DAYS
 HEATING
  YESTERDAY        2                        10     -8        9
  MONTH TO DATE  194                       385   -191      238
  SINCE MAR 1    194                       385   -191      238
  SINCE JUL 1   2278                      3124   -846     2638

 COOLING
  YESTERDAY        0                         0      0        0
  MONTH TO DATE   46                         0     46        4
  SINCE MAR 1     46                         0     46        4
  SINCE JAN 1     50                         0     50        8
..................................................................


WIND (MPH)
  RESULTANT WIND SPEED  10   RESULTANT WIND DIRECTION   E (90)
  HIGHEST WIND SPEED    28   HIGHEST WIND DIRECTION    SE (120)
  HIGHEST GUST SPEED    34   HIGHEST GUST DIRECTION    SE (120)
  AVERAGE WIND SPEED    12.6


SKY COVER
  AVERAGE SKY COVER 0.8


WEATHER CONDITIONS
 THE FOLLOWING WEATHER WAS RECORDED YESTERDAY.
  THUNDERSTORM
  LIGHT RAIN
  FOG
  HAZE


RELATIVE HUMIDITY (PERCENT)
 HIGHEST    93           800 AM
 LOWEST     53          1200 AM
 AVERAGE    73

..........................................................


THE LUBBOCK CLIMATE NORMALS FOR TODAY
                         NORMAL    RECORD    YEAR
 MAXIMUM TEMPERATURE (F)   70        91      2012
 MINIMUM TEMPERATURE (F)   40        18      1944


SUNRISE AND SUNSET
MARCH 29 2017.........SUNRISE   738 AM CDT   SUNSET   806 PM CDT
MARCH 30 2017.........SUNRISE   737 AM CDT   SUNSET   807 PM CDT


-  INDICATES NEGATIVE NUMBERS.
R  INDICATES RECORD WAS SET OR TIED.
MM INDICATES DATA IS MISSING.
T  INDICATES TRACE AMOUNT.




$$
