000
CDUS43 KLBF 252238
CLILBF

CLIMATE REPORT
NATIONAL WEATHER SERVICE NORTH PLATTE
537 PM CDT SAT OCT 25 2014


...................................

...THE NORTH PLATTE NE CLIMATE SUMMARY FOR OCTOBER 25 2014...
VALID TODAY AS OF 0500 PM LOCAL TIME.

CLIMATE NORMAL PERIOD 1981 TO 2010
CLIMATE RECORD PERIOD 1874 TO 2014


WEATHER ITEM   OBSERVED TIME   RECORD YEAR NORMAL DEPARTURE LAST
                VALUE   (LST)  VALUE       VALUE  FROM      YEAR
                                                  NORMAL
..................................................................
TEMPERATURE (F)
 TODAY
  MAXIMUM         77    301 PM  87    1959  61     16       61
  MINIMUM         33    606 AM  13    1976  30      3       32
                                      1975
  AVERAGE         55                        46      9       47

PRECIPITATION (IN)
  TODAY            0.00          0.67 1918   0.05  -0.05     0.00
  MONTH TO DATE    0.73                      1.32  -0.59     1.60
  SINCE SEP 1      2.12                      2.73  -0.61     6.68
  SINCE JAN 1     20.40                     18.95   1.45    21.04

SNOWFALL (IN)
  TODAY            0.0           2.5  1997   0.1   -0.1      0.0
  MONTH TO DATE    0.0                       1.5   -1.5      0.0
  SINCE SEP 1      T                         1.7   -1.7      0.0
  SINCE JUL 1      T                         1.7   -1.7      0.0
  SNOW DEPTH       0

DEGREE DAYS
 HEATING
  TODAY           10                        19     -9       18
  MONTH TO DATE  277                       372    -95      398
  SINCE SEP 1    400                       523   -123      468
  SINCE JUL 1    417                       543   -126      481

 COOLING
  TODAY            0                         0      0        0
  MONTH TO DATE    0                         0      0        0
  SINCE SEP 1     75                        70      5      161
  SINCE JAN 1    744                       765    -21      998
..................................................................


WIND (MPH)
  HIGHEST WIND SPEED    16   HIGHEST WIND DIRECTION     E (110)
  HIGHEST GUST SPEED    20   HIGHEST GUST DIRECTION     E (110)
  AVERAGE WIND SPEED     4.9


SKY COVER
  POSSIBLE SUNSHINE  MM
  AVERAGE SKY COVER 0.0


WEATHER CONDITIONS
 THE FOLLOWING WEATHER WAS RECORDED TODAY.
  NO SIGNIFICANT WEATHER WAS OBSERVED.


RELATIVE HUMIDITY (PERCENT)
 HIGHEST    96           700 AM
 LOWEST     36           200 PM
 AVERAGE    66

..........................................................


THE NORTH PLATTE NE CLIMATE NORMALS FOR TOMORROW
                         NORMAL    RECORD    YEAR
 MAXIMUM TEMPERATURE (F)   60        86      1922
 MINIMUM TEMPERATURE (F)   30        14      1887


SUNRISE AND SUNSET
OCTOBER 25 2014.......SUNRISE   806 AM CDT   SUNSET   647 PM CDT
OCTOBER 26 2014.......SUNRISE   807 AM CDT   SUNSET   646 PM CDT


-  INDICATES NEGATIVE NUMBERS.
R  INDICATES RECORD WAS SET OR TIED.
MM INDICATES DATA IS MISSING.
T  INDICATES TRACE AMOUNT.

$$
