000
CDUS43 KLBF 202237
CLILBF


CLIMATE REPORT
NATIONAL WEATHER SERVICE NORTH PLATTE
436 PM CST SAT JAN 20 2018


...................................

...THE NORTH PLATTE NE CLIMATE SUMMARY FOR JANUARY 20 2018...
VALID TODAY AS OF 0400 PM LOCAL TIME.

CLIMATE NORMAL PERIOD 1981 TO 2010
CLIMATE RECORD PERIOD 1874 TO 2018


WEATHER ITEM   OBSERVED TIME   RECORD YEAR NORMAL DEPARTURE LAST
                VALUE   (LST)  VALUE       VALUE  FROM      YEAR
                                                  NORMAL
..................................................................
TEMPERATURE (F)
 TODAY
  MAXIMUM         48    259 PM  68    1950  39      9       44
  MINIMUM         27    403 AM -20    1883  11     16       32
  AVERAGE         38                        25     13       38

PRECIPITATION (IN)
  TODAY            0.00          0.37 2007   0.01  -0.01     0.00
  MONTH TO DATE    0.22                      0.22   0.00     0.56
  SINCE DEC 1      0.77                      0.63   0.14     1.18
  SINCE JAN 1      0.22                      0.22   0.00     0.56

SNOWFALL (IN)
  TODAY            0.0           4.6  2007   0.1   -0.1      0.0
  MONTH TO DATE    2.8                       3.1   -0.3      7.2
  SINCE DEC 1     10.3                       7.7    2.6      8.0
  SINCE JUL 1     11.3                      13.9   -2.6     13.0
  SNOW DEPTH       0

DEGREE DAYS
 HEATING
  TODAY           27                        40    -13       27
  MONTH TO DATE  871                       805     66      887
  SINCE DEC 1   2092                      2034     58     2113
  SINCE JUL 1   3383                      3585   -202     3154

 COOLING
  TODAY            0                         0      0        0
  MONTH TO DATE    0                         0      0        0
  SINCE DEC 1      0                         0      0        0
  SINCE JAN 1      0                         0      0        0
..................................................................


WIND (MPH)
  HIGHEST WIND SPEED    21   HIGHEST WIND DIRECTION    NE (40)
  HIGHEST GUST SPEED    25   HIGHEST GUST DIRECTION    NE (40)
  AVERAGE WIND SPEED     7.6


SKY COVER
  POSSIBLE SUNSHINE  MM
  AVERAGE SKY COVER 0.0


WEATHER CONDITIONS
 THE FOLLOWING WEATHER WAS RECORDED TODAY.
  NO SIGNIFICANT WEATHER WAS OBSERVED.


RELATIVE HUMIDITY (PERCENT)
 HIGHEST    92           400 AM
 LOWEST     50           200 PM
 AVERAGE    71

..........................................................


THE NORTH PLATTE NE CLIMATE NORMALS FOR TOMORROW
                         NORMAL    RECORD    YEAR
 MAXIMUM TEMPERATURE (F)   39        71      1950
 MINIMUM TEMPERATURE (F)   11       -22      1930


SUNRISE AND SUNSET
JANUARY 20 2018.......SUNRISE   803 AM CST   SUNSET   545 PM CST
JANUARY 21 2018.......SUNRISE   803 AM CST   SUNSET   546 PM CST


-  INDICATES NEGATIVE NUMBERS.
R  INDICATES RECORD WAS SET OR TIED.
MM INDICATES DATA IS MISSING.
T  INDICATES TRACE AMOUNT.




$$
