000
CDUS43 KLBF 290940
CLILBF

CLIMATE REPORT NATIONAL WEATHER SERVICE NORTH PLATTE

437 AM CDT WED JUL 29 2015


...................................

...THE NORTH PLATTE NE CLIMATE SUMMARY FOR JULY 28 2015...

CLIMATE NORMAL PERIOD 1981 TO 2010
CLIMATE RECORD PERIOD 1874 TO 2015


WEATHER ITEM   OBSERVED TIME   RECORD YEAR NORMAL DEPARTURE LAST
                VALUE   (LST)  VALUE       VALUE  FROM      YEAR
                                                  NORMAL
..................................................................
TEMPERATURE (F)
 YESTERDAY
  MAXIMUM         84    432 PM 104    1933  88     -4       84
                                      1917
  MINIMUM         56   1151 PM  47    1892  61     -5       52
  AVERAGE         70                        75     -5       68

PRECIPITATION (IN)
  YESTERDAY        0.00          1.63 2007   0.10  -0.10     0.00
  MONTH TO DATE    2.55                      2.76  -0.21     0.14
  SINCE JUN 1      5.28                      6.18  -0.90     8.89
  SINCE JAN 1     13.38                     13.62  -0.24    13.18

SNOWFALL (IN)
  YESTERDAY        0.0           0.0  2002   0.0    0.0      0.0
                                      2001
  MONTH TO DATE    0.0                       0.0    0.0      0.0
  SINCE JUN 1      0.0                       0.0    0.0       T
  SINCE JUL 1      0.0                       0.0    0.0      0.0
  SNOW DEPTH       0

DEGREE DAYS
 HEATING
  YESTERDAY        0                         0      0        0
  MONTH TO DATE    6                         0      6       17
  SINCE JUN 1     11                        51    -40       56
  SINCE JUL 1      6                         0      6       17

 COOLING
  YESTERDAY        5                        10     -5        3
  MONTH TO DATE  275                       266      9      220
  SINCE JUN 1    453                       404     49      351
  SINCE JAN 1    455                       432     23      400
..................................................................


WIND (MPH)
  HIGHEST WIND SPEED    22   HIGHEST WIND DIRECTION     N (340)
  HIGHEST GUST SPEED    30   HIGHEST GUST DIRECTION     N (350)
  AVERAGE WIND SPEED     9.8


SKY COVER
  POSSIBLE SUNSHINE  MM
  AVERAGE SKY COVER 0.0


WEATHER CONDITIONS
 THE FOLLOWING WEATHER WAS RECORDED YESTERDAY.
  NO SIGNIFICANT WEATHER WAS OBSERVED.


RELATIVE HUMIDITY (PERCENT)
 HIGHEST    84           300 AM
 LOWEST     26           100 PM
 AVERAGE    55

..........................................................


THE NORTH PLATTE NE CLIMATE NORMALS FOR TODAY
                         NORMAL    RECORD    YEAR
 MAXIMUM TEMPERATURE (F)   88       106      1980
 MINIMUM TEMPERATURE (F)   61        49      1971
                                             1892


SUNRISE AND SUNSET
JULY 29 2015..........SUNRISE   635 AM CDT   SUNSET   903 PM CDT
JULY 30 2015..........SUNRISE   636 AM CDT   SUNSET   901 PM CDT


-  INDICATES NEGATIVE NUMBERS.
R  INDICATES RECORD WAS SET OR TIED.
MM INDICATES DATA IS MISSING.
T  INDICATES TRACE AMOUNT.




$$
