000
CDUS43 KLBF 212235
CLILBF

CLIMATE REPORT
NATIONAL WEATHER SERVICE NORTH PLATTE
434 PM CST SUN DEC 21 2014


...................................

...THE NORTH PLATTE NE CLIMATE SUMMARY FOR DECEMBER 21 2014...
VALID TODAY AS OF 0400 PM LOCAL TIME.

CLIMATE NORMAL PERIOD 1981 TO 2010
CLIMATE RECORD PERIOD 1874 TO 2014


WEATHER ITEM   OBSERVED TIME   RECORD YEAR NORMAL DEPARTURE LAST
                VALUE   (LST)  VALUE       VALUE  FROM      YEAR
                                                  NORMAL
..................................................................
TEMPERATURE (F)
 TODAY
  MAXIMUM         44    146 PM  67    1933  38      6       36
  MINIMUM         19    831 AM -29    1989  11      8        4
                                      1983
  AVERAGE         32                        24      8       20

PRECIPITATION (IN)
  TODAY            0.00          1.99 1877   0.01  -0.01     0.00
  MONTH TO DATE    0.72                      0.28   0.44     0.06
  SINCE DEC 1      0.72                      0.28   0.44     0.06
  SINCE JAN 1     21.20                     20.10   1.10    21.67

SNOWFALL (IN)
  TODAY            0.0           7.8  1968   0.1   -0.1      0.0
  MONTH TO DATE    2.3                       3.0   -0.7      1.5
  SINCE DEC 1      2.3                       3.0   -0.7      1.5
  SINCE JUL 1      2.7                       9.2   -6.5      4.6
  SNOW DEPTH       T

DEGREE DAYS
 HEATING
  TODAY           33                        41     -8       45
  MONTH TO DATE  686                       822   -136      881
  SINCE DEC 1    686                       822   -136      881
  SINCE JUL 1   2206                      2373   -167     2366

 COOLING
  TODAY            0                         0      0        0
  MONTH TO DATE    0                         0      0        0
  SINCE DEC 1      0                         0      0        0
  SINCE JAN 1    744                       768    -24      998
..................................................................


WIND (MPH)
  HIGHEST WIND SPEED    15   HIGHEST WIND DIRECTION     E (110)
  HIGHEST GUST SPEED    18   HIGHEST GUST DIRECTION     E (110)
  AVERAGE WIND SPEED     3.0


SKY COVER
  POSSIBLE SUNSHINE  MM
  AVERAGE SKY COVER 0.5


WEATHER CONDITIONS
 THE FOLLOWING WEATHER WAS RECORDED TODAY.
  FOG


RELATIVE HUMIDITY (PERCENT)
 HIGHEST    92          1200 AM
 LOWEST     62          1200 PM
 AVERAGE    77

..........................................................


THE NORTH PLATTE NE CLIMATE NORMALS FOR TOMORROW
                         NORMAL    RECORD    YEAR
 MAXIMUM TEMPERATURE (F)   38        69      1933
 MINIMUM TEMPERATURE (F)   11       -34      1989
                                             1983


SUNRISE AND SUNSET
DECEMBER 21 2014......SUNRISE   805 AM CST   SUNSET   517 PM CST
DECEMBER 22 2014......SUNRISE   805 AM CST   SUNSET   518 PM CST


-  INDICATES NEGATIVE NUMBERS.
R  INDICATES RECORD WAS SET OR TIED.
MM INDICATES DATA IS MISSING.
T  INDICATES TRACE AMOUNT.

$$
