000
CDUS43 KLBF 271002
CLILBF


CLIMATE REPORT
NATIONAL WEATHER SERVICE NORTH PLATTE
400 AM CST MON FEB 27 2017


...................................

...THE NORTH PLATTE NE CLIMATE SUMMARY FOR FEBRUARY 26 2017...

CLIMATE NORMAL PERIOD 1981 TO 2010
CLIMATE RECORD PERIOD 1874 TO 2017


WEATHER ITEM   OBSERVED TIME   RECORD YEAR NORMAL DEPARTURE LAST
                VALUE   (LST)  VALUE       VALUE  FROM      YEAR
                                                  NORMAL
..................................................................
TEMPERATURE (F)
 YESTERDAY
  MAXIMUM         41    304 PM  74    1896  46     -5       61
  MINIMUM         10    739 AM -14    1934  18     -8       18
  AVERAGE         26                        32     -6       40

PRECIPITATION (IN)
  YESTERDAY        0.00          0.57 1895   0.02  -0.02     0.00
  MONTH TO DATE    0.52                      0.45   0.07     0.78
  SINCE DEC 1      1.81                      1.20   0.61     1.54
  SINCE JAN 1      1.19                      0.79   0.40     1.26

SNOWFALL (IN)
  YESTERDAY        0.0           2.7  1937   0.2   -0.2      0.0
  MONTH TO DATE    5.9                       4.9    1.0     12.0
  SINCE DEC 1     15.3                      14.3    1.0     21.0
  SINCE JUL 1     20.3                      20.5   -0.2     25.6
  SNOW DEPTH       1

DEGREE DAYS
 HEATING
  YESTERDAY       39                        33      6       25
  MONTH TO DATE  755                       943   -188      825
  SINCE DEC 1   3217                      3412   -195     3033
  SINCE JUL 1   4258                      4963   -705     4219

 COOLING
  YESTERDAY        0                         0      0        0
  MONTH TO DATE    0                         0      0        0
  SINCE DEC 1      0                         0      0        0
  SINCE JAN 1      0                         0      0        0
..................................................................


WIND (MPH)
  HIGHEST WIND SPEED    17   HIGHEST WIND DIRECTION     W (290)
  HIGHEST GUST SPEED    21   HIGHEST GUST DIRECTION     W (290)
  AVERAGE WIND SPEED     7.7


SKY COVER
  POSSIBLE SUNSHINE  MM
  AVERAGE SKY COVER 0.0


WEATHER CONDITIONS
 THE FOLLOWING WEATHER WAS RECORDED YESTERDAY.
  NO SIGNIFICANT WEATHER WAS OBSERVED.


RELATIVE HUMIDITY (PERCENT)
 HIGHEST    83           700 AM
 LOWEST     30           400 PM
 AVERAGE    57

..........................................................


THE NORTH PLATTE NE CLIMATE NORMALS FOR TODAY
                         NORMAL    RECORD    YEAR
 MAXIMUM TEMPERATURE (F)   47        77      2016
 MINIMUM TEMPERATURE (F)   18       -16      1962


SUNRISE AND SUNSET
FEBRUARY 27 2017......SUNRISE   720 AM CST   SUNSET   632 PM CST
FEBRUARY 28 2017......SUNRISE   718 AM CST   SUNSET   633 PM CST


-  INDICATES NEGATIVE NUMBERS.
R  INDICATES RECORD WAS SET OR TIED.
MM INDICATES DATA IS MISSING.
T  INDICATES TRACE AMOUNT.




$$
