000
CDUS43 KLBF 300944
CLILBF

CLIMATE REPORT
NATIONAL WEATHER SERVICE NORTH PLATTE
441 AM CDT WED JUL 30 2014


...................................

...THE NORTH PLATTE NE CLIMATE SUMMARY FOR JULY 29 2014...

CLIMATE NORMAL PERIOD 1981 TO 2010
CLIMATE RECORD PERIOD 1874 TO 2014


WEATHER ITEM   OBSERVED TIME   RECORD YEAR NORMAL DEPARTURE LAST
                VALUE   (LST)  VALUE       VALUE  FROM      YEAR
                                                  NORMAL
..................................................................
TEMPERATURE (F)
 YESTERDAY
  MAXIMUM         83    356 PM 106    1980  88     -5       73
  MINIMUM         56    629 AM  49    1971  61     -5       58
                                      1892
  AVERAGE         70                        75     -5       66

PRECIPITATION (IN)
  YESTERDAY        T             1.30 1915   0.10  -0.10     0.02
  MONTH TO DATE    0.14                      2.86  -2.72     1.89
  SINCE JUN 1      8.89                      6.28   2.61     3.84
  SINCE JAN 1     13.18                     13.72  -0.54    10.00

SNOWFALL (IN)
  YESTERDAY        0.0           0.0  2002   0.0    0.0      0.0
                                      2001
  MONTH TO DATE    0.0                       0.0    0.0      0.0
  SINCE JUN 1      T                         0.0    0.0       T
  SINCE JUL 1      0.0                       0.0    0.0      0.0
  SNOW DEPTH       0

DEGREE DAYS
 HEATING
  YESTERDAY        0                         0      0        0
  MONTH TO DATE   17                         0     17       13
  SINCE JUN 1     56                        51      5       60
  SINCE JUL 1     17                         0     17       13

 COOLING
  YESTERDAY        5                        10     -5        1
  MONTH TO DATE  225                       276    -51      286
  SINCE JUN 1    356                       414    -58      465
  SINCE JAN 1    405                       442    -37      513
..................................................................


WIND (MPH)
  HIGHEST WIND SPEED    17   HIGHEST WIND DIRECTION     E (100)
  HIGHEST GUST SPEED    22   HIGHEST GUST DIRECTION     E (100)
  AVERAGE WIND SPEED     7.5


SKY COVER
  POSSIBLE SUNSHINE  MM
  AVERAGE SKY COVER 0.4


WEATHER CONDITIONS
 THE FOLLOWING WEATHER WAS RECORDED YESTERDAY.
  THUNDERSTORM
  LIGHT RAIN
  FOG


RELATIVE HUMIDITY (PERCENT)
 HIGHEST    93           100 AM
 LOWEST     43           300 PM
 AVERAGE    68

..........................................................


THE NORTH PLATTE NE CLIMATE NORMALS FOR TODAY
                         NORMAL    RECORD    YEAR
 MAXIMUM TEMPERATURE (F)   88       105      2005
                                             2002
 MINIMUM TEMPERATURE (F)   61        41      1971


SUNRISE AND SUNSET
JULY 30 2014..........SUNRISE   636 AM CDT   SUNSET   901 PM CDT
JULY 31 2014..........SUNRISE   637 AM CDT   SUNSET   900 PM CDT


-  INDICATES NEGATIVE NUMBERS.
R  INDICATES RECORD WAS SET OR TIED.
MM INDICATES DATA IS MISSING.
T  INDICATES TRACE AMOUNT.

$$
