000
CDUS43 KLBF 252236
CLILBF

CLIMATE REPORT
NATIONAL WEATHER SERVICE NORTH PLATTE
535 PM CDT FRI JUL 25 2014

...................................

...THE NORTH PLATTE NE CLIMATE SUMMARY FOR JULY 25 2014...
VALID TODAY AS OF 0500 PM LOCAL TIME.

CLIMATE NORMAL PERIOD 1981 TO 2010
CLIMATE RECORD PERIOD 1874 TO 2014


WEATHER ITEM   OBSERVED TIME   RECORD YEAR NORMAL DEPARTURE LAST
                VALUE   (LST)  VALUE       VALUE  FROM      YEAR
                                                  NORMAL
..................................................................
TEMPERATURE (F)
 TODAY
  MAXIMUM         95    400 PM 108    2003  88      7       82
                                      1936
  MINIMUM         62    454 AM  43    1911  61      1       62
  AVERAGE         79                        75      4       72

PRECIPITATION (IN)
  TODAY            0.00          3.15 1879   0.10  -0.10     1.02
  MONTH TO DATE    0.14                      2.46  -2.32     1.86
  SINCE JUN 1      8.89                      5.88   3.01     3.81
  SINCE JAN 1     13.18                     13.32  -0.14     9.97

SNOWFALL (IN)
  TODAY            0.0           0.0  2002   0.0    0.0      0.0
                                      2001
  MONTH TO DATE    0.0                       0.0    0.0      0.0
  SINCE JUN 1      T                         0.0    0.0       T
  SINCE JUL 1      0.0                       0.0    0.0      0.0
  SNOW DEPTH       0

DEGREE DAYS
 HEATING
  TODAY            0                         0      0        0
  MONTH TO DATE   17                         0     17        4
  SINCE JUN 1     56                        51      5       51
  SINCE JUL 1     17                         0     17        4

 COOLING
  TODAY           14                        10      4        7
  MONTH TO DATE  198                       236    -38      283
  SINCE JUN 1    329                       374    -45      462
  SINCE JAN 1    378                       402    -24      510
..................................................................


WIND (MPH)
  HIGHEST WIND SPEED    20   HIGHEST WIND DIRECTION     N (360)
  HIGHEST GUST SPEED    25   HIGHEST GUST DIRECTION     N (350)
  AVERAGE WIND SPEED     7.0


SKY COVER
  POSSIBLE SUNSHINE  MM
  AVERAGE SKY COVER 0.0


WEATHER CONDITIONS
 THE FOLLOWING WEATHER WAS RECORDED TODAY.
  NO SIGNIFICANT WEATHER WAS OBSERVED.


RELATIVE HUMIDITY (PERCENT)
 HIGHEST    87           400 AM
 LOWEST     41           300 PM
 AVERAGE    64

..........................................................


THE NORTH PLATTE NE CLIMATE NORMALS FOR TOMORROW
                         NORMAL    RECORD    YEAR
 MAXIMUM TEMPERATURE (F)   88       107      1936
 MINIMUM TEMPERATURE (F)   61        50      2004


SUNRISE AND SUNSET
JULY 25 2014..........SUNRISE   632 AM CDT   SUNSET   906 PM CDT
JULY 26 2014..........SUNRISE   633 AM CDT   SUNSET   905 PM CDT


-  INDICATES NEGATIVE NUMBERS.
R  INDICATES RECORD WAS SET OR TIED.
MM INDICATES DATA IS MISSING.
T  INDICATES TRACE AMOUNT.

$$
