000
CDUS43 KLBF 310933
CLILBF


CLIMATE REPORT
NATIONAL WEATHER SERVICE NORTH PLATTE
430 AM CDT TUE MAY 31 2016


...................................

...THE NORTH PLATTE NE CLIMATE SUMMARY FOR MAY 30 2016...

CLIMATE NORMAL PERIOD 1981 TO 2010
CLIMATE RECORD PERIOD 1874 TO 2016


WEATHER ITEM   OBSERVED TIME   RECORD YEAR NORMAL DEPARTURE LAST
                VALUE   (LST)  VALUE       VALUE  FROM      YEAR
                                                  NORMAL
..................................................................
TEMPERATURE (F)
 YESTERDAY
  MAXIMUM         81    447 PM  97    1934  76      5       65
  MINIMUM         51    455 AM  35    1883  49      2       36
  AVERAGE         66                        62      4       51

PRECIPITATION (IN)
  YESTERDAY        0.17          1.83 1977   0.12   0.05     0.00
  MONTH TO DATE    3.90                      3.15   0.75     4.34
  SINCE MAR 1      9.92                      6.47   3.45     7.36
  SINCE JAN 1     11.18                      7.31   3.87     8.10

SNOWFALL (IN)
  YESTERDAY        0.0           0.0    MM   0.0    0.0      0.0
  MONTH TO DATE    T                         0.0    0.0       T
  SINCE MAR 1      6.8                       7.6   -0.8      2.4
  SINCE JUL 1     32.4                      28.5    3.9     21.3
  SNOW DEPTH       0

DEGREE DAYS
 HEATING
  YESTERDAY        0                         4     -4       14
  MONTH TO DATE  260                       239     21      280
  SINCE MAR 1   1424                      1601   -177     1375
  SINCE JUL 1   5701                      6629   -928     6264

 COOLING
  YESTERDAY        1                         2     -1        0
  MONTH TO DATE    9                        21    -12        0
  SINCE MAR 1     10                        24    -14        2
  SINCE JAN 1     10                        24    -14        2
..................................................................


WIND (MPH)
  HIGHEST WIND SPEED    37   HIGHEST WIND DIRECTION     W (280)
  HIGHEST GUST SPEED    47   HIGHEST GUST DIRECTION     W (270)
  AVERAGE WIND SPEED     8.0


SKY COVER
  POSSIBLE SUNSHINE  MM
  AVERAGE SKY COVER 0.1


WEATHER CONDITIONS
 THE FOLLOWING WEATHER WAS RECORDED YESTERDAY.
  THUNDERSTORM
  LIGHT RAIN
  HAZE


RELATIVE HUMIDITY (PERCENT)
 HIGHEST    93           600 AM
 LOWEST     45           100 PM
 AVERAGE    69

..........................................................


THE NORTH PLATTE NE CLIMATE NORMALS FOR TODAY
                         NORMAL    RECORD    YEAR
 MAXIMUM TEMPERATURE (F)   76        94      2002
 MINIMUM TEMPERATURE (F)   49        31      1964


SUNRISE AND SUNSET
MAY 31 2016...........SUNRISE   613 AM CDT   SUNSET   909 PM CDT
JUNE  1 2016..........SUNRISE   612 AM CDT   SUNSET   909 PM CDT


-  INDICATES NEGATIVE NUMBERS.
R  INDICATES RECORD WAS SET OR TIED.
MM INDICATES DATA IS MISSING.
T  INDICATES TRACE AMOUNT.




$$
