986
CDUS43 KLBF 230931
CLILBF


CLIMATE REPORT
NATIONAL WEATHER SERVICE NORTH PLATTE
430 AM CDT MON OCT 23 2017


...................................

...THE NORTH PLATTE NE CLIMATE SUMMARY FOR OCTOBER 22 2017...

CLIMATE NORMAL PERIOD 1981 TO 2010
CLIMATE RECORD PERIOD 1874 TO 2017


WEATHER ITEM   OBSERVED TIME   RECORD YEAR NORMAL DEPARTURE LAST
                VALUE   (LST)  VALUE       VALUE  FROM      YEAR
                                                  NORMAL
..................................................................
TEMPERATURE (F)
 YESTERDAY
  MAXIMUM         72    345 PM  87    2003  62     10       82
  MINIMUM         24    719 AM  14    1936  31     -7       30
  AVERAGE         48                        47      1       56

PRECIPITATION (IN)
  YESTERDAY        0.00          1.32 1906   0.05  -0.05     0.00
  MONTH TO DATE    3.05                      1.18   1.87     1.54
  SINCE SEP 1      7.80                      2.59   5.21     2.48
  SINCE JAN 1     25.56                     18.81   6.75    21.64

SNOWFALL (IN)
  YESTERDAY        0.0           4.2  2009   0.1   -0.1      0.0
  MONTH TO DATE    0.0                       1.2   -1.2       T
  SINCE SEP 1      0.0                       1.4   -1.4       T
  SINCE JUL 1      T                         1.4   -1.4       T
  SNOW DEPTH       0

DEGREE DAYS
 HEATING
  YESTERDAY       17                        18     -1        9
  MONTH TO DATE  230                       315    -85      207
  SINCE SEP 1    335                       466   -131      286
  SINCE JUL 1    339                       486   -147      298

 COOLING
  YESTERDAY        0                         0      0        0
  MONTH TO DATE    1                         0      1        3
  SINCE SEP 1    131                        70     61      104
  SINCE JAN 1    954                       765    189      911
..................................................................


WIND (MPH)
  HIGHEST WIND SPEED    24   HIGHEST WIND DIRECTION     W (250)
  HIGHEST GUST SPEED    31   HIGHEST GUST DIRECTION    SW (240)
  AVERAGE WIND SPEED     5.9


SKY COVER
  POSSIBLE SUNSHINE  MM
  AVERAGE SKY COVER 0.0


WEATHER CONDITIONS
 THE FOLLOWING WEATHER WAS RECORDED YESTERDAY.
  NO SIGNIFICANT WEATHER WAS OBSERVED.


RELATIVE HUMIDITY (PERCENT)
 HIGHEST    92           300 AM
 LOWEST     22           100 PM
 AVERAGE    57

..........................................................


THE NORTH PLATTE NE CLIMATE NORMALS FOR TODAY
                         NORMAL    RECORD    YEAR
 MAXIMUM TEMPERATURE (F)   62        88      1899
 MINIMUM TEMPERATURE (F)   31         9      1917


SUNRISE AND SUNSET
OCTOBER 23 2017.......SUNRISE   804 AM CDT   SUNSET   650 PM CDT
OCTOBER 24 2017.......SUNRISE   805 AM CDT   SUNSET   648 PM CDT


-  INDICATES NEGATIVE NUMBERS.
R  INDICATES RECORD WAS SET OR TIED.
MM INDICATES DATA IS MISSING.
T  INDICATES TRACE AMOUNT.




$$
