000
CDUS42 KILM 250842
CLILBT


CLIMATE REPORT
NATIONAL WEATHER SERVICE WILMINGTON NC
442 AM EDT WED MAY 25 2016


...................................

...THE LUMBERTON NC CLIMATE SUMMARY FOR MAY 24 2016...

CLIMATE NORMAL PERIOD 1981 TO 2010
CLIMATE RECORD PERIOD 9999 TO 9999


WEATHER ITEM   OBSERVED TIME   NORMAL DEPARTURE LAST
                VALUE   (LST)  VALUE  FROM      YEAR
                                      NORMAL
......................................................
TEMPERATURE (F)
 YESTERDAY
  MAXIMUM         85    335 PM  84      1       87
  MINIMUM         50    444 AM  60    -10       54
  AVERAGE         68            72     -4       71

PRECIPITATION (IN)
  YESTERDAY        0.00          0.12  -0.12     0.00
  MONTH TO DATE    5.01          2.18   2.83     1.77
  SINCE MAR 1      9.36          8.33   1.03     7.84
  SINCE JAN 1     17.64         14.20   3.44    17.30

DEGREE DAYS
 HEATING
  YESTERDAY        0             0      0        0
  MONTH TO DATE   22            30     -8       12
  SINCE MAR 1    339           529   -190      414
  SINCE JUL 1   2018          2759   -741     2778

 COOLING
  YESTERDAY        3             8     -5        6
  MONTH TO DATE  117           122     -5      162
  SINCE MAR 1    233           187     46      256
  SINCE JAN 1    234           190     44      256
......................................................


WIND (MPH)
  HIGHEST WIND SPEED    15   HIGHEST WIND DIRECTION     W (280)
  HIGHEST GUST SPEED    19   HIGHEST GUST DIRECTION     W (280)
  AVERAGE WIND SPEED     4.5


SKY COVER
  POSSIBLE SUNSHINE  MM
  AVERAGE SKY COVER 0.0


WEATHER CONDITIONS
 THE FOLLOWING WEATHER WAS RECORDED YESTERDAY.
  FOG


RELATIVE HUMIDITY (PERCENT)
 HIGHEST    96           100 AM
 LOWEST     37           100 PM
 AVERAGE    67

..........................................................


THE LUMBERTON NC CLIMATE NORMALS FOR TODAY
                         NORMAL
 MAXIMUM TEMPERATURE (F)   84
 MINIMUM TEMPERATURE (F)   61


SUNRISE AND SUNSET
MAY 25 2016...........SUNRISE   607 AM EDT   SUNSET   820 PM EDT
MAY 26 2016...........SUNRISE   607 AM EDT   SUNSET   820 PM EDT


-  INDICATES NEGATIVE NUMBERS.
R  INDICATES RECORD WAS SET OR TIED.
MM INDICATES DATA IS MISSING.
T  INDICATES TRACE AMOUNT.




$$
