511
CDUS42 KILM 142231
CLILBT


CLIMATE REPORT
NATIONAL WEATHER SERVICE WILMINGTON NC
530 PM EST SUN FEB 14 2016


...................................

...THE LUMBERTON NC CLIMATE SUMMARY FOR FEBRUARY 14 2016...
VALID TODAY AS OF 0400 PM LOCAL TIME.

CLIMATE NORMAL PERIOD 1981 TO 2010
CLIMATE RECORD PERIOD 9999 TO 9999


WEATHER ITEM   OBSERVED TIME   NORMAL DEPARTURE LAST
                VALUE   (LST)  VALUE  FROM      YEAR
                                      NORMAL
......................................................
TEMPERATURE (F)
 TODAY
  MAXIMUM         35    352 PM  58    -23       57
  MINIMUM         22    728 AM  35    -13       22
  AVERAGE         29            46    -17       40

PRECIPITATION (IN)
  TODAY            0.00          0.10  -0.10     0.00
  MONTH TO DATE    3.62          1.30   2.32     1.21
  SINCE DEC 1     12.14          7.16   4.98     8.68
  SINCE JAN 1      5.25          4.27   0.98     5.90

SNOWFALL (IN)
  TODAY           MM
  MONTH TO DATE   MM
  SINCE DEC 1     MM
  SINCE JUL 1     MM
  SNOW DEPTH      MM

DEGREE DAYS
 HEATING
  TODAY           36            19     17       25
  MONTH TO DATE  295           276     19      280
  SINCE DEC 1   1191          1529   -338     1447
  SINCE JUL 1   1472          1995   -523     1990

 COOLING
  TODAY            0             0      0        0
  MONTH TO DATE    1             0      1        0
  SINCE DEC 1     51             3     48        0
  SINCE JAN 1      1             1      0        0
......................................................


WIND (MPH)
  HIGHEST WIND SPEED    16   HIGHEST WIND DIRECTION     N (10)
  HIGHEST GUST SPEED    22   HIGHEST GUST DIRECTION    NE (40)
  AVERAGE WIND SPEED     8.3


SKY COVER
  POSSIBLE SUNSHINE  MM
  AVERAGE SKY COVER 0.3


WEATHER CONDITIONS
 THE FOLLOWING WEATHER WAS RECORDED TODAY.
  NO SIGNIFICANT WEATHER WAS OBSERVED.


RELATIVE HUMIDITY (PERCENT)
 HIGHEST    45           600 AM
 LOWEST     28           300 PM
 AVERAGE    37

..........................................................


THE LUMBERTON NC CLIMATE NORMALS FOR TOMORROW
                         NORMAL
 MAXIMUM TEMPERATURE (F)   58
 MINIMUM TEMPERATURE (F)   36


SUNRISE AND SUNSET
FEBRUARY 14 2016......SUNRISE   703 AM EST   SUNSET   558 PM EST
FEBRUARY 15 2016......SUNRISE   702 AM EST   SUNSET   559 PM EST


-  INDICATES NEGATIVE NUMBERS.
R  INDICATES RECORD WAS SET OR TIED.
MM INDICATES DATA IS MISSING.
T  INDICATES TRACE AMOUNT.




$$
