000
CDUS42 KILM 280941
CLILBT


CLIMATE REPORT
NATIONAL WEATHER SERVICE WILMINGTON NC
441 AM EST FRI NOV 28 2014


...................................

...THE LUMBERTON NC CLIMATE SUMMARY FOR NOVEMBER 27 2014...

CLIMATE NORMAL PERIOD 1981 TO 2010
CLIMATE RECORD PERIOD 9999 TO 9999


WEATHER ITEM   OBSERVED TIME   NORMAL DEPARTURE LAST
                VALUE   (LST)  VALUE  FROM      YEAR
                                      NORMAL
......................................................
TEMPERATURE (F)
 YESTERDAY
  MAXIMUM         54   1251 PM  63     -9       67
  MINIMUM         33   1157 PM  39     -6       31
  AVERAGE         44            51     -7       49

PRECIPITATION (IN)
  YESTERDAY        0.00          0.10  -0.10     0.75
  MONTH TO DATE    2.84          2.58   0.26     2.47
  SINCE SEP 1      7.46          9.95  -2.49     4.22
  SINCE JAN 1     39.62         40.34  -0.72    40.20

SNOWFALL (IN)
  YESTERDAY       MM
  MONTH TO DATE   MM
  SINCE SEP 1     MM
  SINCE JUL 1     MM
  SNOW DEPTH      MM

DEGREE DAYS
 HEATING
  YESTERDAY       21            14      7       16
  MONTH TO DATE  394           290    104      335
  SINCE SEP 1    482           422     60      439
  SINCE JUL 1    482           422     60      439

 COOLING
  YESTERDAY        0             0      0        0
  MONTH TO DATE    9            10     -1       14
  SINCE SEP 1    404           332     72      350
  SINCE JAN 1   2061          1904    157     1861
......................................................


WIND (MPH)
  HIGHEST WIND SPEED    25   HIGHEST WIND DIRECTION    NW (330)
  HIGHEST GUST SPEED    32   HIGHEST GUST DIRECTION     N (340)
  AVERAGE WIND SPEED     7.9


SKY COVER
  POSSIBLE SUNSHINE  MM
  AVERAGE SKY COVER 0.3


WEATHER CONDITIONS
 THE FOLLOWING WEATHER WAS RECORDED YESTERDAY.
  FOG


RELATIVE HUMIDITY (PERCENT)
 HIGHEST    96           500 AM
 LOWEST     54           100 PM
 AVERAGE    75

..........................................................


THE LUMBERTON NC CLIMATE NORMALS FOR TODAY
                         NORMAL
 MAXIMUM TEMPERATURE (F)   63
 MINIMUM TEMPERATURE (F)   39


SUNRISE AND SUNSET
NOVEMBER 28 2014......SUNRISE   702 AM EST   SUNSET   506 PM EST
NOVEMBER 29 2014......SUNRISE   703 AM EST   SUNSET   506 PM EST


-  INDICATES NEGATIVE NUMBERS.
R  INDICATES RECORD WAS SET OR TIED.
MM INDICATES DATA IS MISSING.
T  INDICATES TRACE AMOUNT.




$$
