000
CDUS42 KILM 010846
CLILBT


CLIMATE REPORT
NATIONAL WEATHER SERVICE WILMINGTON NC
446 AM EDT SUN MAY 1 2016


...................................

...THE LUMBERTON NC CLIMATE SUMMARY FOR APRIL 30 2016...

CLIMATE NORMAL PERIOD 1981 TO 2010
CLIMATE RECORD PERIOD 9999 TO 9999


WEATHER ITEM   OBSERVED TIME   NORMAL DEPARTURE LAST
                VALUE   (LST)  VALUE  FROM      YEAR
                                      NORMAL
......................................................
TEMPERATURE (F)
 YESTERDAY
  MAXIMUM         76    326 PM  78     -2       76
  MINIMUM         62    331 AM  52     10       55
  AVERAGE         69            65      4       66

PRECIPITATION (IN)
  YESTERDAY        0.00          0.07  -0.07     0.18
  MONTH TO DATE    3.17          2.82   0.35     2.59
  SINCE MAR 1      4.35          6.15  -1.80     6.07
  SINCE JAN 1     12.63         12.02   0.61    15.53

SNOWFALL (IN)
  YESTERDAY       MM
  MONTH TO DATE   MM
  SINCE MAR 1     MM
  SINCE JUL 1     MM
  SNOW DEPTH      MM

DEGREE DAYS
 HEATING
  YESTERDAY        0             3     -3        0
  MONTH TO DATE  136           153    -17       98
  SINCE MAR 1    317           499   -182      402
  SINCE JUL 1   1996          2729   -733     2766

 COOLING
  YESTERDAY        4             3      1        1
  MONTH TO DATE   70            55     15       79
  SINCE MAR 1    116            65     51       94
  SINCE JAN 1    117            68     49       94
......................................................


WIND (MPH)
  HIGHEST WIND SPEED    16   HIGHEST WIND DIRECTION     E (110)
  HIGHEST GUST SPEED    21   HIGHEST GUST DIRECTION     E (110)
  AVERAGE WIND SPEED     8.0


SKY COVER
  POSSIBLE SUNSHINE  MM
  AVERAGE SKY COVER 0.7


WEATHER CONDITIONS
 THE FOLLOWING WEATHER WAS RECORDED YESTERDAY.
  FOG


RELATIVE HUMIDITY (PERCENT)
 HIGHEST    93           100 AM
 LOWEST     68          1200 PM
 AVERAGE    81

..........................................................


THE LUMBERTON NC CLIMATE NORMALS FOR TODAY
                         NORMAL
 MAXIMUM TEMPERATURE (F)   79
 MINIMUM TEMPERATURE (F)   53


SUNRISE AND SUNSET
MAY  1 2016...........SUNRISE   626 AM EDT   SUNSET   801 PM EDT
MAY  2 2016...........SUNRISE   625 AM EDT   SUNSET   802 PM EDT


-  INDICATES NEGATIVE NUMBERS.
R  INDICATES RECORD WAS SET OR TIED.
MM INDICATES DATA IS MISSING.
T  INDICATES TRACE AMOUNT.




$$
