000
CDUS44 KLCH 010832
CLILCH


CLIMATE REPORT
NATIONAL WEATHER SERVICE LAKE CHARLES, LA
231 AM CST SUN MAR 1 2015


...................................

...THE LAKE CHARLES CLIMATE SUMMARY FOR FEBRUARY 28 2015...

CLIMATE NORMAL PERIOD 1981 TO 2010
CLIMATE RECORD PERIOD 1895 TO 2015


WEATHER ITEM   OBSERVED TIME   RECORD YEAR NORMAL DEPARTURE LAST
                VALUE   (LST)  VALUE       VALUE  FROM      YEAR
                                                  NORMAL
..................................................................
TEMPERATURE (F)
 YESTERDAY
  MAXIMUM         63    441 PM  85    1932  68     -5       62
  MINIMUM         35    216 AM  26    1913  48    -13       38
  AVERAGE         49                        58     -9       50

PRECIPITATION (IN)
  YESTERDAY        T             1.44 1995   0.12  -0.12      T
  MONTH TO DATE    1.58                      3.46  -1.88     4.50
  SINCE DEC 1     10.51                     13.37  -2.86     8.84
  SINCE JAN 1      8.48                      8.69  -0.21     6.79

SNOWFALL (IN)
  YESTERDAY       MM             0.0    MM   0.0   MM       MM
  MONTH TO DATE    0.0                       0.1   -0.1       T
  SINCE DEC 1      0.0                       0.1   -0.1      0.1
  SINCE JUL 1      0.0                       0.1   -0.1      0.1
  SNOW DEPTH       0

DEGREE DAYS
 HEATING
  YESTERDAY       16                         8      8       15
  MONTH TO DATE  388                       291     97      361
  SINCE DEC 1   1162                      1075     87     1377
  SINCE JUL 1   1438                      1282    156     1651

 COOLING
  YESTERDAY        0                         1     -1        0
  MONTH TO DATE    6                        13     -7       15
  SINCE DEC 1     23                        43    -20       40
  SINCE JAN 1      6                        23    -17       15
..................................................................


WIND (MPH)
  HIGHEST WIND SPEED    23   HIGHEST WIND DIRECTION    NE (50)
  HIGHEST GUST SPEED    28   HIGHEST GUST DIRECTION    NE (50)
  AVERAGE WIND SPEED    12.1


SKY COVER
  POSSIBLE SUNSHINE  MM
  AVERAGE SKY COVER 0.8


WEATHER CONDITIONS
 THE FOLLOWING WEATHER WAS RECORDED YESTERDAY.
  LIGHT RAIN


RELATIVE HUMIDITY (PERCENT)
 HIGHEST    75           200 AM
 LOWEST     50          1100 AM
 AVERAGE    63

..........................................................


THE LAKE CHARLES CLIMATE NORMALS FOR TODAY
                         NORMAL    RECORD    YEAR
 MAXIMUM TEMPERATURE (F)   68        81      2012
                                             2000
 MINIMUM TEMPERATURE (F)   48        26      1913


SUNRISE AND SUNSET
MARCH  1 2015.........SUNRISE   639 AM CST   SUNSET   612 PM CST
MARCH  2 2015.........SUNRISE   638 AM CST   SUNSET   612 PM CST


-  INDICATES NEGATIVE NUMBERS.
R  INDICATES RECORD WAS SET OR TIED.
MM INDICATES DATA IS MISSING.
T  INDICATES TRACE AMOUNT.




$$
