000
CDUS44 KLCH 242252
CLILCH


CLIMATE REPORT
NATIONAL WEATHER SERVICE LAKE CHARLES, LA
452 PM CST SAT JAN 24 2015


...................................

...THE LAKE CHARLES CLIMATE SUMMARY FOR JANUARY 24 2015...
VALID TODAY AS OF 0400 PM LOCAL TIME.

CLIMATE NORMAL PERIOD 1981 TO 2010
CLIMATE RECORD PERIOD 1895 TO 2015


WEATHER ITEM   OBSERVED TIME   RECORD YEAR NORMAL DEPARTURE LAST
                VALUE   (LST)  VALUE       VALUE  FROM      YEAR
                                                  NORMAL
..................................................................
TEMPERATURE (F)
 TODAY
  MAXIMUM         58    355 PM  84    1909  62     -4       31
  MINIMUM         35    729 AM  12    1948  43     -8       25
  AVERAGE         47                        52     -5       28

PRECIPITATION (IN)
  TODAY            0.00          4.42 1920   0.16  -0.16     0.14
  MONTH TO DATE    6.90                      4.15   2.75     2.20
  SINCE DEC 1      8.93                      8.83   0.10     4.25
  SINCE JAN 1      6.90                      4.15   2.75     2.20

SNOWFALL (IN)
  TODAY            0.0           T    2014   0.0    0.0       T
                                      1960
  MONTH TO DATE    0.0                       0.0    0.0       T
  SINCE DEC 1      0.0                       T      0.0       T
  SINCE JUL 1      0.0                       T      0.0       T
  SNOW DEPTH       0

DEGREE DAYS
 HEATING
  TODAY           18                        13      5       37
  MONTH TO DATE  429                       332     97      420
  SINCE DEC 1    712                       699     13      863
  SINCE JUL 1    988                       906     82     1137

 COOLING
  TODAY            0                         0      0        0
  MONTH TO DATE    0                         0      0        0
  SINCE DEC 1     17                        20     -3       25
  SINCE JAN 1      0                         0      0        0
..................................................................


WIND (MPH)
  HIGHEST WIND SPEED    15   HIGHEST WIND DIRECTION    SW (210)
  HIGHEST GUST SPEED    20   HIGHEST GUST DIRECTION    SW (210)
  AVERAGE WIND SPEED     6.2


SKY COVER
  POSSIBLE SUNSHINE  MM
  AVERAGE SKY COVER 0.0


WEATHER CONDITIONS
 THE FOLLOWING WEATHER WAS RECORDED TODAY.
  FOG


RELATIVE HUMIDITY (PERCENT)
 HIGHEST    92          1200 AM
 LOWEST     43           100 PM
 AVERAGE    68

..........................................................


THE LAKE CHARLES CLIMATE NORMALS FOR TOMORROW
                         NORMAL    RECORD    YEAR
 MAXIMUM TEMPERATURE (F)   62        85      1914
 MINIMUM TEMPERATURE (F)   43        22      1963
                                             1930


SUNRISE AND SUNSET
JANUARY 24 2015.......SUNRISE   707 AM CST   SUNSET   543 PM CST
JANUARY 25 2015.......SUNRISE   707 AM CST   SUNSET   544 PM CST


-  INDICATES NEGATIVE NUMBERS.
R  INDICATES RECORD WAS SET OR TIED.
MM INDICATES DATA IS MISSING.
T  INDICATES TRACE AMOUNT.




$$
