000
CDUS44 KLCH 231245
CLILCH


CLIMATE REPORT
NATIONAL WEATHER SERVICE LAKE CHARLES, LA
645 AM CST THU FEB 23 2017


...................................

...THE LAKE CHARLES CLIMATE SUMMARY FOR FEBRUARY 22 2017...

CLIMATE NORMAL PERIOD 1981 TO 2010
CLIMATE RECORD PERIOD 1895 TO 2017


WEATHER ITEM   OBSERVED TIME   RECORD YEAR NORMAL DEPARTURE LAST
                VALUE   (LST)  VALUE       VALUE  FROM      YEAR
                                                  NORMAL
..................................................................
TEMPERATURE (F)
 YESTERDAY
  MAXIMUM         75    306 PM  85    1913  66      9       71
  MINIMUM         56   1137 PM  23    1978  47      9       62
  AVERAGE         66                        56     10       67

PRECIPITATION (IN)
  YESTERDAY        T             1.89 1928   0.12  -0.12      T
  MONTH TO DATE    2.04                      2.78  -0.74     0.16
  SINCE DEC 1     19.00                     12.69   6.31     7.50
  SINCE JAN 1      6.95                      8.01  -1.06     4.26

SNOWFALL (IN)
  YESTERDAY        0.0           T    1963   0.0    0.0      0.0
  MONTH TO DATE    0.0                       0.1   -0.1      0.0
  SINCE DEC 1      T                         0.1   -0.1      0.0
  SINCE JUL 1      T                         0.1   -0.1      0.0
  SNOW DEPTH       0

DEGREE DAYS
 HEATING
  YESTERDAY        0                         9     -9        0
  MONTH TO DATE   78                       241   -163      178
  SINCE DEC 1    550                      1025   -475      809
  SINCE JUL 1    644                      1232   -588      885

 COOLING
  YESTERDAY        1                         0      1        2
  MONTH TO DATE   52                         0     52       12
  SINCE DEC 1    165                        30    135       72
  SINCE JAN 1    109                        10     99       15
..................................................................


WIND (MPH)
  HIGHEST WIND SPEED    14   HIGHEST WIND DIRECTION     N (20)
  HIGHEST GUST SPEED    19   HIGHEST GUST DIRECTION    NE (30)
  AVERAGE WIND SPEED     5.0


SKY COVER
  POSSIBLE SUNSHINE  MM
  AVERAGE SKY COVER 0.3


WEATHER CONDITIONS
 THE FOLLOWING WEATHER WAS RECORDED YESTERDAY.
  FOG


RELATIVE HUMIDITY (PERCENT)
 HIGHEST   100          1100 PM
 LOWEST     53           300 PM
 AVERAGE    77

..........................................................


THE LAKE CHARLES CLIMATE NORMALS FOR TODAY
                         NORMAL    RECORD    YEAR
 MAXIMUM TEMPERATURE (F)   66        83      1913
 MINIMUM TEMPERATURE (F)   47        22      1912


SUNRISE AND SUNSET
FEBRUARY 23 2017......SUNRISE   645 AM CST   SUNSET   608 PM CST
FEBRUARY 24 2017......SUNRISE   644 AM CST   SUNSET   609 PM CST


-  INDICATES NEGATIVE NUMBERS.
R  INDICATES RECORD WAS SET OR TIED.
MM INDICATES DATA IS MISSING.
T  INDICATES TRACE AMOUNT.




$$
