000
CDUS44 KLCH 222205
CLILCH


CLIMATE REPORT
NATIONAL WEATHER SERVICE LAKE CHARLES, LA
504 PM CDT MON MAY 22 2017


...................................

...THE LAKE CHARLES CLIMATE SUMMARY FOR MAY 22 2017...
VALID TODAY AS OF 0500 PM LOCAL TIME.

CLIMATE NORMAL PERIOD 1981 TO 2010
CLIMATE RECORD PERIOD 1895 TO 2017


WEATHER ITEM   OBSERVED TIME   RECORD YEAR NORMAL DEPARTURE LAST
                VALUE   (LST)  VALUE       VALUE  FROM      YEAR
                                                  NORMAL
..................................................................
TEMPERATURE (F)
 TODAY
  MAXIMUM         77    359 PM 100    1915  86     -9       84
  MINIMUM         71    752 AM  50    1901  68      3       69
  AVERAGE         74                        77     -3       77

PRECIPITATION (IN)
  TODAY            0.34          2.30 1907   0.19   0.15      T
  MONTH TO DATE    7.38                      3.50   3.88     8.91
  SINCE MAR 1     14.85                     10.49   4.36    22.24
  SINCE JAN 1     21.80                     19.18   2.62    27.41

SNOWFALL (IN)
  TODAY            0.0           0.0    MM   0.0    0.0      0.0
  MONTH TO DATE    0.0                       0.0    0.0      0.0
  SINCE MAR 1      0.0                       0.0    0.0      0.0
  SINCE JUL 1      T                         0.1   -0.1      0.0
  SNOW DEPTH       0

DEGREE DAYS
 HEATING
  TODAY            0                         0      0        0
  MONTH TO DATE    1                         0      1        0
  SINCE MAR 1     85                       207   -122       85
  SINCE JUL 1    743                      1489   -746     1034

 COOLING
  TODAY            9                        12     -3       12
  MONTH TO DATE  186                       212    -26      199
  SINCE MAR 1    470                       397     73      473
  SINCE JAN 1    601                       420    181      488
..................................................................


WIND (MPH)
  HIGHEST WIND SPEED    17   HIGHEST WIND DIRECTION     E (110)
  HIGHEST GUST SPEED    24   HIGHEST GUST DIRECTION    SE (120)
  AVERAGE WIND SPEED     9.6


SKY COVER
  POSSIBLE SUNSHINE  MM
  AVERAGE SKY COVER 0.7


WEATHER CONDITIONS
 THE FOLLOWING WEATHER WAS RECORDED TODAY.
  HEAVY RAIN
  RAIN
  LIGHT RAIN
  FOG


RELATIVE HUMIDITY (PERCENT)
 HIGHEST   100          1200 PM
 LOWEST     93           200 AM
 AVERAGE    97

..........................................................


THE LAKE CHARLES CLIMATE NORMALS FOR TOMORROW
                         NORMAL    RECORD    YEAR
 MAXIMUM TEMPERATURE (F)   86        95      1911
 MINIMUM TEMPERATURE (F)   68        51      2001


SUNRISE AND SUNSET
MAY 22 2017...........SUNRISE   615 AM CDT   SUNSET   804 PM CDT
MAY 23 2017...........SUNRISE   615 AM CDT   SUNSET   805 PM CDT


-  INDICATES NEGATIVE NUMBERS.
R  INDICATES RECORD WAS SET OR TIED.
MM INDICATES DATA IS MISSING.
T  INDICATES TRACE AMOUNT.




$$
