000
CDUS44 KLCH 231623
CLILCH


CLIMATE REPORT
NATIONAL WEATHER SERVICE LAKE CHARLES, LA
1123 AM CDT TUE SEP 23 2014


...................................

...THE LAKE CHARLES CLIMATE SUMMARY FOR SEPTEMBER 16 2014...

CLIMATE NORMAL PERIOD 1981 TO 2010
CLIMATE RECORD PERIOD 1895 TO 2014


WEATHER ITEM   OBSERVED TIME   RECORD YEAR NORMAL DEPARTURE LAST
                VALUE   (LST)  VALUE       VALUE  FROM      YEAR
                                                  NORMAL
..................................................................
TEMPERATURE (F)
 YESTERDAY
  MAXIMUM         89   1013 AM  99    2004  88      1       94
  MINIMUM         75    925 PM  53    1902  69      6       73
  AVERAGE         82                        79      3       84

PRECIPITATION (IN)
  YESTERDAY        1.22          3.94 1975   0.18   1.04     0.00
  MONTH TO DATE    4.12                      3.06   1.06     0.77
  SINCE SEP 1      4.12                      3.06   1.06     0.77
  SINCE JAN 1     56.19                     41.28  14.91    39.77

SNOWFALL (IN)
  YESTERDAY        0.0           0.0    MM   0.0    0.0      0.0
  MONTH TO DATE    0.0                       0.0    0.0      0.0
  SINCE SEP 1      0.0                       0.0    0.0      0.0
  SINCE JUL 1      0.0                       0.0    0.0      0.0
  SNOW DEPTH       0

DEGREE DAYS
 HEATING
  YESTERDAY        0                         0      0        0
  MONTH TO DATE    0                         0      0        0
  SINCE SEP 1      0                         0      0        0
  SINCE JUL 1      0                         0      0        0

 COOLING
  YESTERDAY       17                        14      3       19
  MONTH TO DATE  268                       247     21      301
  SINCE SEP 1    268                       247     21      301
  SINCE JAN 1   2278                      2376    -98     2506
..................................................................


WIND (MPH)
  HIGHEST WIND SPEED    22   HIGHEST WIND DIRECTION     E (110)
  HIGHEST GUST SPEED    25   HIGHEST GUST DIRECTION     E (110)
  AVERAGE WIND SPEED     3.7


SKY COVER
  POSSIBLE SUNSHINE  MM
  AVERAGE SKY COVER 0.2


WEATHER CONDITIONS
 THE FOLLOWING WEATHER WAS RECORDED YESTERDAY.
  THUNDERSTORM
  HEAVY RAIN
  RAIN
  LIGHT RAIN
  FOG


RELATIVE HUMIDITY (PERCENT)
 HIGHEST   100          1000 PM
 LOWEST     68          1000 AM
 AVERAGE    84

..........................................................


THE LAKE CHARLES CLIMATE NORMALS FOR TODAY
                         NORMAL    RECORD    YEAR
 MAXIMUM TEMPERATURE (F)   88       101      1927
 MINIMUM TEMPERATURE (F)   69        56      1961


SUNRISE AND SUNSET
SEPTEMBER 17 2014.....SUNRISE   658 AM CDT   SUNSET   716 PM CDT
SEPTEMBER 18 2014.....SUNRISE   659 AM CDT   SUNSET   714 PM CDT


-  INDICATES NEGATIVE NUMBERS.
R  INDICATES RECORD WAS SET OR TIED.
MM INDICATES DATA IS MISSING.
T  INDICATES TRACE AMOUNT.




$$
