000
CDUS44 KLCH 290806
CLILCH


CLIMATE REPORT
NATIONAL WEATHER SERVICE LAKE CHARLES, LA
305 AM CDT WED MAR 29 2017


...................................

...THE LAKE CHARLES CLIMATE SUMMARY FOR MARCH 28 2017...

CLIMATE NORMAL PERIOD 1981 TO 2010
CLIMATE RECORD PERIOD 1895 TO 2017


WEATHER ITEM   OBSERVED TIME   RECORD YEAR NORMAL DEPARTURE LAST
                VALUE   (LST)  VALUE       VALUE  FROM      YEAR
                                                  NORMAL
..................................................................
TEMPERATURE (F)
 YESTERDAY
  MAXIMUM         84   1152 AM  87    1910  74     10       77
  MINIMUM         68    622 AM  30    1913  54     14       57
  AVERAGE         76                        64     12       67

PRECIPITATION (IN)
  YESTERDAY        0.00          2.72 1992   0.12  -0.12     0.00
  MONTH TO DATE    1.50                      3.32  -1.82     2.88
  SINCE MAR 1      1.50                      3.32  -1.82     2.88
  SINCE JAN 1      8.45                     12.01  -3.56     8.05

SNOWFALL (IN)
  YESTERDAY        0.0           0.0    MM   0.0    0.0      0.0
  MONTH TO DATE    0.0                       0.0    0.0      0.0
  SINCE MAR 1      0.0                       0.0    0.0      0.0
  SINCE JUL 1      T                         0.1   -0.1      0.0
  SNOW DEPTH       0

DEGREE DAYS
 HEATING
  YESTERDAY        0                         3     -3        0
  MONTH TO DATE   77                       153    -76       68
  SINCE MAR 1     77                       153    -76       68
  SINCE JUL 1    735                      1435   -700     1017

 COOLING
  YESTERDAY       11                         2      9        2
  MONTH TO DATE   95                        43     52       90
  SINCE MAR 1     95                        43     52       90
  SINCE JAN 1    226                        66    160      105
..................................................................


WIND (MPH)
  HIGHEST WIND SPEED    24   HIGHEST WIND DIRECTION    SE (150)
  HIGHEST GUST SPEED    30   HIGHEST GUST DIRECTION    SE (150)
  AVERAGE WIND SPEED    12.3


SKY COVER
  POSSIBLE SUNSHINE  MM
  AVERAGE SKY COVER 0.6


WEATHER CONDITIONS
 THE FOLLOWING WEATHER WAS RECORDED YESTERDAY.
  FOG
  HAZE


RELATIVE HUMIDITY (PERCENT)
 HIGHEST   100           600 AM
 LOWEST     51           400 PM
 AVERAGE    76

..........................................................


THE LAKE CHARLES CLIMATE NORMALS FOR TODAY
                         NORMAL    RECORD    YEAR
 MAXIMUM TEMPERATURE (F)   74        89      1909
 MINIMUM TEMPERATURE (F)   54        34      1930


SUNRISE AND SUNSET
MARCH 29 2017.........SUNRISE   705 AM CDT   SUNSET   730 PM CDT
MARCH 30 2017.........SUNRISE   704 AM CDT   SUNSET   731 PM CDT


-  INDICATES NEGATIVE NUMBERS.
R  INDICATES RECORD WAS SET OR TIED.
MM INDICATES DATA IS MISSING.
T  INDICATES TRACE AMOUNT.




$$
