000
CDUS44 KLCH 232211
CLILCH


CLIMATE REPORT
NATIONAL WEATHER SERVICE LAKE CHARLES, LA
511 PM CDT MON OCT 23 2017


...................................

...THE LAKE CHARLES CLIMATE SUMMARY FOR OCTOBER 23 2017...
VALID TODAY AS OF 0500 PM LOCAL TIME.

CLIMATE NORMAL PERIOD 1981 TO 2010
CLIMATE RECORD PERIOD 1895 TO 2017


WEATHER ITEM   OBSERVED TIME   RECORD YEAR NORMAL DEPARTURE LAST
                VALUE   (LST)  VALUE       VALUE  FROM      YEAR
                                                  NORMAL
..................................................................
TEMPERATURE (F)
 TODAY
  MAXIMUM         78    359 PM  96    1939  79     -1       78
  MINIMUM         52    616 AM  36    1911  57     -5       47
  AVERAGE         65                        68     -3       63

PRECIPITATION (IN)
  TODAY            0.00          2.00 1918   0.17  -0.17     0.00
  MONTH TO DATE    3.54                      3.52   0.02     0.25
  SINCE SEP 1      4.17                      8.78  -4.61     3.69
  SINCE JAN 1     67.93                     47.00  20.93    59.60

SNOWFALL (IN)
  TODAY            0.0           0.0    MM   0.0    0.0      0.0
  MONTH TO DATE    0.0                       0.0    0.0      0.0
  SINCE SEP 1      0.0                       0.0    0.0      0.0
  SINCE JUL 1      0.0                       0.0    0.0      0.0
  SNOW DEPTH       0

DEGREE DAYS
 HEATING
  TODAY            0                         2     -2        2
  MONTH TO DATE    0                        16    -16        6
  SINCE SEP 1      0                        17    -17        6
  SINCE JUL 1      0                        17    -17        6

 COOLING
  TODAY            0                         5     -5        0
  MONTH TO DATE  270                       161    109      226
  SINCE SEP 1    719                       572    147      738
  SINCE JAN 1   3045                      2701    344     3065
..................................................................


WIND (MPH)
  HIGHEST WIND SPEED    16   HIGHEST WIND DIRECTION     N (10)
  HIGHEST GUST SPEED    19   HIGHEST GUST DIRECTION     N (20)
  AVERAGE WIND SPEED     8.3


SKY COVER
  POSSIBLE SUNSHINE  MM
  AVERAGE SKY COVER 0.0


WEATHER CONDITIONS
 THE FOLLOWING WEATHER WAS RECORDED TODAY.
  NO SIGNIFICANT WEATHER WAS OBSERVED.


RELATIVE HUMIDITY (PERCENT)
 HIGHEST    93          1200 AM
 LOWEST     28           300 PM
 AVERAGE    61

..........................................................


THE LAKE CHARLES CLIMATE NORMALS FOR TOMORROW
                         NORMAL    RECORD    YEAR
 MAXIMUM TEMPERATURE (F)   79        91      1919
 MINIMUM TEMPERATURE (F)   57        38      1911
                                             1908


SUNRISE AND SUNSET
OCTOBER 23 2017.......SUNRISE   720 AM CDT   SUNSET   633 PM CDT
OCTOBER 24 2017.......SUNRISE   721 AM CDT   SUNSET   632 PM CDT


-  INDICATES NEGATIVE NUMBERS.
R  INDICATES RECORD WAS SET OR TIED.
MM INDICATES DATA IS MISSING.
T  INDICATES TRACE AMOUNT.




$$
