000
CDUS43 KLMK 280634
CLILEX


CLIMATE REPORT
NATIONAL WEATHER SERVICE LOUISVILLE KY
233 AM EDT THU MAY 28 2015


...................................

...THE LEXINGTON KY CLIMATE SUMMARY FOR MAY 27 2015...

CLIMATE NORMAL PERIOD 1981 TO 2010
CLIMATE RECORD PERIOD 1872 TO 2015


WEATHER ITEM   OBSERVED TIME   RECORD YEAR NORMAL DEPARTURE LAST
                VALUE   (LST)  VALUE       VALUE  FROM      YEAR
                                                  NORMAL
..................................................................
TEMPERATURE (F)
 YESTERDAY
  MAXIMUM         82    248 PM  93    1911  78      4       88
  MINIMUM         62   1159 PM  35    1961  57      5       68
  AVERAGE         72                        67      5       78

PRECIPITATION (IN)
  YESTERDAY        0.37          2.03 1917   0.18   0.19     0.16
  MONTH TO DATE    1.79                      4.55  -2.76     5.26
  SINCE MAR 1     20.66                     12.22   8.44    14.14
  SINCE JAN 1     25.51                     18.62   6.89    21.18

SNOWFALL (IN)
  YESTERDAY        0.0          MM      MM   0.0    0.0      0.0
  MONTH TO DATE    0.0                       0.0    0.0      0.0
  SINCE MAR 1     17.1                       1.7   15.4      7.8
  SINCE JUL 1     40.0                      13.0   27.0     27.1
  SNOW DEPTH       0

DEGREE DAYS
 HEATING
  YESTERDAY        0                         2     -2        0
  MONTH TO DATE   59                       105    -46       90
  SINCE MAR 1    968                      1023    -55     1012
  SINCE JUL 1   4946                      4594    352     4855

 COOLING
  YESTERDAY        7                         4      3       13
  MONTH TO DATE  124                        65     59      109
  SINCE MAR 1    136                        87     49      124
  SINCE JAN 1    136                        87     49      124
..................................................................


WIND (MPH)
  HIGHEST WIND SPEED    29   HIGHEST WIND DIRECTION     W (270)
  HIGHEST GUST SPEED    38   HIGHEST GUST DIRECTION     W (280)
  AVERAGE WIND SPEED     8.8


SKY COVER
  POSSIBLE SUNSHINE  MM
  AVERAGE SKY COVER 0.6


WEATHER CONDITIONS
 THE FOLLOWING WEATHER WAS RECORDED YESTERDAY.
  THUNDERSTORM
  HEAVY RAIN
  RAIN
  LIGHT RAIN
  FOG


RELATIVE HUMIDITY (PERCENT)
 HIGHEST   100           100 AM
 LOWEST     58           100 PM
 AVERAGE    79

..........................................................


THE LEXINGTON KY CLIMATE NORMALS FOR TODAY
                         NORMAL    RECORD    YEAR
 MAXIMUM TEMPERATURE (F)   78        93      1941
                                             1911
 MINIMUM TEMPERATURE (F)   57        39      1907


SUNRISE AND SUNSET
MAY 28 2015...........SUNRISE   619 AM EDT   SUNSET   852 PM EDT
MAY 29 2015...........SUNRISE   619 AM EDT   SUNSET   853 PM EDT


-  INDICATES NEGATIVE NUMBERS.
R  INDICATES RECORD WAS SET OR TIED.
MM INDICATES DATA IS MISSING.
T  INDICATES TRACE AMOUNT.




$$
