000
CDUS43 KLMK 272131
CLILEX


CLIMATE REPORT
NATIONAL WEATHER SERVICE LOUISVILLE KY
430 PM EST FRI FEB 27 2015


...................................

...THE LEXINGTON KY CLIMATE SUMMARY FOR FEBRUARY 27 2015...
VALID TODAY AS OF 0400 PM LOCAL TIME.

CLIMATE NORMAL PERIOD 1981 TO 2010
CLIMATE RECORD PERIOD 1872 TO 2015


WEATHER ITEM   OBSERVED TIME   RECORD YEAR NORMAL DEPARTURE LAST
                VALUE   (LST)  VALUE       VALUE  FROM      YEAR
                                                  NORMAL
..................................................................
TEMPERATURE (F)
 TODAY
  MAXIMUM         23    359 PM  73    1996  49    -26       35
  MINIMUM          7    812 AM  -3    1934  31    -24       16
  AVERAGE         15                        40    -25       26

PRECIPITATION (IN)
  TODAY            T             2.90 1962   0.12  -0.12     0.00
  MONTH TO DATE    3.00                      3.09  -0.09     4.73
  SINCE DEC 1      8.15                     10.22  -2.07    12.62
  SINCE JAN 1      4.85                      6.29  -1.44     7.04

SNOWFALL (IN)
  TODAY            T             7.0  1906   0.1   -0.1      0.0
  MONTH TO DATE   15.4                       4.5   10.9      8.7
  SINCE DEC 1     21.3                      10.9   10.4     17.9
  SINCE JUL 1     22.9                      11.2   11.7     19.3
  SNOW DEPTH       3

DEGREE DAYS
 HEATING
  TODAY           50                        25     25       39
  MONTH TO DATE 1076                       763    313      873
  SINCE DEC 1   2931                      2659    272     2880
  SINCE JUL 1   3938                      3546    392     3807

 COOLING
  TODAY            0                         0      0        0
  MONTH TO DATE    0                         0      0        0
  SINCE DEC 1      0                         0      0        0
  SINCE JAN 1      0                         0      0        0
..................................................................


WIND (MPH)
  HIGHEST WIND SPEED    13   HIGHEST WIND DIRECTION     N (360)
  HIGHEST GUST SPEED    16   HIGHEST GUST DIRECTION     N (360)
  AVERAGE WIND SPEED     5.3


SKY COVER
  POSSIBLE SUNSHINE  MM
  AVERAGE SKY COVER 0.2


WEATHER CONDITIONS
 THE FOLLOWING WEATHER WAS RECORDED TODAY.
  FOG


RELATIVE HUMIDITY (PERCENT)
 HIGHEST    88           800 AM
 LOWEST     44           400 PM
 AVERAGE    66

..........................................................


THE LEXINGTON KY CLIMATE NORMALS FOR TOMORROW
                         NORMAL    RECORD    YEAR
 MAXIMUM TEMPERATURE (F)   50        75      1918
 MINIMUM TEMPERATURE (F)   31         4      1888


SUNRISE AND SUNSET
FEBRUARY 27 2015......SUNRISE   713 AM EST   SUNSET   630 PM EST
FEBRUARY 28 2015......SUNRISE   712 AM EST   SUNSET   631 PM EST


-  INDICATES NEGATIVE NUMBERS.
R  INDICATES RECORD WAS SET OR TIED.
MM INDICATES DATA IS MISSING.
T  INDICATES TRACE AMOUNT.




$$
