000
CDUS43 KLMK 230627
CLILEX


CLIMATE REPORT
NATIONAL WEATHER SERVICE LOUISVILLE KY
226 AM EDT THU MAR 23 2017


...................................

...THE LEXINGTON KY CLIMATE SUMMARY FOR MARCH 22 2017...

CLIMATE NORMAL PERIOD 1981 TO 2010
CLIMATE RECORD PERIOD 1872 TO 2017


WEATHER ITEM   OBSERVED TIME   RECORD YEAR NORMAL DEPARTURE LAST
                VALUE   (LST)  VALUE       VALUE  FROM      YEAR
                                                  NORMAL
..................................................................
TEMPERATURE (F)
 YESTERDAY
  MAXIMUM         47    407 PM  82    1907  58    -11       66
  MINIMUM         30   1159 PM  12    1876  37     -7       35
  AVERAGE         39                        47     -8       51

PRECIPITATION (IN)
  YESTERDAY        0.00          2.81 1952   0.13  -0.13     0.00
  MONTH TO DATE    1.45                      2.86  -1.41     2.07
  SINCE MAR 1      1.45                      2.86  -1.41     2.07
  SINCE JAN 1      9.55                      9.26   0.29     7.77

SNOWFALL (IN)
  YESTERDAY        0.0           7.4  1968   0.0    0.0      0.0
  MONTH TO DATE    T                         1.1   -1.1      0.7
  SINCE MAR 1      T                         1.1   -1.1      0.7
  SINCE JUL 1      3.4                      12.4   -9.0     15.3
  SNOW DEPTH       0

DEGREE DAYS
 HEATING
  YESTERDAY       26                        18      8       14
  MONTH TO DATE  481                       461     20      302
  SINCE MAR 1    481                       461     20      302
  SINCE JUL 1   3191                      4032   -841     3273

 COOLING
  YESTERDAY        0                         0      0        0
  MONTH TO DATE    0                         0      0        1
  SINCE MAR 1      0                         0      0        1
  SINCE JAN 1      4                         0      4        1
..................................................................


WIND (MPH)
  HIGHEST WIND SPEED    22   HIGHEST WIND DIRECTION    NE (30)
  HIGHEST GUST SPEED    28   HIGHEST GUST DIRECTION    NE (40)
  AVERAGE WIND SPEED    13.6


SKY COVER
  POSSIBLE SUNSHINE  MM
  AVERAGE SKY COVER 0.0


WEATHER CONDITIONS
 THE FOLLOWING WEATHER WAS RECORDED YESTERDAY.
  NO SIGNIFICANT WEATHER WAS OBSERVED.


RELATIVE HUMIDITY (PERCENT)
 HIGHEST    64           500 AM
 LOWEST     28           100 PM
 AVERAGE    46

..........................................................


THE LEXINGTON KY CLIMATE NORMALS FOR TODAY
                         NORMAL    RECORD    YEAR
 MAXIMUM TEMPERATURE (F)   58        82      1907
 MINIMUM TEMPERATURE (F)   38        15      1888


SUNRISE AND SUNSET
MARCH 23 2017.........SUNRISE   737 AM EDT   SUNSET   753 PM EDT
MARCH 24 2017.........SUNRISE   735 AM EDT   SUNSET   754 PM EDT


-  INDICATES NEGATIVE NUMBERS.
R  INDICATES RECORD WAS SET OR TIED.
MM INDICATES DATA IS MISSING.
T  INDICATES TRACE AMOUNT.




$$
