000
CDUS43 KLMK 010628
CLILEX


CLIMATE REPORT
NATIONAL WEATHER SERVICE LOUISVILLE KY
227 AM EDT WED JUL 1 2015


...................................

...THE LEXINGTON KY CLIMATE SUMMARY FOR JUNE 30 2015...

CLIMATE NORMAL PERIOD 1981 TO 2010
CLIMATE RECORD PERIOD 1872 TO 2015


WEATHER ITEM   OBSERVED TIME   RECORD YEAR NORMAL DEPARTURE LAST
                VALUE   (LST)  VALUE       VALUE  FROM      YEAR
                                                  NORMAL
..................................................................
TEMPERATURE (F)
 YESTERDAY
  MAXIMUM         83    359 PM 103    2012  86     -3       87
  MINIMUM         64   1159 PM  50    1943  66     -2       70
  AVERAGE         74                        76     -2       79

PRECIPITATION (IN)
  YESTERDAY        0.19          1.47 1945   0.14   0.05     0.01
  MONTH TO DATE    5.64                      4.44   1.20     5.59
  SINCE JUN 1      5.64                      4.44   1.20     5.59
  SINCE JAN 1     31.43                     23.77   7.66    26.94

SNOWFALL (IN)
  YESTERDAY        0.0          MM      MM   0.0    0.0      0.0
  MONTH TO DATE    0.0                       0.0    0.0      0.0
  SINCE JUN 1      0.0                       0.0    0.0      0.0
  SINCE JUL 1     40.0                      13.0   27.0     27.1
  SNOW DEPTH       0

DEGREE DAYS
 HEATING
  YESTERDAY        0                         0      0        0
  MONTH TO DATE   18                         8     10        0
  SINCE JUN 1     18                        11      7        0
  SINCE JUL 1   4964                      4611    353     4855

 COOLING
  YESTERDAY        9                        11     -2       14
  MONTH TO DATE  289                       242     47      305
  SINCE JUN 1    289                       242     47      305
  SINCE JAN 1    457                       349    108      466
..................................................................


WIND (MPH)
  HIGHEST WIND SPEED    20   HIGHEST WIND DIRECTION     N (20)
  HIGHEST GUST SPEED    26   HIGHEST GUST DIRECTION    NE (30)
  AVERAGE WIND SPEED     8.9


SKY COVER
  POSSIBLE SUNSHINE  MM
  AVERAGE SKY COVER 0.3


WEATHER CONDITIONS
 THE FOLLOWING WEATHER WAS RECORDED YESTERDAY.
  THUNDERSTORM
  HEAVY RAIN
  RAIN
  LIGHT RAIN
  FOG
  HAZE


RELATIVE HUMIDITY (PERCENT)
 HIGHEST   100           300 AM
 LOWEST     51           400 PM
 AVERAGE    76

..........................................................


THE LEXINGTON KY CLIMATE NORMALS FOR TODAY
                         NORMAL    RECORD    YEAR
 MAXIMUM TEMPERATURE (F)   86       103      2012
 MINIMUM TEMPERATURE (F)   66        48      1937


SUNRISE AND SUNSET
JULY  1 2015..........SUNRISE   619 AM EDT   SUNSET   905 PM EDT
JULY  2 2015..........SUNRISE   620 AM EDT   SUNSET   905 PM EDT


-  INDICATES NEGATIVE NUMBERS.
R  INDICATES RECORD WAS SET OR TIED.
MM INDICATES DATA IS MISSING.
T  INDICATES TRACE AMOUNT.

$$

SCHOETTMER
