000
CDUS43 KLMK 300627
CLILEX


CLIMATE REPORT
NATIONAL WEATHER SERVICE LOUISVILLE KY
227 AM EDT MON MAY 30 2016


...................................

...THE LEXINGTON KY CLIMATE SUMMARY FOR MAY 29 2016...

CLIMATE NORMAL PERIOD 1981 TO 2010
CLIMATE RECORD PERIOD 1872 TO 2016


WEATHER ITEM   OBSERVED TIME   RECORD YEAR NORMAL DEPARTURE LAST
                VALUE   (LST)  VALUE       VALUE  FROM      YEAR
                                                  NORMAL
..................................................................
TEMPERATURE (F)
 YESTERDAY
  MAXIMUM         86    358 PM  94    1941  78      8       82
  MINIMUM         67    543 AM  41    1964  58      9       65
  AVERAGE         77                        68      9       74

PRECIPITATION (IN)
  YESTERDAY        T             1.51 1992   0.18  -0.18     0.20
  MONTH TO DATE    6.49                      4.90   1.59     2.07
  SINCE MAR 1     12.59                     12.57   0.02    20.94
  SINCE JAN 1     18.29                     18.97  -0.68    25.79

SNOWFALL (IN)
  YESTERDAY        0.0          MM      MM   0.0    0.0      0.0
  MONTH TO DATE    0.0                       0.0    0.0      0.0
  SINCE MAR 1      0.7                       1.7   -1.0     17.1
  SINCE JUL 1     15.3                      13.0    2.3     40.0
  SNOW DEPTH       0

DEGREE DAYS
 HEATING
  YESTERDAY        0                         2     -2        0
  MONTH TO DATE  137                       109     28       59
  SINCE MAR 1    793                      1027   -234      968
  SINCE JUL 1   3764                      4598   -834     4946

 COOLING
  YESTERDAY       12                         4      8        9
  MONTH TO DATE   68                        73     -5      138
  SINCE MAR 1     96                        95      1      150
  SINCE JAN 1     96                        95      1      150
..................................................................


WIND (MPH)
  HIGHEST WIND SPEED    12   HIGHEST WIND DIRECTION    SW (210)
  HIGHEST GUST SPEED    13   HIGHEST GUST DIRECTION    SW (230)
  AVERAGE WIND SPEED     5.3


SKY COVER
  POSSIBLE SUNSHINE  MM
  AVERAGE SKY COVER 0.4


WEATHER CONDITIONS
 THE FOLLOWING WEATHER WAS RECORDED YESTERDAY.
  LIGHT RAIN


RELATIVE HUMIDITY (PERCENT)
 HIGHEST    87           200 AM
 LOWEST     48           400 PM
 AVERAGE    68

..........................................................


THE LEXINGTON KY CLIMATE NORMALS FOR TODAY
                         NORMAL    RECORD    YEAR
 MAXIMUM TEMPERATURE (F)   78        92      1953
                                             1944
                                             1937
 MINIMUM TEMPERATURE (F)   58        38      1947


SUNRISE AND SUNSET
MAY 30 2016...........SUNRISE   618 AM EDT   SUNSET   854 PM EDT
MAY 31 2016...........SUNRISE   618 AM EDT   SUNSET   855 PM EDT


-  INDICATES NEGATIVE NUMBERS.
R  INDICATES RECORD WAS SET OR TIED.
MM INDICATES DATA IS MISSING.
T  INDICATES TRACE AMOUNT.




$$
