000
CDUS43 KLMK 250632
CLILEX


CLIMATE REPORT
NATIONAL WEATHER SERVICE LOUISVILLE KY
132 AM EST SAT FEB 25 2017


...................................

...THE LEXINGTON KY CLIMATE SUMMARY FOR FEBRUARY 24 2017...

CLIMATE NORMAL PERIOD 1981 TO 2010
CLIMATE RECORD PERIOD 1872 TO 2017


WEATHER ITEM   OBSERVED TIME   RECORD YEAR NORMAL DEPARTURE LAST
                VALUE   (LST)  VALUE       VALUE  FROM      YEAR
                                                  NORMAL
..................................................................
TEMPERATURE (F)
 YESTERDAY
  MAXIMUM         79R   450 PM  71    1944  48     31       61
  MINIMUM         58    729 AM   1    1967  30     28       34
  AVERAGE         69                        39     30       48

PRECIPITATION (IN)
  YESTERDAY        0.42          1.77 2011   0.12   0.30     0.65
  MONTH TO DATE    2.03                      2.73  -0.70     4.35
  SINCE DEC 1     12.92                      9.86   3.06    12.80
  SINCE JAN 1      6.74                      5.93   0.81     5.59

SNOWFALL (IN)
  YESTERDAY        0.0           1.8  1913   0.1   -0.1       T
  MONTH TO DATE    T                         4.2   -4.2      5.0
  SINCE DEC 1      3.4                      10.6   -7.2     14.6
  SINCE JUL 1      3.4                      10.9   -7.5     14.6
  SNOW DEPTH       0

DEGREE DAYS
 HEATING
  YESTERDAY        0                        26    -26       17
  MONTH TO DATE  433                       688   -255      659
  SINCE DEC 1   2051                      2584   -533     2177
  SINCE JUL 1   2637                      3471   -834     2863

 COOLING
  YESTERDAY        4                         0      4        0
  MONTH TO DATE    4                         0      4        0
  SINCE DEC 1      4                         0      4        0
  SINCE JAN 1      4                         0      4        0
..................................................................


WIND (MPH)
  HIGHEST WIND SPEED    32   HIGHEST WIND DIRECTION     S (200)
  HIGHEST GUST SPEED    40   HIGHEST GUST DIRECTION     S (200)
  AVERAGE WIND SPEED    14.4


SKY COVER
  POSSIBLE SUNSHINE  MM
  AVERAGE SKY COVER 0.2


WEATHER CONDITIONS
 THE FOLLOWING WEATHER WAS RECORDED YESTERDAY.
  THUNDERSTORM
  HEAVY RAIN
  RAIN
  LIGHT RAIN
  FOG


RELATIVE HUMIDITY (PERCENT)
 HIGHEST    84          1100 PM
 LOWEST     35           300 PM
 AVERAGE    60

..........................................................


THE LEXINGTON KY CLIMATE NORMALS FOR TODAY
                         NORMAL    RECORD    YEAR
 MAXIMUM TEMPERATURE (F)   49        74      2000
 MINIMUM TEMPERATURE (F)   31        -4      1900


SUNRISE AND SUNSET
FEBRUARY 25 2017......SUNRISE   715 AM EST   SUNSET   628 PM EST
FEBRUARY 26 2017......SUNRISE   714 AM EST   SUNSET   629 PM EST


-  INDICATES NEGATIVE NUMBERS.
R  INDICATES RECORD WAS SET OR TIED.
MM INDICATES DATA IS MISSING.
T  INDICATES TRACE AMOUNT.




$$
