000
CDUS43 KLMK 170632
CLILEX


CLIMATE REPORT
NATIONAL WEATHER SERVICE LOUISVILLE KY
231 AM EDT TUE OCT 17 2017


...................................

...THE LEXINGTON KY CLIMATE SUMMARY FOR OCTOBER 16 2017...

CLIMATE NORMAL PERIOD 1981 TO 2010
CLIMATE RECORD PERIOD 1872 TO 2017


WEATHER ITEM   OBSERVED TIME   RECORD YEAR NORMAL DEPARTURE LAST
                VALUE   (LST)  VALUE       VALUE  FROM      YEAR
                                                  NORMAL
..................................................................
TEMPERATURE (F)
 YESTERDAY
  MAXIMUM         63    356 PM  87    1897  68     -5       82
  MINIMUM         43   1159 PM  32    1945  46     -3       60
  AVERAGE         53                        57     -4       71

PRECIPITATION (IN)
  YESTERDAY        0.00          2.66 1925   0.10  -0.10     0.00
  MONTH TO DATE    4.07                      1.56   2.51     0.14
  SINCE SEP 1      7.81                      4.47   3.34     1.81
  SINCE JAN 1     42.75                     36.14   6.61    36.18

SNOWFALL (IN)
  YESTERDAY        0.0           0.0    MM   0.0    0.0      0.0
  MONTH TO DATE    0.0                       0.0    0.0      0.0
  SINCE SEP 1      0.0                       0.0    0.0      0.0
  SINCE JUL 1      0.0                       0.0    0.0      0.0
  SNOW DEPTH       0

DEGREE DAYS
 HEATING
  YESTERDAY       12                         9      3        0
  MONTH TO DATE   22                       108    -86       36
  SINCE SEP 1     57                       160   -103       53
  SINCE JUL 1     57                       162   -105       53

 COOLING
  YESTERDAY        0                         1     -1        6
  MONTH TO DATE   57                        20     37       38
  SINCE SEP 1    201                       166     35      309
  SINCE JAN 1   1282                      1183     99     1585
..................................................................


WIND (MPH)
  HIGHEST WIND SPEED    14   HIGHEST WIND DIRECTION     N (20)
  HIGHEST GUST SPEED    19   HIGHEST GUST DIRECTION    NW (320)
  AVERAGE WIND SPEED     4.9


SKY COVER
  POSSIBLE SUNSHINE  MM
  AVERAGE SKY COVER 0.4


WEATHER CONDITIONS
 THE FOLLOWING WEATHER WAS RECORDED YESTERDAY.
  HAZE


RELATIVE HUMIDITY (PERCENT)
 HIGHEST    89           700 AM
 LOWEST     43           300 PM
 AVERAGE    66

..........................................................


THE LEXINGTON KY CLIMATE NORMALS FOR TODAY
                         NORMAL    RECORD    YEAR
 MAXIMUM TEMPERATURE (F)   67        87      1938
 MINIMUM TEMPERATURE (F)   46        29      1970
                                             1948


SUNRISE AND SUNSET
OCTOBER 17 2017.......SUNRISE   749 AM EDT   SUNSET   658 PM EDT
OCTOBER 18 2017.......SUNRISE   750 AM EDT   SUNSET   656 PM EDT


-  INDICATES NEGATIVE NUMBERS.
R  INDICATES RECORD WAS SET OR TIED.
MM INDICATES DATA IS MISSING.
T  INDICATES TRACE AMOUNT.




$$
