000
CDUS44 KSHV 180833
CLILFK


CLIMATE REPORT
NATIONAL WEATHER SERVICE SHREVEPORT, LA
232 AM CST THU JAN 18 2018


...................................

...THE LUFKIN CLIMATE SUMMARY FOR JANUARY 17 2018...

CLIMATE NORMAL PERIOD 1981 TO 2010
CLIMATE RECORD PERIOD 1906 TO 2018


WEATHER ITEM   OBSERVED TIME   RECORD YEAR NORMAL DEPARTURE LAST
                VALUE   (LST)  VALUE       VALUE  FROM      YEAR
                                                  NORMAL
..................................................................
TEMPERATURE (F)
 YESTERDAY
  MAXIMUM         36    320 PM  81    1952  60    -24       62
  MINIMUM         13R   730 AM  18    1965  38    -25       52
  AVERAGE         25                        49    -24       57

PRECIPITATION (IN)
  YESTERDAY        0.00          2.06 2004   0.14  -0.14     0.51
  MONTH TO DATE    1.22                      2.22  -1.00     2.51
  SINCE DEC 1      4.83                      6.66  -1.83     7.42
  SINCE JAN 1      1.22                      2.22  -1.00     2.51

SNOWFALL (IN)
  YESTERDAY        0.0
  MONTH TO DATE    0.1
  SINCE DEC 1      1.1
  SINCE JUL 1      1.1
  SNOW DEPTH       0

DEGREE DAYS
 HEATING
  YESTERDAY       40                        16     24        8
  MONTH TO DATE  425                       284    141      179
  SINCE DEC 1    913                       755    158      551
  SINCE JUL 1   1164                      1062    102      699

 COOLING
  YESTERDAY        0                         0      0        0
  MONTH TO DATE    0                         0      0       25
  SINCE DEC 1      8                        13     -5       56
  SINCE JAN 1      0                         0      0       25
..................................................................


WIND (MPH)
  HIGHEST WIND SPEED    13   HIGHEST WIND DIRECTION     N (10)
  HIGHEST GUST SPEED    18   HIGHEST GUST DIRECTION     N (20)
  AVERAGE WIND SPEED     4.5


SKY COVER
  POSSIBLE SUNSHINE  MM
  AVERAGE SKY COVER 0.0


WEATHER CONDITIONS
 THE FOLLOWING WEATHER WAS RECORDED YESTERDAY.
  NO SIGNIFICANT WEATHER WAS OBSERVED.


RELATIVE HUMIDITY (PERCENT)
 HIGHEST    80           800 AM
 LOWEST     32           300 PM
 AVERAGE    56

..........................................................


THE LUFKIN CLIMATE NORMALS FOR TODAY
                         NORMAL    RECORD    YEAR
 MAXIMUM TEMPERATURE (F)   60        82      1938
 MINIMUM TEMPERATURE (F)   38        -2      1930


SUNRISE AND SUNSET
JANUARY 18 2018.......SUNRISE   717 AM CST   SUNSET   542 PM CST
JANUARY 19 2018.......SUNRISE   717 AM CST   SUNSET   543 PM CST


-  INDICATES NEGATIVE NUMBERS.
R  INDICATES RECORD WAS SET OR TIED.
MM INDICATES DATA IS MISSING.
T  INDICATES TRACE AMOUNT.




$$
