000
CDUS44 KSHV 220740
CLILFK


CLIMATE REPORT
NATIONAL WEATHER SERVICE SHREVEPORT, LA
237 AM CDT MON SEP 22 2014


...................................

...THE LUFKIN CLIMATE SUMMARY FOR SEPTEMBER 21 2014...

CLIMATE NORMAL PERIOD 1981 TO 2010
CLIMATE RECORD PERIOD 1906 TO 2014


WEATHER ITEM   OBSERVED TIME   RECORD YEAR NORMAL DEPARTURE LAST
                VALUE   (LST)  VALUE       VALUE  FROM      YEAR
                                                  NORMAL
..................................................................
TEMPERATURE (F)
 YESTERDAY
  MAXIMUM         94    414 PM 104    2005  87      7       84
  MINIMUM         68    616 AM  45    1913  64      4       67
  AVERAGE         81                        76      5       76

PRECIPITATION (IN)
  YESTERDAY        0.00          3.39 1995   0.12  -0.12     0.01
  MONTH TO DATE    3.08                      2.93   0.15     3.68
  SINCE DEC 1     37.21                     37.96  -0.75    33.89
  SINCE JAN 1     35.00                     33.52   1.48    29.58

SNOWFALL (IN)
  YESTERDAY        0.0
  MONTH TO DATE    0.0
  SINCE SEP 1      0.0
  SINCE JUL 1      0.0
  SNOW DEPTH       0

DEGREE DAYS
 HEATING
  YESTERDAY        0                         0      0        0
  MONTH TO DATE    0                         0      0        0
  SINCE SEP 1      0                         0      0        0
  SINCE JUL 1      0                         0      0        0

 COOLING
  YESTERDAY       16                        11      5       11
  MONTH TO DATE  379                       289     90      363
  SINCE SEP 1    379                       289     90      363
  SINCE JAN 1   2613                      2312    301     2530
..................................................................


WIND (MPH)
  HIGHEST WIND SPEED     9   HIGHEST WIND DIRECTION     E (80)
  HIGHEST GUST SPEED    12   HIGHEST GUST DIRECTION     E (90)
  AVERAGE WIND SPEED     1.2


SKY COVER
  POSSIBLE SUNSHINE  MM
  AVERAGE SKY COVER 0.1


WEATHER CONDITIONS
 THE FOLLOWING WEATHER WAS RECORDED YESTERDAY.
  FOG
  HAZE


RELATIVE HUMIDITY (PERCENT)
 HIGHEST    90          1200 AM
 LOWEST     41           200 PM
 AVERAGE    66

..........................................................


THE LUFKIN CLIMATE NORMALS FOR TODAY
                         NORMAL    RECORD    YEAR
 MAXIMUM TEMPERATURE (F)   87       103      2005
 MINIMUM TEMPERATURE (F)   64        44      1983


SUNRISE AND SUNSET
SEPTEMBER 22 2014.....SUNRISE   707 AM CDT   SUNSET   716 PM CDT
SEPTEMBER 23 2014.....SUNRISE   708 AM CDT   SUNSET   714 PM CDT


-  INDICATES NEGATIVE NUMBERS.
R  INDICATES RECORD WAS SET OR TIED.
MM INDICATES DATA IS MISSING.
T  INDICATES TRACE AMOUNT.




$$
