000
CDUS44 KSHV 250818
CLILFK


CLIMATE REPORT
NATIONAL WEATHER SERVICE SHREVEPORT, LA
305 AM CDT TUE JUL 25 2017


...................................

...THE LUFKIN CLIMATE SUMMARY FOR JULY 24 2017...

CLIMATE NORMAL PERIOD 1981 TO 2010
CLIMATE RECORD PERIOD 1906 TO 2017


WEATHER ITEM   OBSERVED TIME   RECORD YEAR NORMAL DEPARTURE LAST
                VALUE   (LST)  VALUE       VALUE  FROM      YEAR
                                                  NORMAL
..................................................................
TEMPERATURE (F)
 YESTERDAY
  MAXIMUM         85    527 PM 105    1934  94     -9       98
  MINIMUM         71   1014 AM  60    1915  72     -1       74
  AVERAGE         78                        83     -5       86

PRECIPITATION (IN)
  YESTERDAY        1.65          5.75 1933   0.08   1.57     0.24
  MONTH TO DATE    3.31                      2.44   0.87     0.35
  SINCE DEC 1     35.91                     31.08   4.83    36.12
  SINCE JAN 1     31.00                     26.64   4.36    32.07

SNOWFALL (IN)
  YESTERDAY        0.0
  MONTH TO DATE    0.0
  SINCE JUN 1      0.0
  SINCE JUL 1      0.0
  SNOW DEPTH       0

DEGREE DAYS
 HEATING
  YESTERDAY        0                         0      0        0
  MONTH TO DATE    0                         0      0        0
  SINCE JUN 1      0                         0      0        0
  SINCE JUL 1      0                         0      0        0

 COOLING
  YESTERDAY       13                        18     -5       21
  MONTH TO DATE  434                       423     11      480
  SINCE JUN 1    878                       875      3      955
  SINCE JAN 1   1403                      1344     59     1401
..................................................................


WIND (MPH)
  HIGHEST WIND SPEED    17   HIGHEST WIND DIRECTION     W (290)
  HIGHEST GUST SPEED    25   HIGHEST GUST DIRECTION     W (280)
  AVERAGE WIND SPEED     4.8


SKY COVER
  POSSIBLE SUNSHINE  MM
  AVERAGE SKY COVER 0.5


WEATHER CONDITIONS
 THE FOLLOWING WEATHER WAS RECORDED YESTERDAY.
  THUNDERSTORM
  HEAVY RAIN
  RAIN
  LIGHT RAIN
  FOG


RELATIVE HUMIDITY (PERCENT)
 HIGHEST   100           700 AM
 LOWEST     79           300 PM
 AVERAGE    90

..........................................................


THE LUFKIN CLIMATE NORMALS FOR TODAY
                         NORMAL    RECORD    YEAR
 MAXIMUM TEMPERATURE (F)   94       107      1954
 MINIMUM TEMPERATURE (F)   72        64      2000


SUNRISE AND SUNSET
JULY 25 2017..........SUNRISE   632 AM CDT   SUNSET   819 PM CDT
JULY 26 2017..........SUNRISE   632 AM CDT   SUNSET   819 PM CDT


-  INDICATES NEGATIVE NUMBERS.
R  INDICATES RECORD WAS SET OR TIED.
MM INDICATES DATA IS MISSING.
T  INDICATES TRACE AMOUNT.




$$
