741
CDUS44 KSHV 180854
CLILFK


CLIMATE REPORT
NATIONAL WEATHER SERVICE SHREVEPORT, LA
254 AM CST SAT NOV 18 2017


...................................

...THE LUFKIN CLIMATE SUMMARY FOR NOVEMBER 17 2017...

CLIMATE NORMAL PERIOD 1981 TO 2010
CLIMATE RECORD PERIOD 1906 TO 2017


WEATHER ITEM   OBSERVED TIME   RECORD YEAR NORMAL DEPARTURE LAST
                VALUE   (LST)  VALUE       VALUE  FROM      YEAR
                                                  NORMAL
..................................................................
TEMPERATURE (F)
 YESTERDAY
  MAXIMUM         82    255 PM  87    2013  69     13       80
  MINIMUM         63    537 AM  26    1932  47     16       54
  AVERAGE         73                        58     15       67

PRECIPITATION (IN)
  YESTERDAY        0.00          4.18 2004   0.17  -0.17     0.00
  MONTH TO DATE    1.34                      2.94  -1.60     0.43
  SINCE DEC 1     56.96                     46.88  10.08    47.06
  SINCE JAN 1     52.05                     42.44   9.61    43.01

SNOWFALL (IN)
  YESTERDAY        0.0
  MONTH TO DATE    0.0
  SINCE SEP 1      0.0
  SINCE JUL 1      0.0
  SNOW DEPTH       0

DEGREE DAYS
 HEATING
  YESTERDAY        0                         8     -8        0
  MONTH TO DATE   38                       106    -68       23
  SINCE SEP 1    127                       172    -45       40
  SINCE JUL 1    127                       172    -45       40

 COOLING
  YESTERDAY        8                         1      7        2
  MONTH TO DATE   90                        27     63       53
  SINCE SEP 1    631                       548     83      720
  SINCE JAN 1   2654                      2571     83     2808
..................................................................


WIND (MPH)
  HIGHEST WIND SPEED    18   HIGHEST WIND DIRECTION     S (200)
  HIGHEST GUST SPEED    26   HIGHEST GUST DIRECTION    SW (210)
  AVERAGE WIND SPEED     9.0


SKY COVER
  POSSIBLE SUNSHINE  MM
  AVERAGE SKY COVER 0.5


WEATHER CONDITIONS
 THE FOLLOWING WEATHER WAS RECORDED YESTERDAY.
  FOG


RELATIVE HUMIDITY (PERCENT)
 HIGHEST   100           300 AM
 LOWEST     58           300 PM
 AVERAGE    79

..........................................................


THE LUFKIN CLIMATE NORMALS FOR TODAY
                         NORMAL    RECORD    YEAR
 MAXIMUM TEMPERATURE (F)   69        87      1945
 MINIMUM TEMPERATURE (F)   46        19      1951


SUNRISE AND SUNSET
NOVEMBER 18 2017......SUNRISE   649 AM CST   SUNSET   519 PM CST
NOVEMBER 19 2017......SUNRISE   650 AM CST   SUNSET   519 PM CST


-  INDICATES NEGATIVE NUMBERS.
R  INDICATES RECORD WAS SET OR TIED.
MM INDICATES DATA IS MISSING.
T  INDICATES TRACE AMOUNT.




$$
