000
CDUS44 KSHV 302245
CLILFK


CLIMATE REPORT
NATIONAL WEATHER SERVICE SHREVEPORT, LA
545 PM CDT MON MAR 30 2015


...................................

...THE LUFKIN CLIMATE SUMMARY FOR MARCH 30 2015...
VALID TODAY AS OF 0500 PM LOCAL TIME.

CLIMATE NORMAL PERIOD 1981 TO 2010
CLIMATE RECORD PERIOD 1906 TO 2015


WEATHER ITEM   OBSERVED TIME   RECORD YEAR NORMAL DEPARTURE LAST
                VALUE   (LST)  VALUE       VALUE  FROM      YEAR
                                                  NORMAL
..................................................................
TEMPERATURE (F)
 TODAY
  MAXIMUM         84    142 PM  95    1946  75      9       78
  MINIMUM         61    626 AM  30    2003  51     10       43
  AVERAGE         73                        63     10       61

PRECIPITATION (IN)
  TODAY            0.00          2.22 2002   0.11  -0.11     0.00
                                      1965
  MONTH TO DATE    6.17                      3.66   2.51     2.55
  SINCE DEC 1     17.04                     16.15   0.89     7.58
  SINCE JAN 1     14.99                     11.71   3.28     5.37

SNOWFALL (IN)
  TODAY            0.0
  MONTH TO DATE    0.0
  SINCE MAR 1      0.0
  SINCE JUL 1      T
  SNOW DEPTH       0

DEGREE DAYS
 HEATING
  TODAY            0                         4     -4        4
  MONTH TO DATE  162                       207    -45      250
  SINCE MAR 1    162                       207    -45      250
  SINCE JUL 1   1682                      1841   -159     2053

 COOLING
  TODAY            8                         2      6        0
  MONTH TO DATE   48                        39      9       17
  SINCE MAR 1     48                        39      9       17
  SINCE JAN 1     54                        58     -4       35
..................................................................


WIND (MPH)
  HIGHEST WIND SPEED    14   HIGHEST WIND DIRECTION     S (200)
  HIGHEST GUST SPEED    19   HIGHEST GUST DIRECTION     S (200)
  AVERAGE WIND SPEED     5.7


SKY COVER
  POSSIBLE SUNSHINE  MM
  AVERAGE SKY COVER 0.5


WEATHER CONDITIONS
 THE FOLLOWING WEATHER WAS RECORDED TODAY.
  FOG
  HAZE


RELATIVE HUMIDITY (PERCENT)
 HIGHEST    90           100 AM
 LOWEST     43           100 PM
 AVERAGE    67

..........................................................


THE LUFKIN CLIMATE NORMALS FOR TOMORROW
                         NORMAL    RECORD    YEAR
 MAXIMUM TEMPERATURE (F)   75        97      1946
 MINIMUM TEMPERATURE (F)   51        25      1987


SUNRISE AND SUNSET
MARCH 30 2015.........SUNRISE   711 AM CDT   SUNSET   737 PM CDT
MARCH 31 2015.........SUNRISE   709 AM CDT   SUNSET   738 PM CDT


-  INDICATES NEGATIVE NUMBERS.
R  INDICATES RECORD WAS SET OR TIED.
MM INDICATES DATA IS MISSING.
T  INDICATES TRACE AMOUNT.




$$
