000
CDUS44 KLCH 162228
CLILFT


CLIMATE REPORT
NATIONAL WEATHER SERVICE LAKE CHARLES, LA
428 PM CST MON JAN 16 2017


...................................

...THE LAFAYETTE CLIMATE SUMMARY FOR JANUARY 16 2017...
VALID TODAY AS OF 0400 PM LOCAL TIME.

CLIMATE NORMAL PERIOD 1981 TO 2010
CLIMATE RECORD PERIOD 1893 TO 2017


WEATHER ITEM   OBSERVED TIME   RECORD YEAR NORMAL DEPARTURE LAST
                VALUE   (LST)  VALUE       VALUE  FROM      YEAR
                                                  NORMAL
..................................................................
TEMPERATURE (F)
 TODAY
  MAXIMUM         79    202 PM  80    1914  62     17       65
  MINIMUM         64    311 AM  20    1905  43     21       43
  AVERAGE         72                        52     20       54

PRECIPITATION (IN)
  TODAY            0.00          2.89 1924   0.18  -0.18     0.49
  MONTH TO DATE    0.99                      2.93  -1.94     4.37
  SINCE DEC 1     10.08                      8.51   1.57     8.23
  SINCE JAN 1      0.99                      2.93  -1.94     4.37

SNOWFALL (IN)
  TODAY            0.0           0.0    MM   0.0    0.0     MM
  MONTH TO DATE    0.0                       0.0    0.0      0.0
  SINCE DEC 1      0.0                       0.0    0.0      0.0
  SINCE JUL 1      0.0                       0.0    0.0      0.0
  SNOW DEPTH       0

DEGREE DAYS
 HEATING
  TODAY            0                        13    -13       11
  MONTH TO DATE  123                       208    -85      227
  SINCE DEC 1    358                       563   -205      405
  SINCE JUL 1    444                       762   -318      493
..................................................................


WIND (MPH)
  HIGHEST WIND SPEED    21   HIGHEST WIND DIRECTION     S (180)
  HIGHEST GUST SPEED    29   HIGHEST GUST DIRECTION     S (170)
  AVERAGE WIND SPEED     8.8


SKY COVER
  POSSIBLE SUNSHINE  MM
  AVERAGE SKY COVER 0.6


WEATHER CONDITIONS
 THE FOLLOWING WEATHER WAS RECORDED TODAY.
  HAZE


RELATIVE HUMIDITY (PERCENT)
 HIGHEST    93           100 AM
 LOWEST     67           100 PM
 AVERAGE    80

..........................................................


THE LAFAYETTE CLIMATE NORMALS FOR TOMORROW
                         NORMAL    RECORD    YEAR
 MAXIMUM TEMPERATURE (F)   62        81      1935
 MINIMUM TEMPERATURE (F)   43        19      1982


SUNRISE AND SUNSET
JANUARY 16 2017.......SUNRISE   705 AM CST   SUNSET   531 PM CST
JANUARY 17 2017.......SUNRISE   705 AM CST   SUNSET   532 PM CST


-  INDICATES NEGATIVE NUMBERS.
R  INDICATES RECORD WAS SET OR TIED.
MM INDICATES DATA IS MISSING.
T  INDICATES TRACE AMOUNT.




$$
