000
CDUS44 KLCH 310829
CLILFT


CLIMATE REPORT
NATIONAL WEATHER SERVICE LAKE CHARLES, LA
329 AM CDT THU JUL 31 2014


...................................

...THE LAFAYETTE CLIMATE SUMMARY FOR JULY 30 2014...

CLIMATE NORMAL PERIOD 1981 TO 2010
CLIMATE RECORD PERIOD 1893 TO 2014


WEATHER ITEM   OBSERVED TIME   RECORD YEAR NORMAL DEPARTURE LAST
                VALUE   (LST)  VALUE       VALUE  FROM      YEAR
                                                  NORMAL
..................................................................
TEMPERATURE (F)
 YESTERDAY
  MAXIMUM         90    305 PM  99    1986  93     -3       93
                                      1923
                                      1922
  MINIMUM         70    550 AM  65    1897  75     -5       75
  AVERAGE         80                        84     -4       84

PRECIPITATION (IN)
  YESTERDAY        0.00          2.22 1972   0.17  -0.17     0.00
  MONTH TO DATE    5.98                      6.13  -0.15     3.84
  SINCE JUN 1     14.57                     13.21   1.36     7.00
  SINCE JAN 1     37.61                     35.83   1.78    39.12

DEGREE DAYS
 COOLING
  YESTERDAY       15                        19     -4       19
  MONTH TO DATE  511                       554    -43      514
  SINCE JUN 1   1018                      1052    -34     1055
  SINCE JAN 1   1487                      1666   -179     1519
..................................................................


WIND (MPH)
  HIGHEST WIND SPEED    13   HIGHEST WIND DIRECTION    NE (40)
  HIGHEST GUST SPEED    16   HIGHEST GUST DIRECTION    NE (40)
  AVERAGE WIND SPEED     4.2


SKY COVER
  POSSIBLE SUNSHINE  MM
  AVERAGE SKY COVER 0.1


WEATHER CONDITIONS
 THE FOLLOWING WEATHER WAS RECORDED YESTERDAY.
  NO SIGNIFICANT WEATHER WAS OBSERVED.


RELATIVE HUMIDITY (PERCENT)
 HIGHEST    93           300 AM
 LOWEST     44           200 PM
 AVERAGE    69

..........................................................


THE LAFAYETTE CLIMATE NORMALS FOR TODAY
                         NORMAL    RECORD    YEAR
 MAXIMUM TEMPERATURE (F)   93       103      1899
 MINIMUM TEMPERATURE (F)   75        67      1936
                                             1914


SUNRISE AND SUNSET
JULY 31 2014..........SUNRISE   626 AM CDT   SUNSET   802 PM CDT
AUGUST  1 2014........SUNRISE   627 AM CDT   SUNSET   802 PM CDT


-  INDICATES NEGATIVE NUMBERS.
R  INDICATES RECORD WAS SET OR TIED.
MM INDICATES DATA IS MISSING.
T  INDICATES TRACE AMOUNT.




$$
