000
CDUS44 KLCH 240837
CLILFT


CLIMATE REPORT
NATIONAL WEATHER SERVICE LAKE CHARLES, LA
335 AM CDT SAT JUN 24 2017


...................................

...THE LAFAYETTE CLIMATE SUMMARY FOR JUNE 23 2017...

CLIMATE NORMAL PERIOD 1981 TO 2010
CLIMATE RECORD PERIOD 1893 TO 2017


WEATHER ITEM   OBSERVED TIME   RECORD YEAR NORMAL DEPARTURE LAST
                VALUE   (LST)  VALUE       VALUE  FROM      YEAR
                                                  NORMAL
..................................................................
TEMPERATURE (F)
 YESTERDAY
  MAXIMUM         90    102 PM 100    1930  91     -1       91
  MINIMUM         80   1159 PM  60    1902  74      6       75
  AVERAGE         85                        82      3       83

PRECIPITATION (IN)
  YESTERDAY        0.01          4.87 1905   0.26  -0.25     0.00
  MONTH TO DATE    7.37                      5.27   2.10     6.55
  SINCE JUN 1      7.37                      5.27   2.10     6.55
  SINCE JAN 1     27.92                     27.89   0.03    34.94

DEGREE DAYS
 COOLING
  YESTERDAY       20                        17      3       18
  MONTH TO DATE  322                       373    -51      392
  SINCE JUN 1    322                       373    -51      392
  SINCE JAN 1   1242                       987    255     1049
..................................................................


WIND (MPH)
  HIGHEST WIND SPEED    18   HIGHEST WIND DIRECTION     S (200)
  HIGHEST GUST SPEED    24   HIGHEST GUST DIRECTION    SW (220)
  AVERAGE WIND SPEED    10.6


SKY COVER
  POSSIBLE SUNSHINE  MM
  AVERAGE SKY COVER 0.8


WEATHER CONDITIONS
 THE FOLLOWING WEATHER WAS RECORDED YESTERDAY.
  LIGHT RAIN
  FOG


RELATIVE HUMIDITY (PERCENT)
 HIGHEST   100          1100 PM
 LOWEST     75          1100 AM
 AVERAGE    88

..........................................................


THE LAFAYETTE CLIMATE NORMALS FOR TODAY
                         NORMAL    RECORD    YEAR
 MAXIMUM TEMPERATURE (F)   91       102      2009
 MINIMUM TEMPERATURE (F)   74        63      1902


SUNRISE AND SUNSET
JUNE 24 2017..........SUNRISE   608 AM CDT   SUNSET   813 PM CDT
JUNE 25 2017..........SUNRISE   608 AM CDT   SUNSET   813 PM CDT


-  INDICATES NEGATIVE NUMBERS.
R  INDICATES RECORD WAS SET OR TIED.
MM INDICATES DATA IS MISSING.
T  INDICATES TRACE AMOUNT.




$$
