000
CDUS44 KLCH 282212
CLILFT


CLIMATE REPORT
NATIONAL WEATHER SERVICE LAKE CHARLES, LA
509 PM CDT TUE MAR 28 2017


...................................

...THE LAFAYETTE CLIMATE SUMMARY FOR MARCH 28 2017...
VALID TODAY AS OF 0500 PM LOCAL TIME.

CLIMATE NORMAL PERIOD 1981 TO 2010
CLIMATE RECORD PERIOD 1893 TO 2017


WEATHER ITEM   OBSERVED TIME   RECORD YEAR NORMAL DEPARTURE LAST
                VALUE   (LST)  VALUE       VALUE  FROM      YEAR
                                                  NORMAL
..................................................................
TEMPERATURE (F)
 TODAY
  MAXIMUM         86   1231 PM  87    1910  75     11       80
  MINIMUM         71    616 AM  35    1937  54     17       61
                                      1931
  AVERAGE         79                        65     14       71

PRECIPITATION (IN)
  TODAY            0.00          2.73 2001   0.12  -0.12     0.00
  MONTH TO DATE    1.22                      3.45  -2.23     5.30
  SINCE MAR 1      1.22                      3.45  -2.23     5.30
  SINCE JAN 1      4.74                     13.57  -8.83    14.43

SNOWFALL (IN)
  TODAY            0.0           0.0    MM   0.0    0.0      0.0
  MONTH TO DATE    0.0                       0.0    0.0      0.0
  SINCE MAR 1      0.0                       0.0    0.0      0.0
  SINCE JUL 1      0.0                       T      0.0      0.0
  SNOW DEPTH       0

DEGREE DAYS
 HEATING
  TODAY            0                         3     -3        0
  MONTH TO DATE   60                       141    -81       61
  SINCE MAR 1     60                       141    -81       61
  SINCE JUL 1    637                      1371   -734      979

 COOLING
  TODAY           14                         3     11        6
  MONTH TO DATE  138                        54     84       92
  SINCE MAR 1    138                        54     84       92
  SINCE JAN 1    322                        86    236      102
..................................................................


WIND (MPH)
  HIGHEST WIND SPEED    18   HIGHEST WIND DIRECTION     S (200)
  HIGHEST GUST SPEED    25   HIGHEST GUST DIRECTION     S (200)
  AVERAGE WIND SPEED     5.2


SKY COVER
  POSSIBLE SUNSHINE  MM
  AVERAGE SKY COVER 0.5


WEATHER CONDITIONS
 THE FOLLOWING WEATHER WAS RECORDED TODAY.
  FOG


RELATIVE HUMIDITY (PERCENT)
 HIGHEST    93           300 AM
 LOWEST     55          1200 PM
 AVERAGE    74

..........................................................


THE LAFAYETTE CLIMATE NORMALS FOR TOMORROW
                         NORMAL    RECORD    YEAR
 MAXIMUM TEMPERATURE (F)   75        89      1909
 MINIMUM TEMPERATURE (F)   55        29      1955


SUNRISE AND SUNSET
MARCH 28 2017.........SUNRISE   702 AM CDT   SUNSET   725 PM CDT
MARCH 29 2017.........SUNRISE   701 AM CDT   SUNSET   725 PM CDT


-  INDICATES NEGATIVE NUMBERS.
R  INDICATES RECORD WAS SET OR TIED.
MM INDICATES DATA IS MISSING.
T  INDICATES TRACE AMOUNT.




$$
