000
CDUS44 KLCH 272247
CLILFT


CLIMATE REPORT
NATIONAL WEATHER SERVICE LAKE CHARLES, LA
545 PM CDT THU AUG 27 2015


...................................

...THE LAFAYETTE CLIMATE SUMMARY FOR AUGUST 27 2015...
VALID TODAY AS OF 0500 PM LOCAL TIME.

CLIMATE NORMAL PERIOD 1981 TO 2010
CLIMATE RECORD PERIOD 1893 TO 2015


WEATHER ITEM   OBSERVED TIME   RECORD YEAR NORMAL DEPARTURE LAST
                VALUE   (LST)  VALUE       VALUE  FROM      YEAR
                                                  NORMAL
..................................................................
TEMPERATURE (F)
 TODAY
  MAXIMUM         89    331 PM 101    1924  92     -3       91
  MINIMUM         64    610 AM  61    1927  74    -10       75
                                      1896
  AVERAGE         77                        83     -6       83

PRECIPITATION (IN)
  TODAY            0.00          3.77 1967   0.14  -0.14     0.00
  MONTH TO DATE    2.87                      4.03  -1.16     7.14
  SINCE JUN 1     12.51                     17.41  -4.90    21.71
  SINCE JAN 1     43.11                     40.03   3.08    44.75

DEGREE DAYS
 COOLING
  TODAY           12                        18     -6       18
  MONTH TO DATE  538                       508     30      491
  SINCE JUN 1   1679                      1578    101     1524
  SINCE JAN 1   2371                      2192    179     1993
..................................................................


WIND (MPH)
  HIGHEST WIND SPEED    20   HIGHEST WIND DIRECTION     N (20)
  HIGHEST GUST SPEED    26   HIGHEST GUST DIRECTION     N (10)
  AVERAGE WIND SPEED     7.3


SKY COVER
  POSSIBLE SUNSHINE  MM
  AVERAGE SKY COVER 0.0


WEATHER CONDITIONS
 THE FOLLOWING WEATHER WAS RECORDED TODAY.
  NO SIGNIFICANT WEATHER WAS OBSERVED.


RELATIVE HUMIDITY (PERCENT)
 HIGHEST    87           500 AM
 LOWEST     31           400 PM
 AVERAGE    59

..........................................................


THE LAFAYETTE CLIMATE NORMALS FOR TOMORROW
                         NORMAL    RECORD    YEAR
 MAXIMUM TEMPERATURE (F)   92       100      2011
 MINIMUM TEMPERATURE (F)   74        61      1896


SUNRISE AND SUNSET
AUGUST 27 2015........SUNRISE   642 AM CDT   SUNSET   737 PM CDT
AUGUST 28 2015........SUNRISE   642 AM CDT   SUNSET   736 PM CDT


-  INDICATES NEGATIVE NUMBERS.
R  INDICATES RECORD WAS SET OR TIED.
MM INDICATES DATA IS MISSING.
T  INDICATES TRACE AMOUNT.




$$
