000
CDUS44 KLCH 231623
CLILFT


CLIMATE REPORT
NATIONAL WEATHER SERVICE LAKE CHARLES, LA
1123 AM CDT TUE SEP 23 2014


...................................

...THE LAFAYETTE CLIMATE SUMMARY FOR SEPTEMBER 16 2014...

CLIMATE NORMAL PERIOD 1981 TO 2010
CLIMATE RECORD PERIOD 1893 TO 2014


WEATHER ITEM   OBSERVED TIME   RECORD YEAR NORMAL DEPARTURE LAST
                VALUE   (LST)  VALUE       VALUE  FROM      YEAR
                                                  NORMAL
..................................................................
TEMPERATURE (F)
 YESTERDAY
  MAXIMUM         91   1200 PM 100    1933  89      2       93
  MINIMUM         73    649 PM  48    1902  70      3       73
  AVERAGE         82                        79      3       83

PRECIPITATION (IN)
  YESTERDAY        0.29          4.63 1942   0.15   0.14     0.00
  MONTH TO DATE    5.42                      2.65   2.77     0.46
  SINCE SEP 1      5.42                      2.65   2.77     0.46
  SINCE JAN 1     51.51                     43.27   8.24    43.34

DEGREE DAYS
 HEATING
  YESTERDAY        0                         0      0        0
  MONTH TO DATE    0                         0      0        0
  SINCE SEP 1      0                         0      0        0
  SINCE JUL 1      0                         0      0        0

 COOLING
  YESTERDAY       17                        14      3       18
  MONTH TO DATE  270                       257     13      296
  SINCE SEP 1    270                       257     13      296
  SINCE JAN 1   2327                      2518   -191     2398
..................................................................


WIND (MPH)
  HIGHEST WIND SPEED    16   HIGHEST WIND DIRECTION    SW (240)
  HIGHEST GUST SPEED    20   HIGHEST GUST DIRECTION    SW (240)
  AVERAGE WIND SPEED     3.4


SKY COVER
  POSSIBLE SUNSHINE  MM
  AVERAGE SKY COVER 0.4


WEATHER CONDITIONS
 THE FOLLOWING WEATHER WAS RECORDED YESTERDAY.
  THUNDERSTORM
  RAIN
  LIGHT RAIN
  FOG


RELATIVE HUMIDITY (PERCENT)
 HIGHEST   100           100 AM
 LOWEST     56          1200 PM
 AVERAGE    78

..........................................................


THE LAFAYETTE CLIMATE NORMALS FOR TODAY
                         NORMAL    RECORD    YEAR
 MAXIMUM TEMPERATURE (F)   89        99      2004
                                             1933
                                             1900
 MINIMUM TEMPERATURE (F)   70        54      1961


SUNRISE AND SUNSET
SEPTEMBER 17 2014.....SUNRISE   654 AM CDT   SUNSET   711 PM CDT
SEPTEMBER 18 2014.....SUNRISE   654 AM CDT   SUNSET   710 PM CDT


-  INDICATES NEGATIVE NUMBERS.
R  INDICATES RECORD WAS SET OR TIED.
MM INDICATES DATA IS MISSING.
T  INDICATES TRACE AMOUNT.




$$
