000
CDUS44 KLCH 012224
CLILFT


CLIMATE REPORT
NATIONAL WEATHER SERVICE LAKE CHARLES, LA
523 PM CDT SAT AUG 1 2015


...................................

...THE LAFAYETTE CLIMATE SUMMARY FOR AUGUST 1 2015...
VALID TODAY AS OF 0500 PM LOCAL TIME.

CLIMATE NORMAL PERIOD 1981 TO 2010
CLIMATE RECORD PERIOD 1893 TO 2015


WEATHER ITEM   OBSERVED TIME   RECORD YEAR NORMAL DEPARTURE LAST
                VALUE   (LST)  VALUE       VALUE  FROM      YEAR
                                                  NORMAL
..................................................................
TEMPERATURE (F)
 TODAY
  MAXIMUM         96    237 PM 102    1986  93      3       86
                                      1899
  MINIMUM         71    445 AM  65    1923  75     -4       74
  AVERAGE         84                        84      0       80

PRECIPITATION (IN)
  TODAY            0.00          3.15 1909   0.16  -0.16     1.21
  MONTH TO DATE    0.00                      0.16  -0.16     1.21
  SINCE JUN 1      9.64                     13.54  -3.90    15.78
  SINCE JAN 1     40.24                     36.16   4.08    38.82

DEGREE DAYS
 COOLING
  TODAY           19                        19      0       15
  MONTH TO DATE   19                        19      0       15
  SINCE JUN 1   1160                      1089     71     1048
  SINCE JAN 1   1852                      1703    149     1517
..................................................................


WIND (MPH)
  HIGHEST WIND SPEED    17   HIGHEST WIND DIRECTION    NE (30)
  HIGHEST GUST SPEED    22   HIGHEST GUST DIRECTION    NE (30)
  AVERAGE WIND SPEED     8.5


SKY COVER
  POSSIBLE SUNSHINE  MM
  AVERAGE SKY COVER 0.0


WEATHER CONDITIONS
 THE FOLLOWING WEATHER WAS RECORDED TODAY.
  NO SIGNIFICANT WEATHER WAS OBSERVED.


RELATIVE HUMIDITY (PERCENT)
 HIGHEST    84           300 AM
 LOWEST     28           300 PM
 AVERAGE    56

..........................................................


THE LAFAYETTE CLIMATE NORMALS FOR TOMORROW
                         NORMAL    RECORD    YEAR
 MAXIMUM TEMPERATURE (F)   93       102      1922
 MINIMUM TEMPERATURE (F)   75        64      1936
                                             1925


SUNRISE AND SUNSET
AUGUST  1 2015........SUNRISE   627 AM CDT   SUNSET   802 PM CDT
AUGUST  2 2015........SUNRISE   627 AM CDT   SUNSET   801 PM CDT


-  INDICATES NEGATIVE NUMBERS.
R  INDICATES RECORD WAS SET OR TIED.
MM INDICATES DATA IS MISSING.
T  INDICATES TRACE AMOUNT.




$$
