000
CDUS44 KLCH 280857
CLILFT


CLIMATE REPORT
NATIONAL WEATHER SERVICE LAKE CHARLES, LA
255 AM CST SUN DEC 28 2014


...................................

...THE LAFAYETTE CLIMATE SUMMARY FOR DECEMBER 27 2014...

CLIMATE NORMAL PERIOD 1981 TO 2010
CLIMATE RECORD PERIOD 1893 TO 2014


WEATHER ITEM   OBSERVED TIME   RECORD YEAR NORMAL DEPARTURE LAST
                VALUE   (LST)  VALUE       VALUE  FROM      YEAR
                                                  NORMAL
..................................................................
TEMPERATURE (F)
 YESTERDAY
  MAXIMUM         73    815 PM  82    1984  62     11       56
  MINIMUM         60    100 AM  23    2010  43     17       44
  AVERAGE         67                        53     14       50

PRECIPITATION (IN)
  YESTERDAY        0.18          2.62 1942   0.20  -0.02     0.00
  MONTH TO DATE    3.29                      4.83  -1.54     2.26
  SINCE DEC 1      3.29                      4.83  -1.54     2.26
  SINCE JAN 1     59.79                     59.75   0.04    56.03

SNOWFALL (IN)
  YESTERDAY        0.0           0.0    MM   0.0    0.0      0.0
  MONTH TO DATE    0.0                       0.0    0.0      0.0
  SINCE DEC 1      0.0                       0.0    0.0      0.0
  SINCE JUL 1      0.0                       0.0    0.0      0.0
  SNOW DEPTH       0

DEGREE DAYS
 HEATING
  YESTERDAY        0                        13    -13       15
  MONTH TO DATE  210                       303    -93      373
  SINCE DEC 1    210                       303    -93      373
  SINCE JUL 1    511                       502      9      642
..................................................................


WIND (MPH)
  HIGHEST WIND SPEED    18   HIGHEST WIND DIRECTION     W (270)
  HIGHEST GUST SPEED    23   HIGHEST GUST DIRECTION     S (190)
  AVERAGE WIND SPEED     7.4


SKY COVER
  POSSIBLE SUNSHINE  MM
  AVERAGE SKY COVER 1.0


WEATHER CONDITIONS
 THE FOLLOWING WEATHER WAS RECORDED YESTERDAY.
  THUNDERSTORM
  HEAVY RAIN
  LIGHT RAIN
  FOG


RELATIVE HUMIDITY (PERCENT)
 HIGHEST    97           100 AM
 LOWEST     87           300 PM
 AVERAGE    92

..........................................................


THE LAFAYETTE CLIMATE NORMALS FOR TODAY
                         NORMAL    RECORD    YEAR
 MAXIMUM TEMPERATURE (F)   62        81      1984
 MINIMUM TEMPERATURE (F)   43        20      1925


SUNRISE AND SUNSET
DECEMBER 28 2014......SUNRISE   703 AM CST   SUNSET   516 PM CST
DECEMBER 29 2014......SUNRISE   703 AM CST   SUNSET   517 PM CST


-  INDICATES NEGATIVE NUMBERS.
R  INDICATES RECORD WAS SET OR TIED.
MM INDICATES DATA IS MISSING.
T  INDICATES TRACE AMOUNT.




$$
