000
CDUS44 KLCH 291245
CLILFT


CLIMATE REPORT
NATIONAL WEATHER SERVICE LAKE CHARLES, LA
745 AM CDT SUN MAY 29 2016


...................................

...THE LAFAYETTE CLIMATE SUMMARY FOR MAY 28 2016...

CLIMATE NORMAL PERIOD 1981 TO 2010
CLIMATE RECORD PERIOD 1893 TO 2016


WEATHER ITEM   OBSERVED TIME   RECORD YEAR NORMAL DEPARTURE LAST
                VALUE   (LST)  VALUE       VALUE  FROM      YEAR
                                                  NORMAL
..................................................................
TEMPERATURE (F)
 YESTERDAY
  MAXIMUM         87    139 PM  96    1998  89     -2       90
                                      1953
                                      1896
  MINIMUM         68    207 AM  51    1901  70     -2       69
  AVERAGE         78                        79     -1       80

PRECIPITATION (IN)
  YESTERDAY        0.01          6.87 2014   0.17  -0.16     0.00
  MONTH TO DATE    6.71                      4.25   2.46     5.51
  SINCE MAR 1     19.26                     11.97   7.29    20.55
  SINCE JAN 1     28.39                     22.09   6.30    27.65

DEGREE DAYS
 COOLING
  YESTERDAY       13                        14     -1       15
  MONTH TO DATE  295                       317    -22      337
  SINCE MAR 1    597                       539     58      643
  SINCE JAN 1    607                       571     36      648
..................................................................


WIND (MPH)
  HIGHEST WIND SPEED    15   HIGHEST WIND DIRECTION     S (200)
  HIGHEST GUST SPEED    20   HIGHEST GUST DIRECTION     S (200)
  AVERAGE WIND SPEED     5.1


SKY COVER
  POSSIBLE SUNSHINE  MM
  AVERAGE SKY COVER 0.3


WEATHER CONDITIONS
 THE FOLLOWING WEATHER WAS RECORDED YESTERDAY.
  LIGHT RAIN


RELATIVE HUMIDITY (PERCENT)
 HIGHEST    93          1200 AM
 LOWEST     51           200 PM
 AVERAGE    72

..........................................................


THE LAFAYETTE CLIMATE NORMALS FOR TODAY
                         NORMAL    RECORD    YEAR
 MAXIMUM TEMPERATURE (F)   89        98      1896
 MINIMUM TEMPERATURE (F)   70        54      1934


SUNRISE AND SUNSET
MAY 29 2016...........SUNRISE   608 AM CDT   SUNSET   804 PM CDT
MAY 30 2016...........SUNRISE   607 AM CDT   SUNSET   804 PM CDT


-  INDICATES NEGATIVE NUMBERS.
R  INDICATES RECORD WAS SET OR TIED.
MM INDICATES DATA IS MISSING.
T  INDICATES TRACE AMOUNT.




$$
