000
CDUS41 KOKX 162132
CLILGA


CLIMATE REPORT
NATIONAL WEATHER SERVICE NEW YORK NY
432 PM EST TUE JAN 16 2018


...................................

...THE LAGUARDIA NY CLIMATE SUMMARY FOR JANUARY 16 2018...
VALID TODAY AS OF 0400 PM LOCAL TIME.

CLIMATE NORMAL PERIOD 1981 TO 2010
CLIMATE RECORD PERIOD 1939 TO 2018


WEATHER ITEM   OBSERVED TIME   RECORD YEAR NORMAL DEPARTURE LAST
                VALUE   (LST)  VALUE       VALUE  FROM      YEAR
                                                  NORMAL
..................................................................
TEMPERATURE (F)
 TODAY
  MAXIMUM         33    302 PM  59    1953  39     -6       44
  MINIMUM         24    236 AM   2    1994  26     -2       31
  AVERAGE         29                        33     -4       38

PRECIPITATION (IN)
  TODAY            0.00          1.74 1941   0.10  -0.10     0.00
  MONTH TO DATE    1.31                      1.67  -0.36     1.62
  SINCE DEC 1      3.37                      5.23  -1.86     4.57
  SINCE JAN 1      1.31                      1.67  -0.36     1.62

SNOWFALL (IN)
  TODAY            0.0           4.6  1965   0.3   -0.3      0.0
  MONTH TO DATE    7.4                       3.9    3.5      8.9
  SINCE OCT 1     15.4                       9.4    6.0     11.9
  SINCE JUL 1     15.4                       9.4    6.0     11.9
  SNOW DEPTH       0

DEGREE DAYS
 HEATING
  TODAY           36                        32      4       27
  MONTH TO DATE  623                       508    115      436
  SINCE DEC 1   1508                      1339    169     1194
  SINCE JUL 1   2099                      2114    -15     1732

 COOLING
  TODAY            0                         0      0        0
  MONTH TO DATE    0                         0      0        0
  SINCE DEC 1      0                         0      0        0
  SINCE JAN 1      0                         0      0        0
..................................................................


WIND (MPH)
  HIGHEST WIND SPEED    12   HIGHEST WIND DIRECTION    NE (50)
  HIGHEST GUST SPEED    19   HIGHEST GUST DIRECTION     E (70)
  AVERAGE WIND SPEED     7.3


SKY COVER
  AVERAGE SKY COVER 1.0


WEATHER CONDITIONS
 THE FOLLOWING WEATHER WAS RECORDED TODAY.
  NO SIGNIFICANT WEATHER WAS OBSERVED.


RELATIVE HUMIDITY (PERCENT)
 HIGHEST    85          1000 AM
 LOWEST     68          1200 AM
 AVERAGE    77

..........................................................


THE LAGUARDIA NY CLIMATE NORMALS FOR TOMORROW
                         NORMAL    RECORD    YEAR
 MAXIMUM TEMPERATURE (F)   39        59      1990
                                             1973
 MINIMUM TEMPERATURE (F)   26        -1      1982
                                             1977


SUNRISE AND SUNSET
JANUARY 16 2018.......SUNRISE   717 AM EST   SUNSET   454 PM EST
JANUARY 17 2018.......SUNRISE   717 AM EST   SUNSET   455 PM EST


-  INDICATES NEGATIVE NUMBERS.
R  INDICATES RECORD WAS SET OR TIED.
MM INDICATES DATA IS MISSING.
T  INDICATES TRACE AMOUNT.




$$
