000
CDUS41 KOKX 030626
CLILGA


CLIMATE REPORT
NATIONAL WEATHER SERVICE NEW YORK NY
225 AM EDT WED JUN 3 2015


...................................

...THE LAGUARDIA NY CLIMATE SUMMARY FOR JUNE 2 2015...

CLIMATE NORMAL PERIOD 1981 TO 2010
CLIMATE RECORD PERIOD 1945 TO 2015


WEATHER ITEM   OBSERVED TIME   RECORD YEAR NORMAL DEPARTURE LAST
                VALUE   (LST)  VALUE       VALUE  FROM      YEAR
                                                  NORMAL
..................................................................
TEMPERATURE (F)
 YESTERDAY
  MAXIMUM         56    109 PM  94    1989  77    -21       79
  MINIMUM         50    801 AM  48    1946  59     -9       61
  AVERAGE         53                        68    -15       70

PRECIPITATION (IN)
  YESTERDAY        0.35          2.85 1946   0.14   0.21     0.00
  MONTH TO DATE    1.12                      0.28   0.84     0.00
  SINCE JUN 1      1.12                      0.28   0.84     0.00
  SINCE JAN 1     16.17                     17.97  -1.80    23.88

SNOWFALL (IN)
  YESTERDAY        0.0          MM      MM   0.0    0.0      0.0
  MONTH TO DATE    0.0                       0.0    0.0      0.0
  SINCE OCT 1     53.8                      26.9   26.9     52.4
  SINCE JUL 1     53.8                      26.9   26.9     52.4
  SNOW DEPTH       0

DEGREE DAYS
 HEATING
  YESTERDAY       12                         2     10        0
  MONTH TO DATE   22                         4     18        0
  SINCE JUN 1     22                         4     18        0
  SINCE JUL 1   4972                      4652    320     5016

 COOLING
  YESTERDAY        0                         5     -5        5
  MONTH TO DATE    0                         9     -9        7
  SINCE JUN 1      0                         9     -9        7
  SINCE JAN 1    122                        75     47       57
..................................................................


WIND (MPH)
  HIGHEST WIND SPEED    21   HIGHEST WIND DIRECTION    NE (50)
  HIGHEST GUST SPEED    24   HIGHEST GUST DIRECTION    NE (50)
  AVERAGE WIND SPEED     9.4


SKY COVER
  AVERAGE SKY COVER 1.0


WEATHER CONDITIONS
 THE FOLLOWING WEATHER WAS RECORDED YESTERDAY.
  RAIN
  LIGHT RAIN
  FOG


RELATIVE HUMIDITY (PERCENT)
 HIGHEST    93           100 AM
 LOWEST     83           100 PM
 AVERAGE    88

..........................................................


THE LAGUARDIA NY CLIMATE NORMALS FOR TODAY
                         NORMAL    RECORD    YEAR
 MAXIMUM TEMPERATURE (F)   77        93      1943
 MINIMUM TEMPERATURE (F)   60        49      1946


SUNRISE AND SUNSET
JUNE  3 2015..........SUNRISE   526 AM EDT   SUNSET   822 PM EDT
JUNE  4 2015..........SUNRISE   525 AM EDT   SUNSET   823 PM EDT


-  INDICATES NEGATIVE NUMBERS.
R  INDICATES RECORD WAS SET OR TIED.
MM INDICATES DATA IS MISSING.
T  INDICATES TRACE AMOUNT.




$$
