000
CDUS41 KOKX 240617
CLILGA


CLIMATE REPORT
NATIONAL WEATHER SERVICE NEW YORK NY
217 AM EDT FRI MAR 24 2017


...................................

...THE LAGUARDIA NY CLIMATE SUMMARY FOR MARCH 23 2017...

CLIMATE NORMAL PERIOD 1981 TO 2010
CLIMATE RECORD PERIOD 1939 TO 2017


WEATHER ITEM   OBSERVED TIME   RECORD YEAR NORMAL DEPARTURE LAST
                VALUE   (LST)  VALUE       VALUE  FROM      YEAR
                                                  NORMAL
..................................................................
TEMPERATURE (F)
 YESTERDAY
  MAXIMUM         45    457 PM  74    2012  52     -7       71
  MINIMUM         26    608 AM  20    1959  37    -11       49
  AVERAGE         36                        44     -8       60

PRECIPITATION (IN)
  YESTERDAY        0.00          1.06 1961   0.14  -0.14     0.00
  MONTH TO DATE    1.62                      2.88  -1.26     0.68
  SINCE MAR 1      1.62                      2.88  -1.26     0.68
  SINCE JAN 1      7.62                      8.81  -1.19     9.21

SNOWFALL (IN)
  YESTERDAY        0.0           1.5  1961   0.1   -0.1      0.0
  MONTH TO DATE    9.8                       3.8    6.0      1.8
  SINCE OCT 1     33.2                      25.8    7.4     36.2
  SINCE JUL 1     33.2                      25.8    7.4     36.2
  SNOW DEPTH       0

DEGREE DAYS
 HEATING
  YESTERDAY       29                        21      8        5
  MONTH TO DATE  587                       553     34      384
  SINCE MAR 1    587                       553     34      384
  SINCE JUL 1   3274                      3982   -708     3046

 COOLING
  YESTERDAY        0                         0      0        0
  MONTH TO DATE    0                         0      0        5
  SINCE MAR 1      0                         0      0        5
  SINCE JAN 1      0                         0      0        5
..................................................................


WIND (MPH)
  HIGHEST WIND SPEED    18   HIGHEST WIND DIRECTION    NW (310)
  HIGHEST GUST SPEED    26   HIGHEST GUST DIRECTION     N (340)
  AVERAGE WIND SPEED     9.6


SKY COVER
  AVERAGE SKY COVER 0.1


WEATHER CONDITIONS
 THE FOLLOWING WEATHER WAS RECORDED YESTERDAY.
  NO SIGNIFICANT WEATHER WAS OBSERVED.


RELATIVE HUMIDITY (PERCENT)
 HIGHEST    50          1000 PM
 LOWEST     16           400 PM
 AVERAGE    33

..........................................................


THE LAGUARDIA NY CLIMATE NORMALS FOR TODAY
                         NORMAL    RECORD    YEAR
 MAXIMUM TEMPERATURE (F)   52        74      1988
 MINIMUM TEMPERATURE (F)   37        22      2014


SUNRISE AND SUNSET
MARCH 24 2017.........SUNRISE   652 AM EDT   SUNSET   712 PM EDT
MARCH 25 2017.........SUNRISE   650 AM EDT   SUNSET   713 PM EDT


-  INDICATES NEGATIVE NUMBERS.
R  INDICATES RECORD WAS SET OR TIED.
MM INDICATES DATA IS MISSING.
T  INDICATES TRACE AMOUNT.




$$
