000
CDUS41 KOKX 240619
CLILGA


CLIMATE REPORT
NATIONAL WEATHER SERVICE NEW YORK NY
219 AM EDT TUE OCT 24 2017


...................................

...THE LAGUARDIA NY CLIMATE SUMMARY FOR OCTOBER 23 2017...

CLIMATE NORMAL PERIOD 1981 TO 2010
CLIMATE RECORD PERIOD 1939 TO 2017


WEATHER ITEM   OBSERVED TIME   RECORD YEAR NORMAL DEPARTURE LAST
                VALUE   (LST)  VALUE       VALUE  FROM      YEAR
                                                  NORMAL
..................................................................
TEMPERATURE (F)
 YESTERDAY
  MAXIMUM         75    135 PM  86    1947  63     12       64
  MINIMUM         61    214 AM  32    1969  49     12       48
  AVERAGE         68                        56     12       56

PRECIPITATION (IN)
  YESTERDAY        0.00          2.47 1990   0.12  -0.12     0.00
  MONTH TO DATE    0.71                      2.85  -2.14     2.74
  SINCE SEP 1      2.55                      6.58  -4.03     5.27
  SINCE JAN 1     35.54                     36.83  -1.29    28.99

SNOWFALL (IN)
  YESTERDAY        0.0          MM      MM   0.0    0.0      0.0
  MONTH TO DATE    0.0                       0.0    0.0      0.0
  SINCE OCT 1      0.0                       0.0    0.0      0.0
  SINCE JUL 1      0.0                       0.0    0.0      0.0
  SNOW DEPTH       0

DEGREE DAYS
 HEATING
  YESTERDAY        0                        10    -10        9
  MONTH TO DATE   31                       150   -119       66
  SINCE SEP 1     41                       184   -143       71
  SINCE JUL 1     41                       185   -144       71

 COOLING
  YESTERDAY        3                         0      3        0
  MONTH TO DATE   89                        20     69       47
  SINCE SEP 1    301                       177    124      323
  SINCE JAN 1   1432                      1210    222     1740
..................................................................


WIND (MPH)
  HIGHEST WIND SPEED    23   HIGHEST WIND DIRECTION     S (160)
  HIGHEST GUST SPEED    32   HIGHEST GUST DIRECTION     S (170)
  AVERAGE WIND SPEED    10.9


SKY COVER
  AVERAGE SKY COVER 0.8


WEATHER CONDITIONS
 THE FOLLOWING WEATHER WAS RECORDED YESTERDAY.
  NO SIGNIFICANT WEATHER WAS OBSERVED.


RELATIVE HUMIDITY (PERCENT)
 HIGHEST    97           200 AM
 LOWEST     64          1200 PM
 AVERAGE    81

..........................................................


THE LAGUARDIA NY CLIMATE NORMALS FOR TODAY
                         NORMAL    RECORD    YEAR
 MAXIMUM TEMPERATURE (F)   62        80      2001
 MINIMUM TEMPERATURE (F)   48        30      1969


SUNRISE AND SUNSET
OCTOBER 24 2017.......SUNRISE   717 AM EDT   SUNSET   602 PM EDT
OCTOBER 25 2017.......SUNRISE   718 AM EDT   SUNSET   601 PM EDT


-  INDICATES NEGATIVE NUMBERS.
R  INDICATES RECORD WAS SET OR TIED.
MM INDICATES DATA IS MISSING.
T  INDICATES TRACE AMOUNT.




$$
