000
CDUS46 KLOX 260906
CLILGB


CLIMATE REPORT
NATIONAL WEATHER SERVICE LOS ANGELES/OXNARD CA
206 AM PDT SUN OCT 26 2014


...................................

...THE LONG BEACH AIRPORT CA CLIMATE SUMMARY FOR OCTOBER 25 2014...

CLIMATE NORMAL PERIOD 1981 TO 2010
CLIMATE RECORD PERIOD 1958 TO 2014


WEATHER ITEM   OBSERVED TIME   RECORD YEAR NORMAL DEPARTURE LAST
                VALUE   (LST)  VALUE       VALUE  FROM      YEAR
                                                  NORMAL
..................................................................
TEMPERATURE (F)
 YESTERDAY
  MAXIMUM         81   1248 PM  95    1966  76      5       71
  MINIMUM         64    420 AM  45    1968  56      8       59
  AVERAGE         73                        66      7       65

PRECIPITATION (IN)
  YESTERDAY        0.00          0.08 2010   0.03  -0.03     0.00
  MONTH TO DATE    0.00                      0.46  -0.46     0.09
  SINCE JUL 1      0.19                      0.70  -0.51     0.16
  SINCE JAN 1      3.38                      9.14  -5.76     3.03

SNOWFALL (IN)
  YESTERDAY        0.0
  MONTH TO DATE    0.0
  SINCE SEP 1      0.0
  SINCE JUL 1      0.0

DEGREE DAYS
 HEATING
  YESTERDAY        0                         1     -1        0
  MONTH TO DATE    0                         9     -9       11
  SINCE SEP 1      0                        10    -10       11
  SINCE JUL 1      0                        10    -10       11

 COOLING
  YESTERDAY        8                         2      6        0
  MONTH TO DATE  193                        92    101       91
  SINCE SEP 1    560                       323    237      375
  SINCE JAN 1   1630                      1091    539     1185
..................................................................


WIND (MPH)
  HIGHEST WIND SPEED    16   HIGHEST WIND DIRECTION    NW (300)
  HIGHEST GUST SPEED    19   HIGHEST GUST DIRECTION    NW (300)
  AVERAGE WIND SPEED     6.1


SKY COVER
  POSSIBLE SUNSHINE  MM
  AVERAGE SKY COVER 0.3


WEATHER CONDITIONS
 THE FOLLOWING WEATHER WAS RECORDED YESTERDAY.
  FOG


RELATIVE HUMIDITY (PERCENT)
 HIGHEST    93           100 AM
 LOWEST     39           100 PM
 AVERAGE    66

..........................................................


THE LONG BEACH AIRPORT CA CLIMATE NORMALS FOR TODAY
                         NORMAL    RECORD    YEAR
 MAXIMUM TEMPERATURE (F)   76        93      1983
 MINIMUM TEMPERATURE (F)   56        47      1970


SUNRISE AND SUNSET
OCTOBER 26 2014.......SUNRISE   707 AM PDT   SUNSET   606 PM PDT
OCTOBER 27 2014.......SUNRISE   707 AM PDT   SUNSET   605 PM PDT


-  INDICATES NEGATIVE NUMBERS.
R  INDICATES RECORD WAS SET OR TIED.
MM INDICATES DATA IS MISSING.
T  INDICATES TRACE AMOUNT.




$$
