010
CDUS46 KLOX 220902
CLILGB


CLIMATE REPORT
NATIONAL WEATHER SERVICE LOS ANGELES/OXNARD CA
202 AM PDT SUN OCT 22 2017


...................................

...THE LONG BEACH AIRPORT CA CLIMATE SUMMARY FOR OCTOBER 21 2017...

CLIMATE NORMAL PERIOD 1981 TO 2010
CLIMATE RECORD PERIOD 1958 TO 2017


WEATHER ITEM   OBSERVED TIME   RECORD YEAR NORMAL DEPARTURE LAST
                VALUE   (LST)  VALUE       VALUE  FROM      YEAR
                                                  NORMAL
..................................................................
TEMPERATURE (F)
 YESTERDAY
  MAXIMUM         80    159 PM  99    1965  77      3       86
  MINIMUM         60    634 AM  49    1962  57      3       59
  AVERAGE         70                        67      3       73

PRECIPITATION (IN)
  YESTERDAY        0.00          0.12 1992   0.03  -0.03     0.00
  MONTH TO DATE    0.00                      0.37  -0.37     0.29
  SINCE OCT 1      0.00                      0.37  -0.37     0.29
  SINCE JAN 1     14.90                      9.05   5.85     4.28

SNOWFALL (IN)
  YESTERDAY        0.0
  MONTH TO DATE    0.0
  SINCE SEP 1      0.0
  SINCE JUL 1      0.0

DEGREE DAYS
 HEATING
  YESTERDAY        0                         1     -1        0
  MONTH TO DATE    0                         5     -5        1
  SINCE SEP 1      0                         6     -6        1
  SINCE JUL 1      0                         6     -6        1

 COOLING
  YESTERDAY        5                         3      2        8
  MONTH TO DATE  140                        82     58      119
  SINCE SEP 1    406                       313     93      382
  SINCE JAN 1   1372                      1081    291     1326
..................................................................


WIND (MPH)
  HIGHEST WIND SPEED    16   HIGHEST WIND DIRECTION     W (290)
  HIGHEST GUST SPEED    19   HIGHEST GUST DIRECTION     W (290)
  AVERAGE WIND SPEED     4.3


SKY COVER
  POSSIBLE SUNSHINE  MM
  AVERAGE SKY COVER 0.1


WEATHER CONDITIONS
 THE FOLLOWING WEATHER WAS RECORDED YESTERDAY.
  NO SIGNIFICANT WEATHER WAS OBSERVED.


RELATIVE HUMIDITY (PERCENT)
 HIGHEST    84          1200 AM
 LOWEST     35           400 PM
 AVERAGE    60

..........................................................


THE LONG BEACH AIRPORT CA CLIMATE NORMALS FOR TODAY
                         NORMAL    RECORD    YEAR
 MAXIMUM TEMPERATURE (F)   77       101      1965
 MINIMUM TEMPERATURE (F)   57        49      1996


SUNRISE AND SUNSET
OCTOBER 22 2017.......SUNRISE   703 AM PDT   SUNSET   610 PM PDT
OCTOBER 23 2017.......SUNRISE   704 AM PDT   SUNSET   609 PM PDT


-  INDICATES NEGATIVE NUMBERS.
R  INDICATES RECORD WAS SET OR TIED.
MM INDICATES DATA IS MISSING.
T  INDICATES TRACE AMOUNT.




$$
