000
CDUS46 KLOX 050112
CLILGB


CLIMATE REPORT
NATIONAL WEATHER SERVICE LOS ANGELES/OXNARD CA
612 PM PDT TUE AUG 4 2015


...................................

...THE LONG BEACH AIRPORT CA CLIMATE SUMMARY FOR AUGUST 4 2015...
VALID TODAY AS OF 0600 PM LOCAL TIME.

CLIMATE NORMAL PERIOD 1981 TO 2010
CLIMATE RECORD PERIOD 1958 TO 2015


WEATHER ITEM   OBSERVED TIME   RECORD YEAR NORMAL DEPARTURE LAST
                VALUE   (LST)  VALUE       VALUE  FROM      YEAR
                                                  NORMAL
..................................................................
TEMPERATURE (F)
 TODAY
  MAXIMUM         90    119 PM 100    1971  83      7       87
  MINIMUM         68    524 AM  57    1963  65      3       65
  AVERAGE         79                        74      5       76

PRECIPITATION (IN)
  TODAY            0.00          0.18 1961   0.00   0.00     0.00
  MONTH TO DATE    0.00                      0.00   0.00     0.07
  SINCE OCT 1      8.40                     12.05  -3.65     4.51
  SINCE JAN 1      3.14                      8.47  -5.33     3.27

SNOWFALL (IN)
  TODAY            0.0
  MONTH TO DATE    0.0
  SINCE JUN 1      0.0
  SINCE JUL 1      0.0

DEGREE DAYS
 HEATING
  TODAY            0                         0      0        0
  MONTH TO DATE    0                         0      0        0
  SINCE JUN 1      0                         6     -6        0
  SINCE JUL 1      0                         0      0        0

 COOLING
  TODAY           14                         9      5       11
  MONTH TO DATE   50                        36     14       44
  SINCE JUN 1    592                       411    181      511
  SINCE JAN 1    848                       514    334      780
..................................................................


WIND (MPH)
  HIGHEST WIND SPEED    20   HIGHEST WIND DIRECTION    NW (300)
  HIGHEST GUST SPEED    23   HIGHEST GUST DIRECTION    NW (310)
  AVERAGE WIND SPEED     6.6


SKY COVER
  POSSIBLE SUNSHINE  MM
  AVERAGE SKY COVER 0.0


WEATHER CONDITIONS
 THE FOLLOWING WEATHER WAS RECORDED TODAY.
  NO SIGNIFICANT WEATHER WAS OBSERVED.


RELATIVE HUMIDITY (PERCENT)
 HIGHEST    78           600 AM
 LOWEST     36           100 PM
 AVERAGE    57

..........................................................


THE LONG BEACH AIRPORT CA CLIMATE NORMALS FOR TOMORROW
                         NORMAL    RECORD    YEAR
 MAXIMUM TEMPERATURE (F)   83       100      1997
 MINIMUM TEMPERATURE (F)   65        59      2012
                                             2011
                                             1962


SUNRISE AND SUNSET
AUGUST  4 2015........SUNRISE   606 AM PDT   SUNSET   750 PM PDT
AUGUST  5 2015........SUNRISE   607 AM PDT   SUNSET   750 PM PDT


-  INDICATES NEGATIVE NUMBERS.
R  INDICATES RECORD WAS SET OR TIED.
MM INDICATES DATA IS MISSING.
T  INDICATES TRACE AMOUNT.




$$
