000
CDUS46 KLOX 280114
CLILGB


CLIMATE REPORT
NATIONAL WEATHER SERVICE LOS ANGELES/OXNARD CA
514 PM PST TUE JAN 27 2015


...................................

...THE LONG BEACH AIRPORT CA CLIMATE SUMMARY FOR JANUARY 27 2015...
VALID TODAY AS OF 0500 PM LOCAL TIME.

CLIMATE NORMAL PERIOD 1981 TO 2010
CLIMATE RECORD PERIOD 1958 TO 2015


WEATHER ITEM   OBSERVED TIME   RECORD YEAR NORMAL DEPARTURE LAST
                VALUE   (LST)  VALUE       VALUE  FROM      YEAR
                                                  NORMAL
..................................................................
TEMPERATURE (F)
 TODAY
  MAXIMUM         73    113 PM  85    1976  68      5       67
  MINIMUM         53    657 AM  36    1972  47      6       52
  AVERAGE         63                        57      6       60

PRECIPITATION (IN)
  TODAY            0.00          1.07 1983   0.08  -0.08     0.00
  MONTH TO DATE    0.85                      2.26  -1.41      T
  SINCE OCT 1      6.11                      5.84   0.27     1.24
  SINCE JAN 1      0.85                      2.26  -1.41      T

SNOWFALL (IN)
  TODAY            0.0
  MONTH TO DATE    0.0
  SINCE DEC 1      0.0
  SINCE JUL 1      0.0

DEGREE DAYS
 HEATING
  TODAY            2                         8     -6        5
  MONTH TO DATE  128                       224    -96      105
  SINCE DEC 1    310                       495   -185      323
  SINCE JUL 1    346                       644   -298      418

 COOLING
  TODAY            0                         0      0        0
  MONTH TO DATE    7                         0      7       15
  SINCE DEC 1     12                         1     11       27
  SINCE JAN 1      7                         0      7       15
..................................................................


WIND (MPH)
  HIGHEST WIND SPEED    14   HIGHEST WIND DIRECTION    NW (310)
  HIGHEST GUST SPEED    16   HIGHEST GUST DIRECTION     W (290)
  AVERAGE WIND SPEED     3.5


SKY COVER
  POSSIBLE SUNSHINE  MM
  AVERAGE SKY COVER 0.3


WEATHER CONDITIONS
 THE FOLLOWING WEATHER WAS RECORDED TODAY.
  FOG
  HAZE


RELATIVE HUMIDITY (PERCENT)
 HIGHEST    93           200 AM
 LOWEST     41           300 PM
 AVERAGE    67

..........................................................


THE LONG BEACH AIRPORT CA CLIMATE NORMALS FOR TOMORROW
                         NORMAL    RECORD    YEAR
 MAXIMUM TEMPERATURE (F)   67        88      1976
 MINIMUM TEMPERATURE (F)   47        36      1979


SUNRISE AND SUNSET
JANUARY 27 2015.......SUNRISE   653 AM PST   SUNSET   518 PM PST
JANUARY 28 2015.......SUNRISE   652 AM PST   SUNSET   519 PM PST


-  INDICATES NEGATIVE NUMBERS.
R  INDICATES RECORD WAS SET OR TIED.
MM INDICATES DATA IS MISSING.
T  INDICATES TRACE AMOUNT.




$$
