000
CDHW41 PHFO 240226
CLILIH


CLIMATE REPORT
NATIONAL WEATHER SERVICE HONOLULU HI
425 PM HST WED AUG 23 2017


...................................

...THE LIHUE HI CLIMATE SUMMARY FOR AUGUST 23 2017...
VALID TODAY AS OF 0400 PM LOCAL TIME.

CLIMATE NORMAL PERIOD 1981 TO 2010
CLIMATE RECORD PERIOD 1946 TO 2017


WEATHER ITEM   OBSERVED TIME   RECORD YEAR NORMAL DEPARTURE LAST
                VALUE   (LST)  VALUE       VALUE  FROM      YEAR
                                                  NORMAL
..................................................................
TEMPERATURE (F)
 TODAY
  MAXIMUM         87    301 PM  90    2015  85      2       86
  MINIMUM         80    328 PM  69    1964  75      5       76
  AVERAGE         84                        80      4       81

PRECIPITATION (IN)
  TODAY            T             1.27 1974   0.06  -0.06     0.10
  MONTH TO DATE    1.46                      1.64  -0.18     1.26
  SINCE JUN 1      3.11                      5.12  -2.01     4.04
  SINCE JAN 1     17.67                     20.96  -3.29    10.48

SNOWFALL (IN)
  TODAY            0.0
  MONTH TO DATE    0.0
  SINCE JUN 1      0.0
  SINCE JUL 1      0.0
  SNOW DEPTH      MM

DEGREE DAYS
 HEATING
  TODAY            0                         0      0        0
  MONTH TO DATE    0                         0      0        0
  SINCE JUN 1      0                         0      0        0
  SINCE JUL 1      0                         0      0        0

 COOLING
  TODAY           19                        15      4       16
  MONTH TO DATE  414                       344     70      357
  SINCE JUN 1   1264                      1177     87     1121
  SINCE JAN 1   2732                      2416    316     2523
..................................................................


WIND (MPH)
  HIGHEST WIND SPEED    21   HIGHEST WIND DIRECTION     E (70)
  HIGHEST GUST SPEED    25   HIGHEST GUST DIRECTION     E (70)
  AVERAGE WIND SPEED    MM


SKY COVER
  POSSIBLE SUNSHINE  MM
  AVERAGE SKY COVER  MM


WEATHER CONDITIONS
 THE FOLLOWING WEATHER WAS RECORDED TODAY.
  NO SIGNIFICANT WEATHER WAS OBSERVED.


RELATIVE HUMIDITY (PERCENT)
 HIGHEST    MM
 LOWEST     MM
 AVERAGE    MM

..........................................................


THE LIHUE HI CLIMATE NORMALS FOR TOMORROW
                         NORMAL    RECORD    YEAR
 MAXIMUM TEMPERATURE (F)   85        89      2016
                                             1981
                                             1959
 MINIMUM TEMPERATURE (F)   75        69      1951


SUNRISE AND SUNSET
AUGUST 23 2017........SUNRISE   618 AM HST   SUNSET   702 PM HST
AUGUST 24 2017........SUNRISE   618 AM HST   SUNSET   701 PM HST


-  INDICATES NEGATIVE NUMBERS.
R  INDICATES RECORD WAS SET OR TIED.
MM INDICATES DATA IS MISSING.
T  INDICATES TRACE AMOUNT.




$$
