000
CDHW41 PHFO 111245
CLILIH


CLIMATE REPORT
NATIONAL WEATHER SERVICE HONOLULU HI
245 AM HST MON DEC 11 2017


...................................

...THE LIHUE HI CLIMATE SUMMARY FOR DECEMBER 10 2017...

CLIMATE NORMAL PERIOD 1981 TO 2010
CLIMATE RECORD PERIOD 1946 TO 2017


WEATHER ITEM   OBSERVED TIME   RECORD YEAR NORMAL DEPARTURE LAST
                VALUE   (LST)  VALUE       VALUE  FROM      YEAR
                                                  NORMAL
..................................................................
TEMPERATURE (F)
 YESTERDAY
  MAXIMUM         75   1214 PM  MM    2010  79     -4       80
  MINIMUM         61   1052 PM  56    1972  68     -7       67
  AVERAGE         68                        74     -6       74

PRECIPITATION (IN)
  YESTERDAY        0.00          0.81 2010   0.17  -0.17     0.20
  MONTH TO DATE    0.08                      1.61  -1.53     0.79
  SINCE DEC 1      0.08                      1.61  -1.53     0.79
  SINCE JAN 1     22.25                     33.46 -11.21    13.02

SNOWFALL (IN)
  YESTERDAY        0.0
  MONTH TO DATE    0.0
  SINCE DEC 1      0.0
  SINCE JUL 1      0.0
  SNOW DEPTH      MM

DEGREE DAYS
 HEATING
  YESTERDAY        0                         0      0        0
  MONTH TO DATE    0                         0      0        0
  SINCE DEC 1      0                         0      0        0
  SINCE JUL 1      0                         0      0        0

 COOLING
  YESTERDAY        3                         9     -6        9
  MONTH TO DATE   38                        90    -52       92
  SINCE DEC 1     38                        90    -52       92
  SINCE JAN 1   4119                      3781    338     4052
..................................................................


WIND (MPH)
  HIGHEST WIND SPEED    15   HIGHEST WIND DIRECTION    NE (30)
  HIGHEST GUST SPEED    20   HIGHEST GUST DIRECTION     N (20)
  AVERAGE WIND SPEED     8.1


SKY COVER
  POSSIBLE SUNSHINE  MM
  AVERAGE SKY COVER  MM


WEATHER CONDITIONS
 THE FOLLOWING WEATHER WAS RECORDED YESTERDAY.
  NO SIGNIFICANT WEATHER WAS OBSERVED.


RELATIVE HUMIDITY (PERCENT)
 HIGHEST    MM
 LOWEST     MM
 AVERAGE    MM

..........................................................


THE LIHUE HI CLIMATE NORMALS FOR TODAY
                         NORMAL    RECORD    YEAR
 MAXIMUM TEMPERATURE (F)   79        84      1980
 MINIMUM TEMPERATURE (F)   68        55      1972


SUNRISE AND SUNSET
DECEMBER 11 2017......SUNRISE   706 AM HST   SUNSET   555 PM HST
DECEMBER 12 2017......SUNRISE   707 AM HST   SUNSET   556 PM HST


-  INDICATES NEGATIVE NUMBERS.
R  INDICATES RECORD WAS SET OR TIED.
MM INDICATES DATA IS MISSING.
T  INDICATES TRACE AMOUNT.




$$
