000
CDHW41 PHFO 070250
CLILIH


CLIMATE REPORT
NATIONAL WEATHER SERVICE HONOLULU HI
440 PM HST FRI MAR 6 2015


...................................

...THE LIHUE HI CLIMATE SUMMARY FOR MARCH 6 2015...
VALID TODAY AS OF 0400 PM LOCAL TIME.

CLIMATE NORMAL PERIOD 1981 TO 2010
CLIMATE RECORD PERIOD 1946 TO 2015


WEATHER ITEM   OBSERVED TIME   RECORD YEAR NORMAL DEPARTURE LAST
                VALUE   (LST)  VALUE       VALUE  FROM      YEAR
                                                  NORMAL
..................................................................
TEMPERATURE (F)
 TODAY
  MAXIMUM         77    248 PM  88    1986  78     -1       78
  MINIMUM         65    344 AM  60    1996  66     -1       61
                                      1987
                                      1984
  AVERAGE         71                        72     -1       70

PRECIPITATION (IN)
  TODAY            0.01          2.64 2003   0.14  -0.13     0.17
  MONTH TO DATE    0.43                      0.87  -0.44     0.34
  SINCE MAR 1      0.43                      0.87  -0.44     0.34
  SINCE JAN 1      2.34                      7.78  -5.44    10.74

SNOWFALL (IN)
  TODAY            0.0
  MONTH TO DATE    0.0
  SINCE MAR 1      0.0
  SINCE JUL 1      0.0
  SNOW DEPTH       0

DEGREE DAYS
 HEATING
  TODAY            0                         0      0        0
  MONTH TO DATE    0                         0      0        0
  SINCE MAR 1      0                         0      0        0
  SINCE JUL 1      0                         0      0        0

 COOLING
  TODAY            6                         7     -1        5
  MONTH TO DATE   54                        42     12       25
  SINCE MAR 1     54                        42     12       25
  SINCE JAN 1    510                       437     73      401
..................................................................


WIND (MPH)
  HIGHEST WIND SPEED    29   HIGHEST WIND DIRECTION     N (20)
  HIGHEST GUST SPEED    35   HIGHEST GUST DIRECTION     N (20)
  AVERAGE WIND SPEED    21.0


SKY COVER
  POSSIBLE SUNSHINE  MM
  AVERAGE SKY COVER 0.7


WEATHER CONDITIONS
 THE FOLLOWING WEATHER WAS RECORDED TODAY.
  NO SIGNIFICANT WEATHER WAS OBSERVED.


RELATIVE HUMIDITY (PERCENT)
 HIGHEST    73           400 AM
 LOWEST     46          1000 AM
 AVERAGE    60

..........................................................


THE LIHUE HI CLIMATE NORMALS FOR TOMORROW
                         NORMAL    RECORD    YEAR
 MAXIMUM TEMPERATURE (F)   78        85      1983
 MINIMUM TEMPERATURE (F)   66        58      1987
                                             1955


SUNRISE AND SUNSET
MARCH  6 2015.........SUNRISE   654 AM HST   SUNSET   643 PM HST
MARCH  7 2015.........SUNRISE   653 AM HST   SUNSET   644 PM HST


-  INDICATES NEGATIVE NUMBERS.
R  INDICATES RECORD WAS SET OR TIED.
MM INDICATES DATA IS MISSING.
T  INDICATES TRACE AMOUNT.




$$
