000
CDHW41 PHFO 030244
CLILIH


CLIMATE REPORT
NATIONAL WEATHER SERVICE HONOLULU HI
434 PM HST THU JUL 2 2015


...................................

...THE LIHUE HI CLIMATE SUMMARY FOR JULY 2 2015...
VALID TODAY AS OF 0400 PM LOCAL TIME.

CLIMATE NORMAL PERIOD 1981 TO 2010
CLIMATE RECORD PERIOD 1946 TO 2015


WEATHER ITEM   OBSERVED TIME   RECORD YEAR NORMAL DEPARTURE LAST
                VALUE   (LST)  VALUE       VALUE  FROM      YEAR
                                                  NORMAL
..................................................................
TEMPERATURE (F)
 TODAY
  MAXIMUM         86    321 PM  88    1981  84      2       84
  MINIMUM         70    620 AM  68    1968  74     -4       76
  AVERAGE         78                        79     -1       80

PRECIPITATION (IN)
  TODAY            0.00          0.60 1978   0.06  -0.06     0.00
  MONTH TO DATE    0.00                      0.11  -0.11      T
  SINCE JUN 1      0.98                      1.72  -0.74     3.13
  SINCE JAN 1      6.87                     17.56 -10.69    18.92

SNOWFALL (IN)
  TODAY            0.0
  MONTH TO DATE    0.0
  SINCE JUN 1      0.0
  SINCE JUL 1      0.0
  SNOW DEPTH       0

DEGREE DAYS
 HEATING
  TODAY            0                         0      0        0
  MONTH TO DATE    0                         0      0        0
  SINCE JUN 1      0                         0      0        0
  SINCE JUL 1      0                         0      0        0

 COOLING
  TODAY           13                        14     -1       15
  MONTH TO DATE   28                        28      0       29
  SINCE JUN 1    437                       422     15      409
  SINCE JAN 1   1860                      1661    199     1630
..................................................................


WIND (MPH)
  HIGHEST WIND SPEED    18   HIGHEST WIND DIRECTION     S (180)
  HIGHEST GUST SPEED    22   HIGHEST GUST DIRECTION     S (160)
  AVERAGE WIND SPEED     8.8


SKY COVER
  POSSIBLE SUNSHINE  MM
  AVERAGE SKY COVER 0.0


WEATHER CONDITIONS
 THE FOLLOWING WEATHER WAS RECORDED TODAY.
  NO SIGNIFICANT WEATHER WAS OBSERVED.


RELATIVE HUMIDITY (PERCENT)
 HIGHEST    84          1200 AM
 LOWEST     61          1200 PM
 AVERAGE    73

..........................................................


THE LIHUE HI CLIMATE NORMALS FOR TOMORROW
                         NORMAL    RECORD    YEAR
 MAXIMUM TEMPERATURE (F)   84        87      1981
 MINIMUM TEMPERATURE (F)   74        66      1968


SUNRISE AND SUNSET
JULY  2 2015..........SUNRISE   558 AM HST   SUNSET   725 PM HST
JULY  3 2015..........SUNRISE   558 AM HST   SUNSET   725 PM HST


-  INDICATES NEGATIVE NUMBERS.
R  INDICATES RECORD WAS SET OR TIED.
MM INDICATES DATA IS MISSING.
T  INDICATES TRACE AMOUNT.




$$
