000
CDUS44 KLZK 070634
CLILIT


CLIMATE REPORT
NATIONAL WEATHER SERVICE LITTLE ROCK AR
1233 AM CST SUN FEB 7 2016


...................................

...THE LITTLE ROCK ADAMS FIELD CLIMATE SUMMARY FOR FEBRUARY 6 2016...

CLIMATE NORMAL PERIOD 1981 TO 2010
CLIMATE RECORD PERIOD 1874 TO 2016


WEATHER ITEM   OBSERVED TIME   RECORD YEAR NORMAL DEPARTURE LAST
                VALUE   (LST)  VALUE       VALUE  FROM      YEAR
                                                  NORMAL
..................................................................
TEMPERATURE (F)
 YESTERDAY
  MAXIMUM         57    250 PM  79    1963  53      4       52
  MINIMUM         29    541 AM  12    1895  32     -3       25
  AVERAGE         43                        43      0       39

PRECIPITATION (IN)
  YESTERDAY        0.00          3.17 1884   0.12  -0.12     0.00
  MONTH TO DATE    T                         0.74  -0.74     0.55
  SINCE DEC 1     11.93                      9.26   2.67     6.68
  SINCE JAN 1      3.55                      4.29  -0.74     3.52

SNOWFALL (IN)
  YESTERDAY        0.0           3.5  2002   0.0    0.0      0.0
  MONTH TO DATE    0.0                       0.3   -0.3      0.0
  SINCE DEC 1      5.7                       2.1    3.6       T
  SINCE JUL 1      5.7                       2.1    3.6      0.1
  SNOW DEPTH       0

DEGREE DAYS
 HEATING
  YESTERDAY       22                        22      0       26
  MONTH TO DATE  101                       137    -36      151
  SINCE DEC 1   1213                      1569   -356     1480
  SINCE JUL 1   1537                      2083   -546     2051

 COOLING
  YESTERDAY        0                         0      0        0
  MONTH TO DATE    0                         0      0        0
  SINCE DEC 1     12                         3      9        0
  SINCE JAN 1      1                         1      0        0
..................................................................


WIND (MPH)
  HIGHEST WIND SPEED    10   HIGHEST WIND DIRECTION    NE (40)
  HIGHEST GUST SPEED    14   HIGHEST GUST DIRECTION    NE (30)
  AVERAGE WIND SPEED     2.3


SKY COVER
  POSSIBLE SUNSHINE  MM
  AVERAGE SKY COVER 0.4


WEATHER CONDITIONS
 THE FOLLOWING WEATHER WAS RECORDED YESTERDAY.
  NO SIGNIFICANT WEATHER WAS OBSERVED.


RELATIVE HUMIDITY (PERCENT)
 HIGHEST    85           700 AM
 LOWEST     22           400 PM
 AVERAGE    54

..........................................................


THE LITTLE ROCK ADAMS FIELD CLIMATE NORMALS FOR TODAY
                         NORMAL    RECORD    YEAR
 MAXIMUM TEMPERATURE (F)   53        78      1937
 MINIMUM TEMPERATURE (F)   33        -2      1895


SUNRISE AND SUNSET
FEBRUARY  7 2016......SUNRISE   703 AM CST   SUNSET   544 PM CST
FEBRUARY  8 2016......SUNRISE   702 AM CST   SUNSET   545 PM CST


-  INDICATES NEGATIVE NUMBERS.
R  INDICATES RECORD WAS SET OR TIED.
MM INDICATES DATA IS MISSING.
T  INDICATES TRACE AMOUNT.




$$
