644
CDUS44 KLZK 200643
CLILIT


CLIMATE REPORT
NATIONAL WEATHER SERVICE LITTLE ROCK AR
1243 AM CST MON NOV 20 2017


...................................

...THE LITTLE ROCK ADAMS FIELD CLIMATE SUMMARY FOR NOVEMBER 19 2017...

CLIMATE NORMAL PERIOD 1981 TO 2010
CLIMATE RECORD PERIOD 1874 TO 2017


WEATHER ITEM   OBSERVED TIME   RECORD YEAR NORMAL DEPARTURE LAST
                VALUE   (LST)  VALUE       VALUE  FROM      YEAR
                                                  NORMAL
..................................................................
TEMPERATURE (F)
 YESTERDAY
  MAXIMUM         58    344 PM  82    1942  61     -3       56
  MINIMUM         34    435 AM  12    1880  41     -7       34
  AVERAGE         46                        51     -5       45

PRECIPITATION (IN)
  YESTERDAY        0.00          6.23 1988   0.19  -0.19     0.00
  MONTH TO DATE    0.42                      3.24  -2.82     0.11
  SINCE SEP 1      2.24                     11.33  -9.09     3.33
  SINCE JAN 1     39.53                     42.74  -3.21    49.28

SNOWFALL (IN)
  YESTERDAY        0.0           T    1937   0.0    0.0      0.0
  MONTH TO DATE    0.0                       0.0    0.0      0.0
  SINCE SEP 1      T                         0.0    0.0      0.0
  SINCE JUL 1      T                         0.0    0.0      0.0
  SNOW DEPTH       0

DEGREE DAYS
 HEATING
  YESTERDAY       19                        14      5       20
  MONTH TO DATE  166                       204    -38      124
  SINCE SEP 1    311                       336    -25      157
  SINCE JUL 1    311                       336    -25      157

 COOLING
  YESTERDAY        0                         0      0        0
  MONTH TO DATE   34                         9     25       16
  SINCE SEP 1    460                       402     58      597
  SINCE JAN 1   2028                      2203   -175     2650
..................................................................


WIND (MPH)
  HIGHEST WIND SPEED    18   HIGHEST WIND DIRECTION    NW (330)
  HIGHEST GUST SPEED    25   HIGHEST GUST DIRECTION    NW (310)
  AVERAGE WIND SPEED     6.7


SKY COVER
  POSSIBLE SUNSHINE  MM
  AVERAGE SKY COVER 0.1


WEATHER CONDITIONS
 THE FOLLOWING WEATHER WAS RECORDED YESTERDAY.
  NO SIGNIFICANT WEATHER WAS OBSERVED.


RELATIVE HUMIDITY (PERCENT)
 HIGHEST    89          1100 PM
 LOWEST     21           400 PM
 AVERAGE    55

..........................................................


THE LITTLE ROCK ADAMS FIELD CLIMATE NORMALS FOR TODAY
                         NORMAL    RECORD    YEAR
 MAXIMUM TEMPERATURE (F)   61        79      1990
 MINIMUM TEMPERATURE (F)   41        21      1914
                                             1880


SUNRISE AND SUNSET
NOVEMBER 20 2017......SUNRISE   648 AM CST   SUNSET   501 PM CST
NOVEMBER 21 2017......SUNRISE   649 AM CST   SUNSET   501 PM CST


-  INDICATES NEGATIVE NUMBERS.
R  INDICATES RECORD WAS SET OR TIED.
MM INDICATES DATA IS MISSING.
T  INDICATES TRACE AMOUNT.




$$
