000
CDUS44 KLZK 282202
CLILIT


CLIMATE REPORT
NATIONAL WEATHER SERVICE LITTLE ROCK AR
402 PM CST SUN DEC 28 2014


...................................

...THE LITTLE ROCK ADAMS FIELD CLIMATE SUMMARY FOR DECEMBER 28 2014...
VALID TODAY AS OF 0400 PM LOCAL TIME.

CLIMATE NORMAL PERIOD 1981 TO 2010
CLIMATE RECORD PERIOD 1874 TO 2014


WEATHER ITEM   OBSERVED TIME   RECORD YEAR NORMAL DEPARTURE LAST
                VALUE   (LST)  VALUE       VALUE  FROM      YEAR
                                                  NORMAL
..................................................................
TEMPERATURE (F)
 TODAY
  MAXIMUM         41    159 PM  74    1984  50     -9       50
                                      1946
  MINIMUM         37    858 AM   8    1925  32      5       33
  AVERAGE         39                        41     -2       42

PRECIPITATION (IN)
  TODAY            0.00          4.55 1884   0.14  -0.14     0.00
  MONTH TO DATE    3.16                      4.57  -1.41     6.94
  SINCE DEC 1      3.16                      4.57  -1.41     6.94
  SINCE JAN 1     48.13                     49.35  -1.22    52.78

SNOWFALL (IN)
  TODAY            0.0           4.0  1876   0.0    0.0      0.0
  MONTH TO DATE    0.0                       0.1   -0.1      1.2
  SINCE DEC 1      0.0                       0.1   -0.1      1.2
  SINCE JUL 1      0.1                       0.1    0.0      1.2
  SNOW DEPTH       0

DEGREE DAYS
 HEATING
  TODAY           26                        24      2       23
  MONTH TO DATE  518                       610    -92      607
  SINCE DEC 1    518                       610    -92      607
  SINCE JUL 1   1089                      1124    -35     1191

 COOLING
  TODAY            0                         0      0        0
  MONTH TO DATE    0                         0      0        5
  SINCE DEC 1      0                         0      0        5
  SINCE JAN 1   2050                      2204   -154     2207
..................................................................


WIND (MPH)
  HIGHEST WIND SPEED    16   HIGHEST WIND DIRECTION    NW (330)
  HIGHEST GUST SPEED    20   HIGHEST GUST DIRECTION    NW (330)
  AVERAGE WIND SPEED     8.3


SKY COVER
  POSSIBLE SUNSHINE  MM
  AVERAGE SKY COVER 1.0


WEATHER CONDITIONS
 THE FOLLOWING WEATHER WAS RECORDED TODAY.
  NO SIGNIFICANT WEATHER WAS OBSERVED.


RELATIVE HUMIDITY (PERCENT)
 HIGHEST    79          1200 AM
 LOWEST     70           600 AM
 AVERAGE    75

..........................................................


THE LITTLE ROCK ADAMS FIELD CLIMATE NORMALS FOR TOMORROW
                         NORMAL    RECORD    YEAR
 MAXIMUM TEMPERATURE (F)   50        78      1984
 MINIMUM TEMPERATURE (F)   32         6      1880


SUNRISE AND SUNSET
DECEMBER 28 2014......SUNRISE   715 AM CST   SUNSET   506 PM CST
DECEMBER 29 2014......SUNRISE   715 AM CST   SUNSET   507 PM CST


-  INDICATES NEGATIVE NUMBERS.
R  INDICATES RECORD WAS SET OR TIED.
MM INDICATES DATA IS MISSING.
T  INDICATES TRACE AMOUNT.




$$
