712
CDUS44 KLZK 280647
CLILIT


CLIMATE REPORT
NATIONAL WEATHER SERVICE LITTLE ROCK AR
146 AM CDT THU APR 28 2016


...................................

...THE LITTLE ROCK ADAMS FIELD CLIMATE SUMMARY FOR APRIL 27 2016...

CLIMATE NORMAL PERIOD 1981 TO 2010
CLIMATE RECORD PERIOD 1874 TO 2016


WEATHER ITEM   OBSERVED TIME   RECORD YEAR NORMAL DEPARTURE LAST
                VALUE   (LST)  VALUE       VALUE  FROM      YEAR
                                                  NORMAL
..................................................................
TEMPERATURE (F)
 YESTERDAY
  MAXIMUM         83    502 PM  93    1987  76      7       66
  MINIMUM         64   1059 PM  40    1976  55      9       53
  AVERAGE         74                        65      9       60

PRECIPITATION (IN)
  YESTERDAY        0.19          1.78 1942   0.18   0.01     0.05
  MONTH TO DATE    2.14                      4.62  -2.48     5.29
  SINCE MAR 1     14.47                      9.30   5.17    13.39
  SINCE JAN 1     20.16                     16.51   3.65    20.20

SNOWFALL (IN)
  YESTERDAY        0.0          MM      MM   0.0    0.0      0.0
  MONTH TO DATE    0.0                       0.0    0.0       T
  SINCE MAR 1      0.0                       0.4   -0.4      5.7
  SINCE JUL 1      5.7                       3.5    2.2     11.1
  SNOW DEPTH       0

DEGREE DAYS
 HEATING
  YESTERDAY        0                         2     -2        5
  MONTH TO DATE   70                       139    -69       67
  SINCE MAR 1    294                       514   -220      462
  SINCE JUL 1   2183                      3027   -844     3108

 COOLING
  YESTERDAY        9                         3      6        0
  MONTH TO DATE   53                        47      6       75
  SINCE MAR 1     74                        61     13       89
  SINCE JAN 1     80                        63     17       89
..................................................................


WIND (MPH)
  HIGHEST WIND SPEED    21   HIGHEST WIND DIRECTION     S (190)
  HIGHEST GUST SPEED    29   HIGHEST GUST DIRECTION    NW (300)
  AVERAGE WIND SPEED     8.8


SKY COVER
  POSSIBLE SUNSHINE  MM
  AVERAGE SKY COVER 0.6


WEATHER CONDITIONS
 THE FOLLOWING WEATHER WAS RECORDED YESTERDAY.
  THUNDERSTORM
  HEAVY RAIN
  LIGHT RAIN
  FOG


RELATIVE HUMIDITY (PERCENT)
 HIGHEST    84          1200 AM
 LOWEST     42           600 PM
 AVERAGE    63

..........................................................


THE LITTLE ROCK ADAMS FIELD CLIMATE NORMALS FOR TODAY
                         NORMAL    RECORD    YEAR
 MAXIMUM TEMPERATURE (F)   76        90      1989
                                             1887
 MINIMUM TEMPERATURE (F)   55        41      1992


SUNRISE AND SUNSET
APRIL 28 2016.........SUNRISE   621 AM CDT   SUNSET   752 PM CDT
APRIL 29 2016.........SUNRISE   620 AM CDT   SUNSET   753 PM CDT


-  INDICATES NEGATIVE NUMBERS.
R  INDICATES RECORD WAS SET OR TIED.
MM INDICATES DATA IS MISSING.
T  INDICATES TRACE AMOUNT.




$$
