000
CDUS45 KPIH 210735
CLILLJ


CLIMATE REPORT
NATIONAL WEATHER SERVICE POCATELLO ID
1233 AM MST SUN DEC 21 2014


...................................

...THE CHALLIS ID CLIMATE SUMMARY FOR DECEMBER 20 2014...

CLIMATE NORMAL PERIOD 1981 TO 2010
CLIMATE RECORD PERIOD 1898 TO 2014


WEATHER ITEM   OBSERVED TIME   RECORD YEAR NORMAL DEPARTURE LAST
                VALUE   (LST)  VALUE       VALUE  FROM      YEAR
                                                  NORMAL
..................................................................
TEMPERATURE (F)
 YESTERDAY
  MAXIMUM         34    313 PM  55    1917  27      7       24
  MINIMUM         21    526 AM -26    1924   7     14        9
  AVERAGE         28                        17     11       17

PRECIPITATION (IN)
  YESTERDAY        0.01          0.33 1981   0.03  -0.02     0.08
  MONTH TO DATE    0.29                      0.49  -0.20     0.26
  SINCE OCT 1      1.38                      1.68  -0.30     0.71
  SINCE JAN 1      7.31                      9.81  -2.50     4.91

SNOWFALL (IN)
  YESTERDAY       MM
  MONTH TO DATE   MM
  SINCE DEC 1     MM
  SINCE JUL 1     MM
  SNOW DEPTH      MM

DEGREE DAYS
 HEATING
  YESTERDAY       37                        48    -11       48
  MONTH TO DATE  708                       923   -215     1048
  SINCE DEC 1    708                       923   -215     1048
  SINCE JUL 1   2542                      2966   -424     2974

 COOLING
  YESTERDAY        0                         0      0        0
  MONTH TO DATE    0                         0      0        0
  SINCE DEC 1      0                         0      0        0
  SINCE JAN 1    310                       248     62      420
..................................................................


WIND (MPH)
  HIGHEST WIND SPEED     6   HIGHEST WIND DIRECTION    NW (310)
  HIGHEST GUST SPEED     7   HIGHEST GUST DIRECTION    NW (300)
  AVERAGE WIND SPEED     1.2


SKY COVER
  POSSIBLE SUNSHINE  MM
  AVERAGE SKY COVER 0.8


WEATHER CONDITIONS
 THE FOLLOWING WEATHER WAS RECORDED YESTERDAY.
  LIGHT SNOW
  FOG


RELATIVE HUMIDITY (PERCENT)
 HIGHEST    96           100 AM
 LOWEST     69           200 PM
 AVERAGE    83

..........................................................


THE CHALLIS ID CLIMATE NORMALS FOR TODAY
                         NORMAL    RECORD    YEAR
 MAXIMUM TEMPERATURE (F)   27        50      1934
 MINIMUM TEMPERATURE (F)    7       -28      1990


SUNRISE AND SUNSET
DECEMBER 21 2014......SUNRISE   810 AM MST   SUNSET   500 PM MST
DECEMBER 22 2014......SUNRISE   811 AM MST   SUNSET   500 PM MST


-  INDICATES NEGATIVE NUMBERS.
R  INDICATES RECORD WAS SET OR TIED.
MM INDICATES DATA IS MISSING.
T  INDICATES TRACE AMOUNT.




$$
