000
CDUS45 KPIH 210731
CLILLJ


CLIMATE REPORT
NATIONAL WEATHER SERVICE POCATELLO ID
130 AM MDT SAT OCT 21 2017


...................................

...THE CHALLIS ID CLIMATE SUMMARY FOR OCTOBER 20 2017...

CLIMATE NORMAL PERIOD 1981 TO 2010
CLIMATE RECORD PERIOD 1898 TO 2017


WEATHER ITEM   OBSERVED TIME   RECORD YEAR NORMAL DEPARTURE LAST
                VALUE   (LST)  VALUE       VALUE  FROM      YEAR
                                                  NORMAL
..................................................................
TEMPERATURE (F)
 YESTERDAY
  MAXIMUM         56    549 AM  79    2003  57     -1       51
  MINIMUM         27   1153 PM  17    1982  28     -1       26
  AVERAGE         42                        43     -1       39

PRECIPITATION (IN)
  YESTERDAY        0.03          0.30 1914   0.03   0.00     0.00
  MONTH TO DATE    0.28                      0.39  -0.11     1.01
  SINCE OCT 1      0.28                      0.39  -0.11     1.01
  SINCE JAN 1      7.36                      8.52  -1.16     4.99

SNOWFALL (IN)
  YESTERDAY       MM
  MONTH TO DATE   MM
  SINCE SEP 1     MM
  SINCE JUL 1     MM
  SNOW DEPTH      MM

DEGREE DAYS
 HEATING
  YESTERDAY       23                        22      1       26
  MONTH TO DATE  459                       372     87      398
  SINCE SEP 1    766                       648    118      670
  SINCE JUL 1    770                       721     49      732

 COOLING
  YESTERDAY        0                         0      0        0
  MONTH TO DATE    0                         0      0        0
  SINCE SEP 1     37                         6     31        4
  SINCE JAN 1    378                       248    130      277
..................................................................


WIND (MPH)
  HIGHEST WIND SPEED    30   HIGHEST WIND DIRECTION     W (260)
  HIGHEST GUST SPEED    42   HIGHEST GUST DIRECTION     W (270)
  AVERAGE WIND SPEED     8.1


SKY COVER
  POSSIBLE SUNSHINE  MM
  AVERAGE SKY COVER 0.4


WEATHER CONDITIONS
 THE FOLLOWING WEATHER WAS RECORDED YESTERDAY.
  RAIN
  LIGHT RAIN


RELATIVE HUMIDITY (PERCENT)
 HIGHEST    78          1000 PM
 LOWEST     29          1200 AM
 AVERAGE    54

..........................................................


THE CHALLIS ID CLIMATE NORMALS FOR TODAY
                         NORMAL    RECORD    YEAR
 MAXIMUM TEMPERATURE (F)   57        76      2003
 MINIMUM TEMPERATURE (F)   28        14      1945


SUNRISE AND SUNSET
OCTOBER 21 2017.......SUNRISE   800 AM MDT   SUNSET   642 PM MDT
OCTOBER 22 2017.......SUNRISE   801 AM MDT   SUNSET   640 PM MDT


-  INDICATES NEGATIVE NUMBERS.
R  INDICATES RECORD WAS SET OR TIED.
MM INDICATES DATA IS MISSING.
T  INDICATES TRACE AMOUNT.




$$
