812
CDUS45 KPIH 312321
CLILLJ


CLIMATE REPORT
NATIONAL WEATHER SERVICE POCATELLO ID
521 PM MDT TUE MAY 31 2016


...................................

...THE CHALLIS ID CLIMATE SUMMARY FOR MAY 31 2016...
VALID TODAY AS OF 0500 PM LOCAL TIME.

CLIMATE NORMAL PERIOD 1981 TO 2010
CLIMATE RECORD PERIOD 1898 TO 2016


WEATHER ITEM   OBSERVED TIME   RECORD YEAR NORMAL DEPARTURE LAST
                VALUE   (LST)  VALUE       VALUE  FROM      YEAR
                                                  NORMAL
..................................................................
TEMPERATURE (F)
 TODAY
  MAXIMUM         73    359 PM  90    1986  70      3       85
  MINIMUM         38    526 AM  29    1919  42     -4       50
  AVERAGE         56                        56      0       68

PRECIPITATION (IN)
  TODAY            0.00          0.58 1980   0.05  -0.05     0.00
  MONTH TO DATE    1.25                      1.48  -0.23     1.01
  SINCE OCT 1      5.36                      6.07  -0.71     4.05
  SINCE JAN 1      3.02                      4.14  -1.12     2.26

SNOWFALL (IN)
  TODAY           MM
  MONTH TO DATE   MM
  SINCE MAR 1     MM
  SINCE JUL 1     MM
  SNOW DEPTH      MM

DEGREE DAYS
 HEATING
  TODAY            9                         9      0        0
  MONTH TO DATE  368                       405    -37      339
  SINCE MAR 1   1690                      1947   -257     1663
  SINCE JUL 1   7625                      7996   -371     6801

 COOLING
  TODAY            0                         0      0        3
  MONTH TO DATE    0                         2     -2        3
  SINCE MAR 1      0                         2     -2        3
  SINCE JAN 1      0                         2     -2        3
..................................................................


WIND (MPH)
  HIGHEST WIND SPEED     9   HIGHEST WIND DIRECTION    SE (150)
  HIGHEST GUST SPEED    12   HIGHEST GUST DIRECTION    NW (300)
  AVERAGE WIND SPEED     2.6


SKY COVER
  POSSIBLE SUNSHINE  MM
  AVERAGE SKY COVER 0.0


WEATHER CONDITIONS
 THE FOLLOWING WEATHER WAS RECORDED TODAY.
  NO SIGNIFICANT WEATHER WAS OBSERVED.


RELATIVE HUMIDITY (PERCENT)
 HIGHEST    65           600 AM
 LOWEST     16           400 PM
 AVERAGE    41

..........................................................


THE CHALLIS ID CLIMATE NORMALS FOR TOMORROW
                         NORMAL    RECORD    YEAR
 MAXIMUM TEMPERATURE (F)   71        90      2001
                                             1986
 MINIMUM TEMPERATURE (F)   42        24      1920
                                             1951


SUNRISE AND SUNSET
MAY 31 2016...........SUNRISE   555 AM MDT   SUNSET   914 PM MDT
JUNE  1 2016..........SUNRISE   555 AM MDT   SUNSET   915 PM MDT


-  INDICATES NEGATIVE NUMBERS.
R  INDICATES RECORD WAS SET OR TIED.
MM INDICATES DATA IS MISSING.
T  INDICATES TRACE AMOUNT.




$$
