000
CDUS45 KPIH 070743
CLILLJ


CLIMATE REPORT
NATIONAL WEATHER SERVICE POCATELLO ID
1239 AM MST WED DEC 7 2016


...................................

...THE CHALLIS ID CLIMATE SUMMARY FOR DECEMBER 6 2016...

CLIMATE NORMAL PERIOD 1981 TO 2010
CLIMATE RECORD PERIOD 1898 TO 2016


WEATHER ITEM   OBSERVED TIME   RECORD YEAR NORMAL DEPARTURE LAST
                VALUE   (LST)  VALUE       VALUE  FROM      YEAR
                                                  NORMAL
..................................................................
TEMPERATURE (F)
 YESTERDAY
  MAXIMUM         15        MM  58    1939  29    -14       40
  MINIMUM          4        MM -20    1972  11     -7       11
  AVERAGE         10                        20    -10       26

PRECIPITATION (IN)
  YESTERDAY        T             0.41 1922   0.02  -0.02     0.00
  MONTH TO DATE    0.03                      0.15  -0.12      T
  SINCE OCT 1      2.11                      1.34   0.77     1.51
  SINCE JAN 1      6.09                      9.47  -3.38     6.39

SNOWFALL (IN)
  YESTERDAY       MM
  MONTH TO DATE   MM
  SINCE DEC 1     MM
  SINCE JUL 1     MM
  SNOW DEPTH      MM

DEGREE DAYS
 HEATING
  YESTERDAY       55                        45     10       39
  MONTH TO DATE  256                       264     -8      281
  SINCE DEC 1    256                       264     -8      281
  SINCE JUL 1   2043                      2307   -264     2147

 COOLING
  YESTERDAY        0                         0      0        0
  MONTH TO DATE    0                         0      0        0
  SINCE DEC 1      0                         0      0        0
  SINCE JAN 1    277                       248     29      315
..................................................................


WIND (MPH)
  HIGHEST WIND SPEED     5   HIGHEST WIND DIRECTION    NW (320)
  HIGHEST GUST SPEED    MM   HIGHEST GUST DIRECTION    MM
  AVERAGE WIND SPEED     1.0


SKY COVER
  POSSIBLE SUNSHINE  MM
  AVERAGE SKY COVER 0.8


WEATHER CONDITIONS
 THE FOLLOWING WEATHER WAS RECORDED YESTERDAY.
  LIGHT SNOW
  FOG


RELATIVE HUMIDITY (PERCENT)
 HIGHEST    96           600 PM
 LOWEST     66          1000 AM
 AVERAGE    81

..........................................................


THE CHALLIS ID CLIMATE NORMALS FOR TODAY
                         NORMAL    RECORD    YEAR
 MAXIMUM TEMPERATURE (F)   28        53      1987
 MINIMUM TEMPERATURE (F)   11       -20      2005


SUNRISE AND SUNSET
DECEMBER  7 2016......SUNRISE   800 AM MST   SUNSET   457 PM MST
DECEMBER  8 2016......SUNRISE   801 AM MST   SUNSET   457 PM MST


-  INDICATES NEGATIVE NUMBERS.
R  INDICATES RECORD WAS SET OR TIED.
MM INDICATES DATA IS MISSING.
T  INDICATES TRACE AMOUNT.




$$
