403
CDUS45 KPIH 232323
CLILLJ


CLIMATE REPORT
NATIONAL WEATHER SERVICE POCATELLO ID
423 PM MST FRI FEB 23 2018


...................................

...THE CHALLIS ID CLIMATE SUMMARY FOR FEBRUARY 23 2018...
VALID TODAY AS OF 0400 PM LOCAL TIME.

CLIMATE NORMAL PERIOD 1981 TO 2010
CLIMATE RECORD PERIOD 1898 TO 2018


WEATHER ITEM   OBSERVED TIME   RECORD YEAR NORMAL DEPARTURE LAST
                VALUE   (LST)  VALUE       VALUE  FROM      YEAR
                                                  NORMAL
..................................................................
TEMPERATURE (F)
 TODAY
  MAXIMUM         30    359 PM  61    1954  39     -9       29
  MINIMUM          7    808 AM -13    1922  16     -9       24
  AVERAGE         19                        28     -9       27

PRECIPITATION (IN)
  TODAY            0.00          0.34 1901   0.03  -0.03     0.01
  MONTH TO DATE    0.19                      0.49  -0.30     0.98
  SINCE OCT 1      1.53                      2.93  -1.40     5.89
  SINCE JAN 1      0.39                      1.00  -0.61     2.48

SNOWFALL (IN)
  TODAY           MM
  MONTH TO DATE   MM
  SINCE DEC 1     MM
  SINCE JUL 1     MM
  SNOW DEPTH      MM

DEGREE DAYS
 HEATING
  TODAY           46                        37      9       38
  MONTH TO DATE  773                       946   -173      839
  SINCE DEC 1   3164                      3825   -661     4440
  SINCE JUL 1   5070                      5868   -798     6227

 COOLING
  TODAY            0                         0      0        0
  MONTH TO DATE    0                         0      0        0
  SINCE DEC 1      0                         0      0        0
  SINCE JAN 1      0                         0      0        0
..................................................................


WIND (MPH)
  HIGHEST WIND SPEED     9   HIGHEST WIND DIRECTION     S (190)
  HIGHEST GUST SPEED    12   HIGHEST GUST DIRECTION     S (180)
  AVERAGE WIND SPEED     2.4


SKY COVER
  POSSIBLE SUNSHINE  MM
  AVERAGE SKY COVER 0.2


WEATHER CONDITIONS
 THE FOLLOWING WEATHER WAS RECORDED TODAY.
  NO SIGNIFICANT WEATHER WAS OBSERVED.


RELATIVE HUMIDITY (PERCENT)
 HIGHEST    70          1200 AM
 LOWEST     31           400 PM
 AVERAGE    51

..........................................................


THE CHALLIS ID CLIMATE NORMALS FOR TOMORROW
                         NORMAL    RECORD    YEAR
 MAXIMUM TEMPERATURE (F)   39        60      1995
 MINIMUM TEMPERATURE (F)   17        -8      1952


SUNRISE AND SUNSET
FEBRUARY 23 2018......SUNRISE   724 AM MST   SUNSET   617 PM MST
FEBRUARY 24 2018......SUNRISE   722 AM MST   SUNSET   618 PM MST


-  INDICATES NEGATIVE NUMBERS.
R  INDICATES RECORD WAS SET OR TIED.
MM INDICATES DATA IS MISSING.
T  INDICATES TRACE AMOUNT.




$$
