000
CDUS45 KPIH 280736
CLILLJ


CLIMATE REPORT
NATIONAL WEATHER SERVICE POCATELLO ID
135 AM MDT THU AUG 28 2014


...................................

...THE CHALLIS ID CLIMATE SUMMARY FOR AUGUST 27 2014...

CLIMATE NORMAL PERIOD 1981 TO 2010
CLIMATE RECORD PERIOD 1898 TO 2014


WEATHER ITEM   OBSERVED TIME   RECORD YEAR NORMAL DEPARTURE LAST
                VALUE   (LST)  VALUE       VALUE  FROM      YEAR
                                                  NORMAL
..................................................................
TEMPERATURE (F)
 YESTERDAY
  MAXIMUM         81    626 PM  95    2001  81      0       87
  MINIMUM         46    631 AM  33    1954  45      1       50
  AVERAGE         64                        63      1       69

PRECIPITATION (IN)
  YESTERDAY        0.00          0.40 1932   0.03  -0.03      T
  MONTH TO DATE    1.59                      0.68   0.91     0.21
  SINCE OCT 1      5.44                      9.21  -3.77     4.56
  SINCE JAN 1      4.71                      7.28  -2.57     2.49

SNOWFALL (IN)
  YESTERDAY       MM
  MONTH TO DATE   MM
  SINCE JUN 1     MM
  SINCE JUL 1     MM
  SNOW DEPTH      MM

DEGREE DAYS
 HEATING
  YESTERDAY        1                         3     -2        0
  MONTH TO DATE   62                        36     26        6
  SINCE JUN 1    229                       222      7      127
  SINCE JUL 1     63                        57      6        6

 COOLING
  YESTERDAY        0                         1     -1        4
  MONTH TO DATE   66                        81    -15      107
  SINCE JUN 1    301                       235     66      371
  SINCE JAN 1    301                       237     64      373
..................................................................


WIND (MPH)
  HIGHEST WIND SPEED     8   HIGHEST WIND DIRECTION    NW (300)
  HIGHEST GUST SPEED    11   HIGHEST GUST DIRECTION     E (100)
  AVERAGE WIND SPEED     1.6


SKY COVER
  POSSIBLE SUNSHINE  MM
  AVERAGE SKY COVER 0.0


WEATHER CONDITIONS
 THE FOLLOWING WEATHER WAS RECORDED YESTERDAY.
  NO SIGNIFICANT WEATHER WAS OBSERVED.


RELATIVE HUMIDITY (PERCENT)
 HIGHEST    86           400 AM
 LOWEST     20           600 PM
 AVERAGE    53

..........................................................


THE CHALLIS ID CLIMATE NORMALS FOR TODAY
                         NORMAL    RECORD    YEAR
 MAXIMUM TEMPERATURE (F)   81        94      2012
 MINIMUM TEMPERATURE (F)   44        30      1927


SUNRISE AND SUNSET
AUGUST 28 2014........SUNRISE   655 AM MDT   SUNSET   820 PM MDT
AUGUST 29 2014........SUNRISE   656 AM MDT   SUNSET   819 PM MDT


-  INDICATES NEGATIVE NUMBERS.
R  INDICATES RECORD WAS SET OR TIED.
MM INDICATES DATA IS MISSING.
T  INDICATES TRACE AMOUNT.




$$
