011
CDUS45 KPIH 202325
CLILLJ


CLIMATE REPORT
NATIONAL WEATHER SERVICE POCATELLO ID
425 PM MST MON FEB 20 2017


...................................

...THE CHALLIS ID CLIMATE SUMMARY FOR FEBRUARY 20 2017...
VALID TODAY AS OF 0400 PM LOCAL TIME.

CLIMATE NORMAL PERIOD 1981 TO 2010
CLIMATE RECORD PERIOD 1898 TO 2017


WEATHER ITEM   OBSERVED TIME   RECORD YEAR NORMAL DEPARTURE LAST
                VALUE   (LST)  VALUE       VALUE  FROM      YEAR
                                                  NORMAL
..................................................................
TEMPERATURE (F)
 TODAY
  MAXIMUM         41    259 PM  59    1995  37      4       41
  MINIMUM         26    504 AM -15    1937  15     11       23
  AVERAGE         34                        26      8       32

PRECIPITATION (IN)
  TODAY            0.05          0.15 1981   0.02   0.03     0.00
  MONTH TO DATE    0.64                      0.42   0.22     0.08
  SINCE OCT 1      5.55                      2.86   2.69     2.98
  SINCE JAN 1      2.14                      0.93   1.21     0.64

SNOWFALL (IN)
  TODAY           MM
  MONTH TO DATE   MM
  SINCE DEC 1     MM
  SINCE JUL 1     MM
  SNOW DEPTH      MM

DEGREE DAYS
 HEATING
  TODAY           31                        39     -8       33
  MONTH TO DATE  735                       833    -98      811
  SINCE DEC 1   4336                      3712    624     3783
  SINCE JUL 1   6123                      5755    368     5649

 COOLING
  TODAY            0                         0      0        0
  MONTH TO DATE    0                         0      0        0
  SINCE DEC 1      0                         0      0        0
  SINCE JAN 1      0                         0      0        0
..................................................................


WIND (MPH)
  HIGHEST WIND SPEED    18   HIGHEST WIND DIRECTION     S (200)
  HIGHEST GUST SPEED    22   HIGHEST GUST DIRECTION     S (200)
  AVERAGE WIND SPEED     3.0


SKY COVER
  POSSIBLE SUNSHINE  MM
  AVERAGE SKY COVER 0.9


WEATHER CONDITIONS
 THE FOLLOWING WEATHER WAS RECORDED TODAY.
  LIGHT RAIN
  LIGHT SNOW
  FOG


RELATIVE HUMIDITY (PERCENT)
 HIGHEST    92           200 AM
 LOWEST     78          1200 AM
 AVERAGE    85

..........................................................


THE CHALLIS ID CLIMATE NORMALS FOR TOMORROW
                         NORMAL    RECORD    YEAR
 MAXIMUM TEMPERATURE (F)   38        57      1961
 MINIMUM TEMPERATURE (F)   16        -2      1940


SUNRISE AND SUNSET
FEBRUARY 20 2017......SUNRISE   729 AM MST   SUNSET   613 PM MST
FEBRUARY 21 2017......SUNRISE   727 AM MST   SUNSET   614 PM MST


-  INDICATES NEGATIVE NUMBERS.
R  INDICATES RECORD WAS SET OR TIED.
MM INDICATES DATA IS MISSING.
T  INDICATES TRACE AMOUNT.




$$
