965
CDUS45 KPIH 240731
CLILLJ


CLIMATE REPORT
NATIONAL WEATHER SERVICE POCATELLO ID
130 AM MDT WED AUG 24 2016


...................................

...THE CHALLIS ID CLIMATE SUMMARY FOR AUGUST 23 2016...

CLIMATE NORMAL PERIOD 1981 TO 2010
CLIMATE RECORD PERIOD 1898 TO 2016


WEATHER ITEM   OBSERVED TIME   RECORD YEAR NORMAL DEPARTURE LAST
                VALUE   (LST)  VALUE       VALUE  FROM      YEAR
                                                  NORMAL
..................................................................
TEMPERATURE (F)
 YESTERDAY
  MAXIMUM         80    424 PM  96    1969  83     -3       85
  MINIMUM         36    613 AM  35    1960  46    -10       41
  AVERAGE         58                        64     -6       63

PRECIPITATION (IN)
  YESTERDAY        0.00          0.60 1946   0.03  -0.03     0.00
  MONTH TO DATE    0.18                      0.58  -0.40     0.46
  SINCE OCT 1      5.82                      9.11  -3.29     5.74
  SINCE JAN 1      3.48                      7.18  -3.70     3.95

SNOWFALL (IN)
  YESTERDAY       MM
  MONTH TO DATE   MM
  SINCE JUN 1     MM
  SINCE JUL 1     MM
  SNOW DEPTH      MM

DEGREE DAYS
 HEATING
  YESTERDAY        7                         2      5        2
  MONTH TO DATE   21                        24     -3       27
  SINCE JUN 1    122                       210    -88      107
  SINCE JUL 1     49                        45      4       60

 COOLING
  YESTERDAY        0                         2     -2        0
  MONTH TO DATE   66                        77    -11       75
  SINCE JUN 1    258                       231     27      274
  SINCE JAN 1    258                       233     25      277
..................................................................


WIND (MPH)
  HIGHEST WIND SPEED    14   HIGHEST WIND DIRECTION     N (10)
  HIGHEST GUST SPEED    20   HIGHEST GUST DIRECTION     N (20)
  AVERAGE WIND SPEED     5.3


SKY COVER
  POSSIBLE SUNSHINE  MM
  AVERAGE SKY COVER 0.0


WEATHER CONDITIONS
 THE FOLLOWING WEATHER WAS RECORDED YESTERDAY.
  NO SIGNIFICANT WEATHER WAS OBSERVED.


RELATIVE HUMIDITY (PERCENT)
 HIGHEST    45           700 AM
 LOWEST      8           400 PM
 AVERAGE    27

..........................................................


THE CHALLIS ID CLIMATE NORMALS FOR TODAY
                         NORMAL    RECORD    YEAR
 MAXIMUM TEMPERATURE (F)   82        99      1969
 MINIMUM TEMPERATURE (F)   45        31      1992


SUNRISE AND SUNSET
AUGUST 24 2016........SUNRISE   651 AM MDT   SUNSET   826 PM MDT
AUGUST 25 2016........SUNRISE   652 AM MDT   SUNSET   825 PM MDT


-  INDICATES NEGATIVE NUMBERS.
R  INDICATES RECORD WAS SET OR TIED.
MM INDICATES DATA IS MISSING.
T  INDICATES TRACE AMOUNT.




$$
