745
CDUS46 KMFR 230835
CLILMT


CLIMATE REPORT
NATIONAL WEATHER SERVICE MEDFORD, OR
1235 AM PST THU FEB 23 2017


...................................

...THE KLAMATH FALLS OR CLIMATE SUMMARY FOR FEBRUARY 22 2017...

CLIMATE NORMAL PERIOD 1981 TO 2010
CLIMATE RECORD PERIOD 1928 TO 2017


WEATHER ITEM   OBSERVED TIME   RECORD YEAR NORMAL DEPARTURE LAST
                VALUE   (LST)  VALUE       VALUE  FROM      YEAR
                                                  NORMAL
..................................................................
TEMPERATURE (F)
 YESTERDAY
  MAXIMUM         35    120 PM  67    1995  47    -12       48
  MINIMUM         27   1159 PM  13    2007  25      2       21
  AVERAGE         31                        36     -5       35

PRECIPITATION (IN)
  YESTERDAY        0.05          0.51 2007   0.07  -0.02     0.00
  MONTH TO DATE    1.84                      1.52   0.32     0.14
  SINCE OCT 1      7.94                      8.06  -0.12     6.93
  SINCE JAN 1      3.19                      3.37  -0.18     2.40

SNOWFALL (IN)
  YESTERDAY       MM                        MM     MM       MM
  MONTH TO DATE   MM                        MM     MM       MM
  SINCE JUL 1     MM                        MM     MM       MM
  SNOW DEPTH      MM

DEGREE DAYS
 HEATING
  YESTERDAY       34                        29      5       30
  MONTH TO DATE  577                       688   -111      570
  SINCE DEC 1   2957                      2866     91     2733
  SINCE JUL 1   4617                      4668    -51     4321

 COOLING
  YESTERDAY        0                         0      0        0
  MONTH TO DATE    0                         0      0        0
  SINCE DEC 1      0                         0      0        0
  SINCE JAN 1      0                         0      0        0
..................................................................


WIND (MPH)
  HIGHEST WIND SPEED    20   HIGHEST WIND DIRECTION     W (260)
  HIGHEST GUST SPEED    23   HIGHEST GUST DIRECTION     W (250)
  AVERAGE WIND SPEED     7.7


SKY COVER
  POSSIBLE SUNSHINE  MM
  AVERAGE SKY COVER 0.9


WEATHER CONDITIONS
 THE FOLLOWING WEATHER WAS RECORDED YESTERDAY.
  SNOW
  LIGHT SNOW
  FOG


RELATIVE HUMIDITY (PERCENT)
 HIGHEST   100           200 AM
 LOWEST     69          1200 PM

..........................................................


THE KLAMATH FALLS OR CLIMATE NORMALS FOR TODAY
                         NORMAL    RECORD    YEAR
 MAXIMUM TEMPERATURE (F)   47        70      1995
 MINIMUM TEMPERATURE (F)   25         8      1974


SUNRISE AND SUNSET
FEBRUARY 23 2017......SUNRISE   651 AM PST   SUNSET   550 PM PST
FEBRUARY 24 2017......SUNRISE   649 AM PST   SUNSET   551 PM PST


-  INDICATES NEGATIVE NUMBERS.
R  INDICATES RECORD WAS SET OR TIED.
MM INDICATES DATA IS MISSING.
T  INDICATES TRACE AMOUNT.




$$
