000
CDUS46 KMFR 051626
CLILMT


CLIMATE REPORT
NATIONAL WEATHER SERVICE MEDFORD, OR
826 AM PST FRI FEB 5 2016


...................................

...THE KLAMATH FALLS OR CLIMATE SUMMARY FOR FEBRUARY 4 2016...

CLIMATE NORMAL PERIOD 1981 TO 2010
CLIMATE RECORD PERIOD 1928 TO 2016


WEATHER ITEM   OBSERVED TIME   RECORD YEAR NORMAL DEPARTURE LAST
                VALUE   (LST)  VALUE       VALUE  FROM      YEAR
                                                  NORMAL
..................................................................
TEMPERATURE (F)
 YESTERDAY
  MAXIMUM         44    418 PM  57    2007  42      2       53
                                      1984
  MINIMUM         25    549 AM  -6    1989  22      3       33
  AVERAGE         35                        32      3       43

PRECIPITATION (IN)
  YESTERDAY        0.00          0.94 1996   0.06  -0.06     0.00
  MONTH TO DATE    T                         0.22  -0.22     0.73
  SINCE OCT 1      6.79                      6.76   0.03     7.59
  SINCE JAN 1      2.26                      2.07   0.19     1.13

SNOWFALL (IN)
  YESTERDAY       MM                        MM     MM       MM
  MONTH TO DATE   MM                        MM     MM       MM
  SINCE JUL 1     MM                        MM     MM       MM
  SNOW DEPTH      MM

DEGREE DAYS
 HEATING
  YESTERDAY       30                        33     -3       22
  MONTH TO DATE  135                       132      3       88
  SINCE DEC 1   2298                      2310    -12     1600
  SINCE JUL 1   3886                      4112   -226     2990

 COOLING
  YESTERDAY        0                         0      0        0
  MONTH TO DATE    0                         0      0        0
  SINCE DEC 1      0                         0      0        0
  SINCE JAN 1      0                         0      0        0
..................................................................


WIND (MPH)
  HIGHEST WIND SPEED     9   HIGHEST WIND DIRECTION    SE (150)
  HIGHEST GUST SPEED    11   HIGHEST GUST DIRECTION     S (160)
  AVERAGE WIND SPEED     3.5


SKY COVER
  POSSIBLE SUNSHINE  MM
  AVERAGE SKY COVER 0.2


WEATHER CONDITIONS
 THE FOLLOWING WEATHER WAS RECORDED YESTERDAY.
  NO SIGNIFICANT WEATHER WAS OBSERVED.


RELATIVE HUMIDITY (PERCENT)
 HIGHEST    92           100 AM
 LOWEST     53           300 PM

..........................................................


THE KLAMATH FALLS OR CLIMATE NORMALS FOR TODAY
                         NORMAL    RECORD    YEAR
 MAXIMUM TEMPERATURE (F)   43        63      1995
 MINIMUM TEMPERATURE (F)   22       -10      1989


SUNRISE AND SUNSET
FEBRUARY  5 2016......SUNRISE   716 AM PST   SUNSET   526 PM PST
FEBRUARY  6 2016......SUNRISE   715 AM PST   SUNSET   528 PM PST


-  INDICATES NEGATIVE NUMBERS.
R  INDICATES RECORD WAS SET OR TIED.
MM INDICATES DATA IS MISSING.
T  INDICATES TRACE AMOUNT.




$$
