000
CDUS46 KMFR 250836
CLILMT


CLIMATE REPORT
NATIONAL WEATHER SERVICE MEDFORD, OR
135 AM PDT THU AUG 25 2016


...................................

...THE KLAMATH FALLS OR CLIMATE SUMMARY FOR AUGUST 24 2016...

CLIMATE NORMAL PERIOD 1981 TO 2010
CLIMATE RECORD PERIOD 1928 TO 2016


WEATHER ITEM   OBSERVED TIME   RECORD YEAR NORMAL DEPARTURE LAST
                VALUE   (LST)  VALUE       VALUE  FROM      YEAR
                                                  NORMAL
..................................................................
TEMPERATURE (F)
 YESTERDAY
  MAXIMUM         84    354 PM  95    1996  82      2       89
  MINIMUM         42    452 AM  36    2012  45     -3       51
                                      1960
  AVERAGE         63                        63      0       70

PRECIPITATION (IN)
  YESTERDAY        0.00          0.38 1965   0.01  -0.01     0.00
  MONTH TO DATE    0.00                      0.28  -0.28     0.42
  SINCE OCT 1     11.64                     14.28  -2.64    12.82
  SINCE JAN 1      7.11                      9.59  -2.48     6.36

SNOWFALL (IN)
  YESTERDAY       MM                        MM     MM       MM
  MONTH TO DATE   MM                        MM     MM       MM
  SINCE JUL 1     MM                        MM     MM       MM
  SNOW DEPTH      MM

DEGREE DAYS
 HEATING
  YESTERDAY        2                         3     -1        0
  MONTH TO DATE   27                        43    -16       17
  SINCE JUN 1    267                       310    -43       87
  SINCE JUL 1     99                        93      6       35

 COOLING
  YESTERDAY        0                         1     -1        5
  MONTH TO DATE   85                        56     29       62
  SINCE JUN 1    213                       149     64      281
  SINCE JAN 1    213                       150     63      284
..................................................................


WIND (MPH)
  HIGHEST WIND SPEED    17   HIGHEST WIND DIRECTION    NW (320)
  HIGHEST GUST SPEED    19   HIGHEST GUST DIRECTION    NW (310)
  AVERAGE WIND SPEED     5.5


SKY COVER
  POSSIBLE SUNSHINE  MM
  AVERAGE SKY COVER 0.0


WEATHER CONDITIONS
 THE FOLLOWING WEATHER WAS RECORDED YESTERDAY.
  HAZE


RELATIVE HUMIDITY (PERCENT)
 HIGHEST    76           200 AM
 LOWEST      9           400 PM

..........................................................


THE KLAMATH FALLS OR CLIMATE NORMALS FOR TODAY
                         NORMAL    RECORD    YEAR
 MAXIMUM TEMPERATURE (F)   81        94      2010
 MINIMUM TEMPERATURE (F)   45        32      1960


SUNRISE AND SUNSET
AUGUST 25 2016........SUNRISE   626 AM PDT   SUNSET   751 PM PDT
AUGUST 26 2016........SUNRISE   627 AM PDT   SUNSET   750 PM PDT


-  INDICATES NEGATIVE NUMBERS.
R  INDICATES RECORD WAS SET OR TIED.
MM INDICATES DATA IS MISSING.
T  INDICATES TRACE AMOUNT.




$$
