000
CDUS46 KMFR 200836
CLILMT


CLIMATE REPORT
NATIONAL WEATHER SERVICE MEDFORD, OR
136 AM PDT WED AUG 20 2014


...................................

...THE KLAMATH FALLS OR CLIMATE SUMMARY FOR AUGUST 19 2014...

CLIMATE NORMAL PERIOD 1981 TO 2010
CLIMATE RECORD PERIOD 1928 TO 2014


WEATHER ITEM   OBSERVED TIME   RECORD YEAR NORMAL DEPARTURE LAST
                VALUE   (LST)  VALUE       VALUE  FROM      YEAR
                                                  NORMAL
..................................................................
TEMPERATURE (F)
 YESTERDAY
  MAXIMUM         87    230 PM  95    2009  83      4       94
                                      1967
  MINIMUM         51    442 AM  37    1964  46      5       52
  AVERAGE         69                        64      5       73

PRECIPITATION (IN)
  YESTERDAY        0.02          0.65 1968   0.01   0.01     0.00
  MONTH TO DATE    0.92                      0.23   0.69     0.05
  SINCE SEP 1      8.25                     14.76  -6.51     8.26
  SINCE JAN 1      7.51                      9.54  -2.03     4.60

SNOWFALL (IN)
  YESTERDAY       MM                        MM     MM       MM
  MONTH TO DATE   MM                        MM     MM       MM
  SINCE JUL 1     MM                        MM     MM       MM
  SNOW DEPTH      MM

DEGREE DAYS
 HEATING
  YESTERDAY        0                         2     -2        0
  MONTH TO DATE    7                        31    -24       35
  SINCE JUN 1    192                       298   -106      214
  SINCE JUL 1     17                        81    -64       36

 COOLING
  YESTERDAY        4                         2      2        8
  MONTH TO DATE   83                        50     33       37
  SINCE JUN 1    311                       143    168      255
  SINCE JAN 1    311                       144    167      255
..................................................................


WIND (MPH)
  HIGHEST WIND SPEED    26   HIGHEST WIND DIRECTION    NW (320)
  HIGHEST GUST SPEED    32   HIGHEST GUST DIRECTION    NW (330)
  AVERAGE WIND SPEED     7.0


SKY COVER
  POSSIBLE SUNSHINE  MM
  AVERAGE SKY COVER 0.1


WEATHER CONDITIONS
 THE FOLLOWING WEATHER WAS RECORDED YESTERDAY.
  NO SIGNIFICANT WEATHER WAS OBSERVED.


RELATIVE HUMIDITY (PERCENT)
 HIGHEST    93           600 AM
 LOWEST     20           300 PM

..........................................................


THE KLAMATH FALLS OR CLIMATE NORMALS FOR TODAY
                         NORMAL    RECORD    YEAR
 MAXIMUM TEMPERATURE (F)   83        94      2009
 MINIMUM TEMPERATURE (F)   46        34      1974


SUNRISE AND SUNSET
AUGUST 20 2014........SUNRISE   620 AM PDT   SUNSET   800 PM PDT
AUGUST 21 2014........SUNRISE   621 AM PDT   SUNSET   758 PM PDT


-  INDICATES NEGATIVE NUMBERS.
R  INDICATES RECORD WAS SET OR TIED.
MM INDICATES DATA IS MISSING.
T  INDICATES TRACE AMOUNT.




$$
