000
CDUS46 KMFR 300842
CLILMT


CLIMATE REPORT
NATIONAL WEATHER SERVICE MEDFORD, OR
141 AM PDT TUE JUN 30 2015


...................................

...THE KLAMATH FALLS OR CLIMATE SUMMARY FOR JUNE 29 2015...

CLIMATE NORMAL PERIOD 1981 TO 2010
CLIMATE RECORD PERIOD 1928 TO 2015


WEATHER ITEM   OBSERVED TIME   RECORD YEAR NORMAL DEPARTURE LAST
                VALUE   (LST)  VALUE       VALUE  FROM      YEAR
                                                  NORMAL
..................................................................
TEMPERATURE (F)
 YESTERDAY
  MAXIMUM         93R   430 PM  92    1950  79     14       83
  MINIMUM         50    539 AM  31    1988  46      4       41
  AVERAGE         72                        62     10       62

PRECIPITATION (IN)
  YESTERDAY        0.00          0.25 2006   0.05  -0.05     0.00
  MONTH TO DATE    0.36                      0.99  -0.63     0.39
  SINCE OCT 1     11.88                     13.47  -1.59     7.13
  SINCE JAN 1      5.42                      8.78  -3.36     6.50

SNOWFALL (IN)
  YESTERDAY       MM                        MM     MM       MM
  MONTH TO DATE   MM                        MM     MM       MM
  SINCE JUL 1     MM                        MM     MM        0.0
  SNOW DEPTH      MM

DEGREE DAYS
 HEATING
  YESTERDAY        0                         4     -4        3
  MONTH TO DATE   52                       212   -160      175
  SINCE JUN 1     52                       212   -160      175
  SINCE JUL 1   5301                      6968  -1667     6624

 COOLING
  YESTERDAY        7                         1      6        0
  MONTH TO DATE   82                         7     75        4
  SINCE JUN 1     82                         7     75        4
  SINCE JAN 1     85                         8     77        4
..................................................................


WIND (MPH)
  HIGHEST WIND SPEED    20   HIGHEST WIND DIRECTION    NW (330)
  HIGHEST GUST SPEED    23   HIGHEST GUST DIRECTION    NW (330)
  AVERAGE WIND SPEED     5.3


SKY COVER
  POSSIBLE SUNSHINE  MM
  AVERAGE SKY COVER 0.0


WEATHER CONDITIONS
 THE FOLLOWING WEATHER WAS RECORDED YESTERDAY.
  NO SIGNIFICANT WEATHER WAS OBSERVED.


RELATIVE HUMIDITY (PERCENT)
 HIGHEST    83           500 AM
 LOWEST      9           200 PM

..........................................................


THE KLAMATH FALLS OR CLIMATE NORMALS FOR TODAY
                         NORMAL    RECORD    YEAR
 MAXIMUM TEMPERATURE (F)   79        96      2013
 MINIMUM TEMPERATURE (F)   46        30      1961


SUNRISE AND SUNSET
JUNE 30 2015..........SUNRISE   534 AM PDT   SUNSET   847 PM PDT
JULY  1 2015..........SUNRISE   535 AM PDT   SUNSET   847 PM PDT


-  INDICATES NEGATIVE NUMBERS.
R  INDICATES RECORD WAS SET OR TIED.
MM INDICATES DATA IS MISSING.
T  INDICATES TRACE AMOUNT.




$$
