000
CDUS46 KMFR 230846
CLILMT


CLIMATE REPORT
NATIONAL WEATHER SERVICE MEDFORD, OR
146 AM PDT SAT MAY 23 2015


...................................

...THE KLAMATH FALLS OR CLIMATE SUMMARY FOR MAY 22 2015...

CLIMATE NORMAL PERIOD 1981 TO 2010
CLIMATE RECORD PERIOD 1928 TO 2015


WEATHER ITEM   OBSERVED TIME   RECORD YEAR NORMAL DEPARTURE LAST
                VALUE   (LST)  VALUE       VALUE  FROM      YEAR
                                                  NORMAL
..................................................................
TEMPERATURE (F)
 YESTERDAY
  MAXIMUM         62    339 PM  87    2001  67     -5       78
  MINIMUM         48   1134 PM  23    2013  38     10       43
                                      1960
  AVERAGE         55                        52      3       61

PRECIPITATION (IN)
  YESTERDAY        0.03          0.38 1945   0.03   0.00     0.00
  MONTH TO DATE    1.45                      1.21   0.24     1.25
  SINCE OCT 1     11.51                     12.31  -0.80     6.67
  SINCE JAN 1      5.05                      7.62  -2.57     6.04

SNOWFALL (IN)
  YESTERDAY       MM                        MM     MM       MM
  MONTH TO DATE   MM                        MM     MM       MM
  SINCE JUL 1     MM                        MM     MM        0.0
  SNOW DEPTH      MM

DEGREE DAYS
 HEATING
  YESTERDAY       10                        13     -3        4
  MONTH TO DATE  332                       332      0      275
  SINCE MAR 1   1622                      1810   -188     1579
  SINCE JUL 1   5196                      6651  -1455     6362

 COOLING
  YESTERDAY        0                         0      0        0
  MONTH TO DATE    0                         0      0        0
  SINCE MAR 1      0                         0      0        0
  SINCE JAN 1      0                         0      0        0
..................................................................


WIND (MPH)
  HIGHEST WIND SPEED    25   HIGHEST WIND DIRECTION    NW (330)
  HIGHEST GUST SPEED    29   HIGHEST GUST DIRECTION    NW (330)
  AVERAGE WIND SPEED     8.2


SKY COVER
  POSSIBLE SUNSHINE  MM
  AVERAGE SKY COVER 1.0


WEATHER CONDITIONS
 THE FOLLOWING WEATHER WAS RECORDED YESTERDAY.
  LIGHT RAIN


RELATIVE HUMIDITY (PERCENT)
 HIGHEST    86           300 AM
 LOWEST     55           400 PM

..........................................................


THE KLAMATH FALLS OR CLIMATE NORMALS FOR TODAY
                         NORMAL    RECORD    YEAR
 MAXIMUM TEMPERATURE (F)   67        88      2001
 MINIMUM TEMPERATURE (F)   38        22      2010


SUNRISE AND SUNSET
MAY 23 2015...........SUNRISE   539 AM PDT   SUNSET   829 PM PDT
MAY 24 2015...........SUNRISE   538 AM PDT   SUNSET   830 PM PDT


-  INDICATES NEGATIVE NUMBERS.
R  INDICATES RECORD WAS SET OR TIED.
MM INDICATES DATA IS MISSING.
T  INDICATES TRACE AMOUNT.




$$
