000
CDUS45 KRIW 180736
CLILND


CLIMATE REPORT
NATIONAL WEATHER SERVICE RIVERTON WY
133 AM MDT THU SEP 18 2014


...................................

...THE LANDER WY CLIMATE SUMMARY FOR SEPTEMBER 17 2014...

CLIMATE NORMAL PERIOD 1981 TO 2010
CLIMATE RECORD PERIOD 1891 TO 2014


WEATHER ITEM   OBSERVED TIME   RECORD YEAR NORMAL DEPARTURE LAST
                VALUE   (LST)  VALUE       VALUE  FROM      YEAR
                                                  NORMAL
..................................................................
TEMPERATURE (F)
 YESTERDAY
  MAXIMUM         87R   352 PM  87    1937  72     15       81
  MINIMUM         50    547 AM  15    1965  44      6       50
  AVERAGE         69                        58     11       66

PRECIPITATION (IN)
  YESTERDAY        T             0.81 1978   0.03  -0.03     0.09
  MONTH TO DATE    0.17                      0.48  -0.31     2.15
  SINCE SEP 1      0.17                      0.48  -0.31     2.15
  SINCE JAN 1      7.19                      9.36  -2.17    10.01

SNOWFALL (IN)
  YESTERDAY        0.0                       0.1   -0.1      0.0
  MONTH TO DATE    T                         0.8   -0.8      0.0
  SINCE SEP 1      T                         0.8   -0.8      0.0
  SINCE JUL 1      T                         0.8   -0.8      0.0
  SNOW DEPTH       0

DEGREE DAYS
 HEATING
  YESTERDAY        0                         8     -8        0
  MONTH TO DATE  105                        81     24       32
  SINCE SEP 1    105                        81     24       32
  SINCE JUL 1    149                       121     28       32

 COOLING
  YESTERDAY        4                         1      3        1
  MONTH TO DATE   15                        26    -11       65
  SINCE SEP 1     15                        26    -11       65
  SINCE JAN 1    421                       471    -50      743
..................................................................


WIND (MPH)
  HIGHEST WIND SPEED    24   HIGHEST WIND DIRECTION    NW (330)
  HIGHEST GUST SPEED    31   HIGHEST GUST DIRECTION    NW (330)
  AVERAGE WIND SPEED     7.3


SKY COVER
  POSSIBLE SUNSHINE  MM
  AVERAGE SKY COVER 0.2


WEATHER CONDITIONS
 THE FOLLOWING WEATHER WAS RECORDED YESTERDAY.
  LIGHT RAIN


RELATIVE HUMIDITY (PERCENT)
 HIGHEST    68           400 AM
 LOWEST     13           400 PM
 AVERAGE    41

..........................................................


THE LANDER WY CLIMATE NORMALS FOR TODAY
                         NORMAL    RECORD    YEAR
 MAXIMUM TEMPERATURE (F)   72        88      1984
 MINIMUM TEMPERATURE (F)   43        10      1965


SUNRISE AND SUNSET
SEPTEMBER 18 2014.....SUNRISE   658 AM MDT   SUNSET   719 PM MDT
SEPTEMBER 19 2014.....SUNRISE   659 AM MDT   SUNSET   717 PM MDT


-  INDICATES NEGATIVE NUMBERS.
R  INDICATES RECORD WAS SET OR TIED.
MM INDICATES DATA IS MISSING.
T  INDICATES TRACE AMOUNT.




$$
