000
CDUS45 KRIW 300744
CLILND


CLIMATE REPORT
NATIONAL WEATHER SERVICE RIVERTON WY
135 AM MDT WED JUL 30 2014


...................................

...THE LANDER WY CLIMATE SUMMARY FOR JULY 29 2014...

CLIMATE NORMAL PERIOD 1981 TO 2010
CLIMATE RECORD PERIOD 1891 TO 2014


WEATHER ITEM   OBSERVED TIME   RECORD YEAR NORMAL DEPARTURE LAST
                VALUE   (LST)  VALUE       VALUE  FROM      YEAR
                                                  NORMAL
..................................................................
TEMPERATURE (F)
 YESTERDAY
  MAXIMUM         74   1226 AM 101    2006  88    -14       82
  MINIMUM         58   1127 PM  43    1909  57      1       50
                                      1892
  AVERAGE         66                        72     -6       66

PRECIPITATION (IN)
  YESTERDAY        0.33          0.35 1985   0.04   0.29      T
  MONTH TO DATE    0.61                      0.72  -0.11     0.27
  SINCE JUN 1      1.21                      1.99  -0.78     0.32
  SINCE JAN 1      5.40                      8.21  -2.81     7.84

SNOWFALL (IN)
  YESTERDAY        0.0                       0.0    0.0      0.0
  MONTH TO DATE    0.0                       0.0    0.0      0.0
  SINCE JUN 1      0.0                       0.1   -0.1      0.0
  SINCE JUL 1      0.0                       0.0    0.0      0.0
  SNOW DEPTH       0

DEGREE DAYS
 HEATING
  YESTERDAY        0                         0      0        0
  MONTH TO DATE    3                        11     -8        0
  SINCE JUN 1    139                       137      2       54
  SINCE JUL 1      3                        11     -8        0

 COOLING
  YESTERDAY        1                         8     -7        1
  MONTH TO DATE  239                       196     43      284
  SINCE JUN 1    262                       260      2      398
  SINCE JAN 1    280                       265     15      407
..................................................................


WIND (MPH)
  HIGHEST WIND SPEED    14   HIGHEST WIND DIRECTION     N (20)
  HIGHEST GUST SPEED    16   HIGHEST GUST DIRECTION     N (20)
  AVERAGE WIND SPEED     5.6


SKY COVER
  POSSIBLE SUNSHINE  MM
  AVERAGE SKY COVER 0.9


WEATHER CONDITIONS
 THE FOLLOWING WEATHER WAS RECORDED YESTERDAY.
  LIGHT RAIN
  FOG


RELATIVE HUMIDITY (PERCENT)
 HIGHEST   100           500 PM
 LOWEST     33          1200 AM
 AVERAGE    67

..........................................................


THE LANDER WY CLIMATE NORMALS FOR TODAY
                         NORMAL    RECORD    YEAR
 MAXIMUM TEMPERATURE (F)   88        99      1988
 MINIMUM TEMPERATURE (F)   57        40      1904


SUNRISE AND SUNSET
JULY 30 2014..........SUNRISE   604 AM MDT   SUNSET   838 PM MDT
JULY 31 2014..........SUNRISE   605 AM MDT   SUNSET   837 PM MDT


-  INDICATES NEGATIVE NUMBERS.
R  INDICATES RECORD WAS SET OR TIED.
MM INDICATES DATA IS MISSING.
T  INDICATES TRACE AMOUNT.




$$
