085
CDUS45 KRIW 300729
CLILND


CLIMATE REPORT
NATIONAL WEATHER SERVICE RIVERTON WY
128 AM MDT THU MAR 30 2017


...................................

...THE LANDER WY CLIMATE SUMMARY FOR MARCH 29 2017...

CLIMATE NORMAL PERIOD 1981 TO 2010
CLIMATE RECORD PERIOD 1891 TO 2017


WEATHER ITEM   OBSERVED TIME   RECORD YEAR NORMAL DEPARTURE LAST
                VALUE   (LST)  VALUE       VALUE  FROM      YEAR
                                                  NORMAL
..................................................................
TEMPERATURE (F)
 YESTERDAY
  MAXIMUM         58    345 PM  72    1943  52      6       34
  MINIMUM         28    612 AM  -4    1987  27      1       30
  AVERAGE         43                        39      4       32

PRECIPITATION (IN)
  YESTERDAY        0.00          1.74 2016   0.05  -0.05     1.74
  MONTH TO DATE    1.50                      1.06   0.44     3.69
  SINCE MAR 1      1.50                      1.06   0.44     3.69
  SINCE JAN 1      3.88                      2.05   1.83     4.61

SNOWFALL (IN)
  YESTERDAY        0.0                       0.6   -0.6     15.3
  MONTH TO DATE    T                        14.9  -14.9     25.4
  SINCE MAR 1      T                        14.9  -14.9     25.4
  SINCE JUL 1     61.0                      68.5   -7.5     62.4
  SNOW DEPTH       0

DEGREE DAYS
 HEATING
  YESTERDAY       22                        26     -4       33
  MONTH TO DATE  664                       865   -201      759
  SINCE MAR 1    664                       865   -201      759
  SINCE JUL 1   6367                      6569   -202     5910

 COOLING
  YESTERDAY        0                         0      0        0
  MONTH TO DATE    0                         0      0        0
  SINCE MAR 1      0                         0      0        0
  SINCE JAN 1      0                         0      0        0
..................................................................


WIND (MPH)
  HIGHEST WIND SPEED    13   HIGHEST WIND DIRECTION    SE (120)
  HIGHEST GUST SPEED    18   HIGHEST GUST DIRECTION    SE (120)
  AVERAGE WIND SPEED     4.9


SKY COVER
  POSSIBLE SUNSHINE  MM
  AVERAGE SKY COVER 0.0


WEATHER CONDITIONS
 THE FOLLOWING WEATHER WAS RECORDED YESTERDAY.
  NO SIGNIFICANT WEATHER WAS OBSERVED.


RELATIVE HUMIDITY (PERCENT)
 HIGHEST    85           700 AM
 LOWEST     35           200 PM
 AVERAGE    60

..........................................................


THE LANDER WY CLIMATE NORMALS FOR TODAY
                         NORMAL    RECORD    YEAR
 MAXIMUM TEMPERATURE (F)   52        76      1966
 MINIMUM TEMPERATURE (F)   28         2      1936


SUNRISE AND SUNSET
MARCH 30 2017.........SUNRISE   700 AM MDT   SUNSET   739 PM MDT
MARCH 31 2017.........SUNRISE   658 AM MDT   SUNSET   740 PM MDT


-  INDICATES NEGATIVE NUMBERS.
R  INDICATES RECORD WAS SET OR TIED.
MM INDICATES DATA IS MISSING.
T  INDICATES TRACE AMOUNT.




$$
