000
CDUS45 KRIW 260039
CLILND


CLIMATE REPORT
NATIONAL WEATHER SERVICE RIVERTON WY
629 PM MDT SAT OCT 25 2014


...................................

...THE LANDER WY CLIMATE SUMMARY FOR OCTOBER 25 2014...
VALID TODAY AS OF 0500 PM LOCAL TIME.

CLIMATE NORMAL PERIOD 1981 TO 2010
CLIMATE RECORD PERIOD 1891 TO 2014


WEATHER ITEM   OBSERVED TIME   RECORD YEAR NORMAL DEPARTURE LAST
                VALUE   (LST)  VALUE       VALUE  FROM      YEAR
                                                  NORMAL
..................................................................
TEMPERATURE (F)
 TODAY
  MAXIMUM         76R       MM  73    1922  55     21       65
  MINIMUM         40        MM   4    1919  30     10       30
  AVERAGE         58                        42     16       48

PRECIPITATION (IN)
  TODAY            0.00          0.97 1996   0.04  -0.04     0.00
  MONTH TO DATE    0.50                      1.07  -0.57     2.28
  SINCE SEP 1      2.29                      2.12   0.17     6.06
  SINCE JAN 1      9.31                     11.00  -1.69    13.92

SNOWFALL (IN)
  TODAY            0.0                       0.4   -0.4      0.0
  MONTH TO DATE    T                         7.6   -7.6     14.9
  SINCE SEP 1      T                        10.3  -10.3     19.0
  SINCE JUL 1      T                        10.3  -10.3     19.0
  SNOW DEPTH       0

DEGREE DAYS
 HEATING
  TODAY            7                        23    -16       17
  MONTH TO DATE  307                       456   -149      585
  SINCE SEP 1    460                       675   -215      777
  SINCE JUL 1    504                       715   -211      777

 COOLING
  TODAY            0                         0      0        0
  MONTH TO DATE    0                         0      0        0
  SINCE SEP 1     39                        27     12       65
  SINCE JAN 1    445                       472    -27      743
..................................................................


WIND (MPH)
  HIGHEST WIND SPEED     8   HIGHEST WIND DIRECTION     E (90)
  HIGHEST GUST SPEED    MM   HIGHEST GUST DIRECTION    MM
  AVERAGE WIND SPEED     4.5


SKY COVER
  POSSIBLE SUNSHINE  MM
  AVERAGE SKY COVER 0.0


WEATHER CONDITIONS
 THE FOLLOWING WEATHER WAS RECORDED TODAY.
  NO SIGNIFICANT WEATHER WAS OBSERVED.


RELATIVE HUMIDITY (PERCENT)
 HIGHEST    49           800 AM
 LOWEST     14           400 PM
 AVERAGE    32

..........................................................


THE LANDER WY CLIMATE NORMALS FOR TOMORROW
                         NORMAL    RECORD    YEAR
 MAXIMUM TEMPERATURE (F)   54        75      1977
 MINIMUM TEMPERATURE (F)   29         2      1913


SUNRISE AND SUNSET
OCTOBER 25 2014.......SUNRISE   740 AM MDT   SUNSET   617 PM MDT
OCTOBER 26 2014.......SUNRISE   742 AM MDT   SUNSET   615 PM MDT


-  INDICATES NEGATIVE NUMBERS.
R  INDICATES RECORD WAS SET OR TIED.
MM INDICATES DATA IS MISSING.
T  INDICATES TRACE AMOUNT.




$$
