000
CDUS45 KRIW 270742
CLILND


CLIMATE REPORT
NATIONAL WEATHER SERVICE RIVERTON WY
142 AM MDT WED AUG 27 2014


...................................

...THE LANDER WY CLIMATE SUMMARY FOR AUGUST 26 2014...

CLIMATE NORMAL PERIOD 1981 TO 2010
CLIMATE RECORD PERIOD 1891 TO 2014


WEATHER ITEM   OBSERVED TIME   RECORD YEAR NORMAL DEPARTURE LAST
                VALUE   (LST)  VALUE       VALUE  FROM      YEAR
                                                  NORMAL
..................................................................
TEMPERATURE (F)
 YESTERDAY
  MAXIMUM         75    229 PM  95    2010  83     -8       84
  MINIMUM         46    612 AM  30    1910  52     -6       60
  AVERAGE         61                        67     -6       72

PRECIPITATION (IN)
  YESTERDAY        0.01          0.88 1933   0.01   0.00     0.00
  MONTH TO DATE    1.14                      0.52   0.62     0.01
  SINCE JUN 1      2.36                      2.57  -0.21     0.34
  SINCE JAN 1      6.55                      8.79  -2.24     7.86

SNOWFALL (IN)
  YESTERDAY        0.0                       0.0    0.0      0.0
  MONTH TO DATE    0.0                       0.0    0.0      0.0
  SINCE JUN 1      0.0                       0.1   -0.1      0.0
  SINCE JUL 1      0.0                       0.0    0.0      0.0
  SNOW DEPTH       0

DEGREE DAYS
 HEATING
  YESTERDAY        4                         1      3        0
  MONTH TO DATE   30                        14     16        0
  SINCE JUN 1    169                       156     13       54
  SINCE JUL 1     33                        30      3        0

 COOLING
  YESTERDAY        0                         4     -4        7
  MONTH TO DATE  115                       151    -36      218
  SINCE JUN 1    380                       423    -43      626
  SINCE JAN 1    398                       428    -30      635
..................................................................


WIND (MPH)
  HIGHEST WIND SPEED    15   HIGHEST WIND DIRECTION    SW (240)
  HIGHEST GUST SPEED    16   HIGHEST GUST DIRECTION    SW (240)
  AVERAGE WIND SPEED     5.4


SKY COVER
  POSSIBLE SUNSHINE  MM
  AVERAGE SKY COVER 0.3


WEATHER CONDITIONS
 THE FOLLOWING WEATHER WAS RECORDED YESTERDAY.
  LIGHT RAIN


RELATIVE HUMIDITY (PERCENT)
 HIGHEST    86           100 AM
 LOWEST     41           100 PM
 AVERAGE    64

..........................................................


THE LANDER WY CLIMATE NORMALS FOR TODAY
                         NORMAL    RECORD    YEAR
 MAXIMUM TEMPERATURE (F)   82        95      2011
 MINIMUM TEMPERATURE (F)   52        36      1903


SUNRISE AND SUNSET
AUGUST 27 2014........SUNRISE   634 AM MDT   SUNSET   758 PM MDT
AUGUST 28 2014........SUNRISE   635 AM MDT   SUNSET   756 PM MDT


-  INDICATES NEGATIVE NUMBERS.
R  INDICATES RECORD WAS SET OR TIED.
MM INDICATES DATA IS MISSING.
T  INDICATES TRACE AMOUNT.




$$
