000
CDUS45 KRIW 310743
CLILND


CLIMATE REPORT
NATIONAL WEATHER SERVICE RIVERTON WY
128 AM MDT TUE MAY 31 2016


...................................

...THE LANDER WY CLIMATE SUMMARY FOR MAY 30 2016...

CLIMATE NORMAL PERIOD 1981 TO 2010
CLIMATE RECORD PERIOD 1891 TO 2016


WEATHER ITEM   OBSERVED TIME   RECORD YEAR NORMAL DEPARTURE LAST
                VALUE   (LST)  VALUE       VALUE  FROM      YEAR
                                                  NORMAL
..................................................................
TEMPERATURE (F)
 YESTERDAY
  MAXIMUM         73    321 PM  90    1984  71      2       76
  MINIMUM         51   1141 PM  30    1982  44      7       42
  AVERAGE         62                        58      4       59

PRECIPITATION (IN)
  YESTERDAY        0.00          1.79 1989   0.06  -0.06     0.00
  MONTH TO DATE    5.03                      2.14   2.89     6.10
  SINCE MAR 1     14.23                      5.17   9.06     8.96
  SINCE JAN 1     15.15                      6.16   8.99    10.52

SNOWFALL (IN)
  YESTERDAY        0.0                       0.0    0.0      0.0
  MONTH TO DATE    T                         4.8   -4.8      0.8
  SINCE MAR 1     38.2                      37.7    0.5     20.0
  SINCE JUL 1     75.2                      91.3  -16.1     73.9
  SNOW DEPTH       0

DEGREE DAYS
 HEATING
  YESTERDAY        3                         8     -5        6
  MONTH TO DATE  406                       360     46      455
  SINCE MAR 1   1832                      1910    -78     1813
  SINCE JUL 1   6983                      7614   -631     6937

 COOLING
  YESTERDAY        0                         0      0        0
  MONTH TO DATE    0                         0      0        0
  SINCE MAR 1      0                         0      0        0
  SINCE JAN 1      0                         0      0        0
..................................................................


WIND (MPH)
  HIGHEST WIND SPEED    26   HIGHEST WIND DIRECTION     N (20)
  HIGHEST GUST SPEED    32   HIGHEST GUST DIRECTION     N (20)
  AVERAGE WIND SPEED     7.2


SKY COVER
  POSSIBLE SUNSHINE  MM
  AVERAGE SKY COVER 0.4


WEATHER CONDITIONS
 THE FOLLOWING WEATHER WAS RECORDED YESTERDAY.
  NO SIGNIFICANT WEATHER WAS OBSERVED.


RELATIVE HUMIDITY (PERCENT)
 HIGHEST    61           700 AM
 LOWEST     19           200 PM
 AVERAGE    40

..........................................................


THE LANDER WY CLIMATE NORMALS FOR TODAY
                         NORMAL    RECORD    YEAR
 MAXIMUM TEMPERATURE (F)   71        86      1910
 MINIMUM TEMPERATURE (F)   44        26      1919


SUNRISE AND SUNSET
MAY 31 2016...........SUNRISE   539 AM MDT   SUNSET   846 PM MDT
JUNE  1 2016..........SUNRISE   539 AM MDT   SUNSET   847 PM MDT


-  INDICATES NEGATIVE NUMBERS.
R  INDICATES RECORD WAS SET OR TIED.
MM INDICATES DATA IS MISSING.
T  INDICATES TRACE AMOUNT.




$$
