000
CDUS45 KRIW 050748
CLILND


CLIMATE REPORT
NATIONAL WEATHER SERVICE RIVERTON WY
1235 AM MST THU MAR 5 2015


...................................

...THE LANDER WY CLIMATE SUMMARY FOR MARCH 4 2015...

CLIMATE NORMAL PERIOD 1981 TO 2010
CLIMATE RECORD PERIOD 1891 TO 2015


WEATHER ITEM   OBSERVED TIME   RECORD YEAR NORMAL DEPARTURE LAST
                VALUE   (LST)  VALUE       VALUE  FROM      YEAR
                                                  NORMAL
..................................................................
TEMPERATURE (F)
 YESTERDAY
  MAXIMUM         18    342 PM  64    1986  43    -25       46
                                      1921
  MINIMUM         -7    808 AM  -9    1912  20    -27       31
  AVERAGE          6                        31    -25       39

PRECIPITATION (IN)
  YESTERDAY        0.00          1.46 1938   0.02  -0.02     0.00
  MONTH TO DATE    0.53                      0.10   0.43     0.23
  SINCE MAR 1      0.53                      0.10   0.43     0.23
  SINCE JAN 1      2.09                      1.09   0.00     1.03

SNOWFALL (IN)
  YESTERDAY        0.0                       0.4   -0.4      0.0
  MONTH TO DATE    8.6                       1.6    7.0      3.4
  SINCE MAR 1      8.6                       1.6    7.0      3.4
  SINCE JUL 1     62.5                      55.2    7.3     58.7
  SNOW DEPTH      11

DEGREE DAYS
 HEATING
  YESTERDAY       59                        34     25       26
  MONTH TO DATE  203                       137     66      178
  SINCE MAR 1    203                       137     66      178
  SINCE JUL 1   5327                      5841   -514     5914

 COOLING
  YESTERDAY        0                         0      0        0
  MONTH TO DATE    0                         0      0        0
  SINCE MAR 1      0                         0      0        0
  SINCE JAN 1      0                         0      0        0
..................................................................


WIND (MPH)
  HIGHEST WIND SPEED    12   HIGHEST WIND DIRECTION    SW (230)
  HIGHEST GUST SPEED    13   HIGHEST GUST DIRECTION     N (350)
  AVERAGE WIND SPEED     2.7


SKY COVER
  POSSIBLE SUNSHINE  MM
  AVERAGE SKY COVER 0.0


WEATHER CONDITIONS
 THE FOLLOWING WEATHER WAS RECORDED YESTERDAY.
  NO SIGNIFICANT WEATHER WAS OBSERVED.


RELATIVE HUMIDITY (PERCENT)
 HIGHEST    87          1000 PM
 LOWEST     53           200 PM
 AVERAGE    70

..........................................................


THE LANDER WY CLIMATE NORMALS FOR TODAY
                         NORMAL    RECORD    YEAR
 MAXIMUM TEMPERATURE (F)   43        65      1936
 MINIMUM TEMPERATURE (F)   20       -14      1945
                                             1943


SUNRISE AND SUNSET
MARCH  5 2015.........SUNRISE   644 AM MST   SUNSET   609 PM MST
MARCH  6 2015.........SUNRISE   643 AM MST   SUNSET   610 PM MST


-  INDICATES NEGATIVE NUMBERS.
R  INDICATES RECORD WAS SET OR TIED.
MM INDICATES DATA IS MISSING.
T  INDICATES TRACE AMOUNT.




$$
