063
CDUS45 KRIW 270801
CLILND


CLIMATE REPORT
NATIONAL WEATHER SERVICE RIVERTON WY
200 AM MDT TUE JUN 27 2017


...................................

...THE LANDER WY CLIMATE SUMMARY FOR JUNE 26 2017...

CLIMATE NORMAL PERIOD 1981 TO 2010
CLIMATE RECORD PERIOD 1891 TO 2017


WEATHER ITEM   OBSERVED TIME   RECORD YEAR NORMAL DEPARTURE LAST
                VALUE   (LST)  VALUE       VALUE  FROM      YEAR
                                                  NORMAL
..................................................................
TEMPERATURE (F)
 YESTERDAY
  MAXIMUM         90    347 PM  99    1990  82      8       85
  MINIMUM         50    507 AM  34    1904  51     -1       49
  AVERAGE         70                        67      3       67

PRECIPITATION (IN)
  YESTERDAY        0.00          0.58 1952   0.03  -0.03     0.00
  MONTH TO DATE    0.26                      1.18  -0.92     0.47
  SINCE JUN 1      0.26                      1.18  -0.92     0.47
  SINCE JAN 1     12.75                      7.40   5.35    15.62

SNOWFALL (IN)
  YESTERDAY        0.0                       0.0    0.0      0.0
  MONTH TO DATE    0.0                       0.1   -0.1      0.0
  SINCE JUN 1      0.0                       0.1   -0.1      0.0
  SINCE JUL 1     90.9                      91.4   -0.5     75.2
  SNOW DEPTH       0

DEGREE DAYS
 HEATING
  YESTERDAY        0                         2     -2        0
  MONTH TO DATE   62                       119    -57       22
  SINCE JUN 1     62                       119    -57       22
  SINCE JUL 1   7529                      7741   -212     7015

 COOLING
  YESTERDAY        5                         4      1        2
  MONTH TO DATE   43                        49     -6      106
  SINCE JUN 1     43                        49     -6      106
  SINCE JAN 1     43                        54    -11      106
..................................................................


WIND (MPH)
  HIGHEST WIND SPEED    20   HIGHEST WIND DIRECTION    SW (220)
  HIGHEST GUST SPEED    25   HIGHEST GUST DIRECTION    SW (230)
  AVERAGE WIND SPEED     5.4


SKY COVER
  POSSIBLE SUNSHINE  MM
  AVERAGE SKY COVER 0.0


WEATHER CONDITIONS
 THE FOLLOWING WEATHER WAS RECORDED YESTERDAY.
  NO SIGNIFICANT WEATHER WAS OBSERVED.


RELATIVE HUMIDITY (PERCENT)
 HIGHEST    57           700 AM
 LOWEST     15           400 PM
 AVERAGE    36

..........................................................


THE LANDER WY CLIMATE NORMALS FOR TODAY
                         NORMAL    RECORD    YEAR
 MAXIMUM TEMPERATURE (F)   82        96      2013
                                             1990
                                             1970
 MINIMUM TEMPERATURE (F)   52        39      1969
                                             1915
                                             1914


SUNRISE AND SUNSET
JUNE 27 2017..........SUNRISE   539 AM MDT   SUNSET   857 PM MDT
JUNE 28 2017..........SUNRISE   539 AM MDT   SUNSET   857 PM MDT


-  INDICATES NEGATIVE NUMBERS.
R  INDICATES RECORD WAS SET OR TIED.
MM INDICATES DATA IS MISSING.
T  INDICATES TRACE AMOUNT.




$$
