000
CDUS43 KOAX 270638
CLILNK


CLIMATE REPORT
NATIONAL WEATHER SERVICE OMAHA NEBRASKA
137 AM CDT WED MAY 27 2015


...................................

...THE LINCOLN, NEBRASKA CLIMATE SUMMARY FOR MAY 26 2015...

CLIMATE NORMAL PERIOD 1981 TO 2010
CLIMATE RECORD PERIOD 1887 TO 2015


WEATHER ITEM   OBSERVED TIME   RECORD YEAR NORMAL DEPARTURE LAST
                VALUE   (LST)  VALUE       VALUE  FROM      YEAR
                                                  NORMAL
..................................................................
TEMPERATURE (F)
 YESTERDAY
  MAXIMUM         72    545 PM  98    1912  77     -5       86
  MINIMUM         59   1147 PM  38    1901  54      5       65
  AVERAGE         66                        66      0       76

PRECIPITATION (IN)
  YESTERDAY        0.15          2.43 1973   0.13   0.02     0.86
  MONTH TO DATE   10.83                      3.59   7.24     5.26
  SINCE MAR 1     13.59                      8.23   5.36     8.89
  SINCE JAN 1     15.43                      9.64   5.79     9.75

SNOWFALL (IN)
  YESTERDAY        0.0                       0.0    0.0      0.0
  MONTH TO DATE    0.0                       0.1   -0.1      0.0
  SINCE JUL 1     21.9                      26.0   -4.1     18.2
  SNOW DEPTH       0

DEGREE DAYS
 HEATING
  YESTERDAY        0                         2     -2        0
  MONTH TO DATE  133                       138     -5      134
  SINCE MAR 1   1129                      1328   -199     1365
  SINCE JUL 1   5816                      6031   -215     6482

 COOLING
  YESTERDAY        1                         3     -2       11
  MONTH TO DATE   37                        46     -9       86
  SINCE MAR 1     42                        60    -18      101
  SINCE JAN 1     42                        60    -18      101
..................................................................


WIND (MPH)
  HIGHEST WIND SPEED    22   HIGHEST WIND DIRECTION    NW (310)
  HIGHEST GUST SPEED    27   HIGHEST GUST DIRECTION    NW (300)
  AVERAGE WIND SPEED     7.8


SKY COVER
  POSSIBLE SUNSHINE  MM
  AVERAGE SKY COVER 0.6


WEATHER CONDITIONS
 THE FOLLOWING WEATHER WAS RECORDED YESTERDAY.
  THUNDERSTORM
  HEAVY RAIN
  LIGHT RAIN
  FOG


RELATIVE HUMIDITY (PERCENT)
 HIGHEST    90           200 AM
 LOWEST     53           600 PM
 AVERAGE    72

..........................................................


THE LINCOLN, NEBRASKA CLIMATE NORMALS FOR TODAY
                         NORMAL    RECORD    YEAR
 MAXIMUM TEMPERATURE (F)   78        95      1966
 MINIMUM TEMPERATURE (F)   54        36      1907


SUNRISE AND SUNSET
MAY 27 2015...........SUNRISE   600 AM CDT   SUNSET   848 PM CDT
MAY 28 2015...........SUNRISE   600 AM CDT   SUNSET   849 PM CDT


-  INDICATES NEGATIVE NUMBERS.
R  INDICATES RECORD WAS SET OR TIED.
MM INDICATES DATA IS MISSING.
T  INDICATES TRACE AMOUNT.




$$
