000
CDUS43 KOAX 300644
CLILNK


CLIMATE REPORT
NATIONAL WEATHER SERVICE OMAHA NEBRASKA
143 AM CDT WED JUL 30 2014


...................................

...THE LINCOLN, NEBRASKA CLIMATE SUMMARY FOR JULY 29 2014...

CLIMATE NORMAL PERIOD 1981 TO 2010
CLIMATE RECORD PERIOD 1887 TO 2014


WEATHER ITEM   OBSERVED TIME   RECORD YEAR NORMAL DEPARTURE LAST
                VALUE   (LST)  VALUE       VALUE  FROM      YEAR
                                                  NORMAL
..................................................................
TEMPERATURE (F)
 YESTERDAY
  MAXIMUM         84    336 PM 105    1947  89     -5       67
                                      1917
  MINIMUM         54    530 AM  49    1994  66    -12       60
  AVERAGE         69                        77     -8       64

PRECIPITATION (IN)
  YESTERDAY        0.00          1.92 1948   0.11  -0.11     0.72
  MONTH TO DATE    0.51                      3.19  -2.68     1.00
  SINCE JUN 1      6.41                      7.54  -1.13     3.49
  SINCE JAN 1     16.16                     17.88  -1.72    19.34

SNOWFALL (IN)
  YESTERDAY        0.0                       0.0    0.0      0.0
  MONTH TO DATE    0.0                       0.0    0.0      0.0
  SINCE JUL 1      0.0                       0.0    0.0      0.0
  SNOW DEPTH       0

DEGREE DAYS
 HEATING
  YESTERDAY        0                         0      0        1
  MONTH TO DATE    2                         0      2        3
  SINCE JUN 1      4                        16    -12       23
  SINCE JUL 1      2                         0      2        3

 COOLING
  YESTERDAY        4                        12     -8        0
  MONTH TO DATE  310                       369    -59      330
  SINCE JUN 1    588                       611    -23      561
  SINCE JAN 1    748                       690     58      648
..................................................................


WIND (MPH)
  HIGHEST WIND SPEED    14   HIGHEST WIND DIRECTION     N (360)
  HIGHEST GUST SPEED    23   HIGHEST GUST DIRECTION    NE (050)
  AVERAGE WIND SPEED     5.4


SKY COVER
  POSSIBLE SUNSHINE  MM
  AVERAGE SKY COVER 0.2


WEATHER CONDITIONS
 THE FOLLOWING WEATHER WAS RECORDED YESTERDAY.
  NO SIGNIFICANT WEATHER WAS OBSERVED.


RELATIVE HUMIDITY (PERCENT)
 HIGHEST    86           500 AM
 LOWEST     34           100 PM
 AVERAGE    60

..........................................................


THE LINCOLN, NEBRASKA CLIMATE NORMALS FOR TODAY
                         NORMAL    RECORD    YEAR
 MAXIMUM TEMPERATURE (F)   89       106      1917
 MINIMUM TEMPERATURE (F)   66        46      1971


SUNRISE AND SUNSET
JULY 30 2014..........SUNRISE   621 AM CDT   SUNSET   845 PM CDT
JULY 31 2014..........SUNRISE   622 AM CDT   SUNSET   844 PM CDT


-  INDICATES NEGATIVE NUMBERS.
R  INDICATES RECORD WAS SET OR TIED.
MM INDICATES DATA IS MISSING.
T  INDICATES TRACE AMOUNT.




$$
