000
CDUS43 KOAX 290643
CLILNK


CLIMATE REPORT
NATIONAL WEATHER SERVICE OMAHA NEBRASKA
142 AM CDT FRI APR 29 2016


...................................

...THE LINCOLN, NEBRASKA CLIMATE SUMMARY FOR APRIL 28 2016...

CLIMATE NORMAL PERIOD 1981 TO 2010
CLIMATE RECORD PERIOD 1887 TO 2016


WEATHER ITEM   OBSERVED TIME   RECORD YEAR NORMAL DEPARTURE LAST
                VALUE   (LST)  VALUE       VALUE  FROM      YEAR
                                                  NORMAL
..................................................................
TEMPERATURE (F)
 YESTERDAY
  MAXIMUM         53    341 PM  97    1910  69    -16       73
  MINIMUM         47   1159 PM  30    2008  44      3       35
                                      1979
                                      1961
  AVERAGE         50                        56     -6       54

PRECIPITATION (IN)
  YESTERDAY        T             2.34 1974   0.11  -0.11     0.00
  MONTH TO DATE    3.60                      2.48   1.12     1.99
  SINCE MAR 1      4.53                      4.41   0.12     2.76
  SINCE JAN 1      6.12                      5.82   0.30     4.60

SNOWFALL (IN)
  YESTERDAY       MM                         0.0   MM        0.0
  MONTH TO DATE    0.0                       1.4   -1.4      0.0
  SINCE JUL 1     20.5                      25.9   -5.4     21.9
  SNOW DEPTH       0

DEGREE DAYS
 HEATING
  YESTERDAY       15                        10      5       11
  MONTH TO DATE  265                       398   -133      310
  SINCE MAR 1    803                      1171   -368      978
  SINCE JUL 1   4720                      5874  -1154     5665

 COOLING
  YESTERDAY        0                         1     -1        0
  MONTH TO DATE    8                        11     -3        3
  SINCE MAR 1      9                        12     -3        5
  SINCE JAN 1      9                        12     -3        5
..................................................................


WIND (MPH)
  HIGHEST WIND SPEED    21   HIGHEST WIND DIRECTION    NW (330)
  HIGHEST GUST SPEED    26   HIGHEST GUST DIRECTION     N (340)
  AVERAGE WIND SPEED    12.0


SKY COVER
  POSSIBLE SUNSHINE  MM
  AVERAGE SKY COVER 1.0


WEATHER CONDITIONS
 THE FOLLOWING WEATHER WAS RECORDED YESTERDAY.
  NO SIGNIFICANT WEATHER WAS OBSERVED.


RELATIVE HUMIDITY (PERCENT)
 HIGHEST    86          1200 AM
 LOWEST     63          1200 PM
 AVERAGE    75

..........................................................


THE LINCOLN, NEBRASKA CLIMATE NORMALS FOR TODAY
                         NORMAL    RECORD    YEAR
 MAXIMUM TEMPERATURE (F)   69        93      1987
 MINIMUM TEMPERATURE (F)   44        27      1903


SUNRISE AND SUNSET
APRIL 29 2016.........SUNRISE   627 AM CDT   SUNSET   822 PM CDT
APRIL 30 2016.........SUNRISE   626 AM CDT   SUNSET   823 PM CDT


-  INDICATES NEGATIVE NUMBERS.
R  INDICATES RECORD WAS SET OR TIED.
MM INDICATES DATA IS MISSING.
T  INDICATES TRACE AMOUNT.




$$
