640
CDUS43 KOAX 282125
CLILNK


CLIMATE REPORT
NATIONAL WEATHER SERVICE OMAHA NEBRASKA
424 PM CDT SAT MAY 28 2016


...................................

...THE LINCOLN, NEBRASKA CLIMATE SUMMARY FOR MAY 28 2016...
VALID TODAY AS OF 0400 PM LOCAL TIME.

CLIMATE NORMAL PERIOD 1981 TO 2010
CLIMATE RECORD PERIOD 1887 TO 2016


WEATHER ITEM   OBSERVED TIME   RECORD YEAR NORMAL DEPARTURE LAST
                VALUE   (LST)  VALUE       VALUE  FROM      YEAR
                                                  NORMAL
..................................................................
TEMPERATURE (F)
 TODAY
  MAXIMUM         75    259 PM  98    1895  78     -3       77
  MINIMUM         56    545 AM  34    1947  55      1       62
  AVERAGE         66                        66      0       70

PRECIPITATION (IN)
  TODAY            0.00          1.97 1905   0.13  -0.13     0.07
  MONTH TO DATE    5.42                      3.85   1.57    10.90
  SINCE MAR 1     10.72                      8.49   2.23    13.66
  SINCE JAN 1     12.31                      9.90   2.41    15.50

SNOWFALL (IN)
  TODAY            0.0                       0.0    0.0      0.0
  MONTH TO DATE    0.0                       0.1   -0.1      0.0
  SINCE JUL 1     20.5                      26.0   -5.5     21.9
  SNOW DEPTH       0

DEGREE DAYS
 HEATING
  TODAY            0                         2     -2        0
  MONTH TO DATE  127                       142    -15      133
  SINCE MAR 1    963                      1332   -369     1129
  SINCE JUL 1   4880                      6035  -1155     5816

 COOLING
  TODAY            1                         4     -3        5
  MONTH TO DATE   41                        53    -12       44
  SINCE MAR 1     50                        67    -17       49
  SINCE JAN 1     50                        67    -17       49
..................................................................


WIND (MPH)
  HIGHEST WIND SPEED    21   HIGHEST WIND DIRECTION     W (260)
  HIGHEST GUST SPEED    26   HIGHEST GUST DIRECTION     W (260)
  AVERAGE WIND SPEED     8.2


SKY COVER
  POSSIBLE SUNSHINE  MM
  AVERAGE SKY COVER 0.6


WEATHER CONDITIONS
 THE FOLLOWING WEATHER WAS RECORDED TODAY.
  NO SIGNIFICANT WEATHER WAS OBSERVED.


RELATIVE HUMIDITY (PERCENT)
 HIGHEST    93           200 AM
 LOWEST     54           200 PM
 AVERAGE    74

..........................................................


THE LINCOLN, NEBRASKA CLIMATE NORMALS FOR TOMORROW
                         NORMAL    RECORD    YEAR
 MAXIMUM TEMPERATURE (F)   79       102      1934
 MINIMUM TEMPERATURE (F)   55        32      1947


SUNRISE AND SUNSET
MAY 28 2016...........SUNRISE   559 AM CDT   SUNSET   850 PM CDT
MAY 29 2016...........SUNRISE   559 AM CDT   SUNSET   851 PM CDT


-  INDICATES NEGATIVE NUMBERS.
R  INDICATES RECORD WAS SET OR TIED.
MM INDICATES DATA IS MISSING.
T  INDICATES TRACE AMOUNT.




$$
