000
CDUS43 KOAX 010649
CLILNK


CLIMATE REPORT
NATIONAL WEATHER SERVICE OMAHA NEBRASKA
1247 AM CST SUN FEB 1 2015


...................................

...THE LINCOLN, NEBRASKA CLIMATE SUMMARY FOR JANUARY 31 2015...

CLIMATE NORMAL PERIOD 1981 TO 2010
CLIMATE RECORD PERIOD 1887 TO 2015


WEATHER ITEM   OBSERVED TIME   RECORD YEAR NORMAL DEPARTURE LAST
                VALUE   (LST)  VALUE       VALUE  FROM      YEAR
                                                  NORMAL
..................................................................
TEMPERATURE (F)
 YESTERDAY
  MAXIMUM         39    230 AM  72    1989  36      3       27
  MINIMUM         32   1159 PM -20    1979  14     18       14
  AVERAGE         36                        25     11       21

PRECIPITATION (IN)
  YESTERDAY        0.82R         0.56 1998   0.03   0.79     0.03
  MONTH TO DATE    0.91                      0.64   0.27     0.24
  SINCE DEC 1      2.13                      1.59   0.54     0.46
  SINCE JAN 1      0.91                      0.64   0.27     0.24

SNOWFALL (IN)
  YESTERDAY        3.0                       0.2    2.8      0.4
  MONTH TO DATE    3.9                       5.4   -1.5      3.7
  SINCE JUL 1      9.0                      14.1   -5.1      9.6
  SNOW DEPTH       0

DEGREE DAYS
 HEATING
  YESTERDAY       29                        40    -11       44
  MONTH TO DATE 1138                      1256   -118     1317
  SINCE DEC 1   2170                      2436   -266     2638
  SINCE JUL 1   3479                      3697   -218     3935

 COOLING
  YESTERDAY        0                         0      0        0
  MONTH TO DATE    0                         0      0        0
  SINCE DEC 1      0                         0      0        0
  SINCE JAN 1      0                         0      0        0
..................................................................


WIND (MPH)
  HIGHEST WIND SPEED    16   HIGHEST WIND DIRECTION    SW (220)
  HIGHEST GUST SPEED    20   HIGHEST GUST DIRECTION    SW (230)
  AVERAGE WIND SPEED     8.2


SKY COVER
  POSSIBLE SUNSHINE  MM
  AVERAGE SKY COVER 1.0


WEATHER CONDITIONS
 THE FOLLOWING WEATHER WAS RECORDED YESTERDAY.
  LIGHT RAIN
  SNOW
  LIGHT SNOW
  FOG


RELATIVE HUMIDITY (PERCENT)
 HIGHEST    96           900 AM
 LOWEST     64          1200 AM
 AVERAGE    80

..........................................................


THE LINCOLN, NEBRASKA CLIMATE NORMALS FOR TODAY
                         NORMAL    RECORD    YEAR
 MAXIMUM TEMPERATURE (F)   37        64      1992
 MINIMUM TEMPERATURE (F)   15       -24      1979


SUNRISE AND SUNSET
FEBRUARY  1 2015......SUNRISE   737 AM CST   SUNSET   544 PM CST
FEBRUARY  2 2015......SUNRISE   736 AM CST   SUNSET   545 PM CST


-  INDICATES NEGATIVE NUMBERS.
R  INDICATES RECORD WAS SET OR TIED.
MM INDICATES DATA IS MISSING.
T  INDICATES TRACE AMOUNT.




$$
