000
CDUS43 KOAX 240627
CLILNK


CLIMATE REPORT
NATIONAL WEATHER SERVICE OMAHA NEBRASKA
124 AM CDT WED AUG 24 2016


...................................

...THE LINCOLN, NEBRASKA CLIMATE SUMMARY FOR AUGUST 23 2016...

CLIMATE NORMAL PERIOD 1981 TO 2010
CLIMATE RECORD PERIOD 1887 TO 2016


WEATHER ITEM   OBSERVED TIME   RECORD YEAR NORMAL DEPARTURE LAST
                VALUE   (LST)  VALUE       VALUE  FROM      YEAR
                                                  NORMAL
..................................................................
TEMPERATURE (F)
 YESTERDAY
  MAXIMUM         91    416 PM 103    1948  86      5       76
                                      1943
  MINIMUM         66   1147 PM  43    1891  63      3       50
  AVERAGE         79                        74      5       63

PRECIPITATION (IN)
  YESTERDAY        0.17          1.28 1962   0.11   0.06     0.00
  MONTH TO DATE    3.24                      2.55   0.69     2.73
  SINCE JUN 1      8.49                     10.30  -1.81    12.78
  SINCE JAN 1     20.80                     20.64   0.16    28.28

SNOWFALL (IN)
  YESTERDAY        0.0                       0.0    0.0      0.0
  MONTH TO DATE    0.0                       0.0    0.0      0.0
  SINCE JUL 1      0.0                       0.0    0.0      0.0
  SNOW DEPTH       0

DEGREE DAYS
 HEATING
  YESTERDAY        0                         0      0        2
  MONTH TO DATE    0                         0      0        2
  SINCE JUN 1      0                        17    -17        3
  SINCE JUL 1      0                         1     -1        3

 COOLING
  YESTERDAY       14                        10      4        0
  MONTH TO DATE  272                       256     16      239
  SINCE JUN 1   1094                       888    206      885
  SINCE JAN 1   1165                       967    198      937
..................................................................


WIND (MPH)
  HIGHEST WIND SPEED    30   HIGHEST WIND DIRECTION    NE (040)
  HIGHEST GUST SPEED    36   HIGHEST GUST DIRECTION    NE (040)
  AVERAGE WIND SPEED    15.9


SKY COVER
  POSSIBLE SUNSHINE  MM
  AVERAGE SKY COVER 0.5


WEATHER CONDITIONS
 THE FOLLOWING WEATHER WAS RECORDED YESTERDAY.
  THUNDERSTORM
  HEAVY RAIN
  LIGHT RAIN
  FOG


RELATIVE HUMIDITY (PERCENT)
 HIGHEST    90           600 AM
 LOWEST     56           300 PM
 AVERAGE    73

..........................................................


THE LINCOLN, NEBRASKA CLIMATE NORMALS FOR TODAY
                         NORMAL    RECORD    YEAR
 MAXIMUM TEMPERATURE (F)   86       107      1936
 MINIMUM TEMPERATURE (F)   63        43      1891


SUNRISE AND SUNSET
AUGUST 24 2016........SUNRISE   646 AM CDT   SUNSET   811 PM CDT
AUGUST 25 2016........SUNRISE   647 AM CDT   SUNSET   810 PM CDT


-  INDICATES NEGATIVE NUMBERS.
R  INDICATES RECORD WAS SET OR TIED.
MM INDICATES DATA IS MISSING.
T  INDICATES TRACE AMOUNT.


$$

BCM
