000
CDUS43 KLOT 010633
CLILOT


CLIMATE REPORT
NATIONAL WEATHER SERVICE CHICAGO IL
1232 AM CST SUN MAR 1 2015


...................................

...THE ROMEOVILLE  WFO CLIMATE SUMMARY FOR FEBRUARY 28 2015...

CLIMATE NORMAL PERIOD 1981 TO 2010
CLIMATE RECORD PERIOD 1992 TO 2015


WEATHER ITEM   OBSERVED RECORD YEAR NORMAL DEPARTURE LAST
                VALUE   VALUE       VALUE  FROM      YEAR
                                           NORMAL
...........................................................
TEMPERATURE (F)
 YESTERDAY
  MAXIMUM         22     56    2000  41    -19       30
  MINIMUM         -8R     2    2014  24    -32        2
  AVERAGE          7                 32    -25       16

PRECIPITATION (IN)
  YESTERDAY        0.01   0.28 2005   0.08  -0.07     0.00
  MONTH TO DATE    1.33               1.78  -0.45     2.24
  SINCE DEC 1      3.89               5.96  -2.07     6.20
  SINCE JAN 1      2.84               3.71  -0.87     4.86

SNOWFALL (IN)
  YESTERDAY        0.2    1.3  1994   0.2    0.0      0.0
  MONTH TO DATE   19.0                6.4   12.6     22.3
  SINCE DEC 1     29.8               26.5    3.3     64.6
  SINCE JUL 1     31.2               27.4    3.8     65.5
  SNOW DEPTH       7

DEGREE DAYS
 HEATING
  YESTERDAY       58                 33     25
  MONTH TO DATE 1415               1048    367
  SINCE DEC 1   3769               3509    260
  SINCE JUL 1   5245               4728    517

 COOLING
  YESTERDAY        0                  0      0
  MONTH TO DATE    0                  0      0
  SINCE DEC 1      0                  0      0
  SINCE JAN 1      0                  0      0
...........................................................







THE ROMEOVILLE  WFO CLIMATE NORMALS FOR TODAY
                         NORMAL    RECORD    YEAR
 MAXIMUM TEMPERATURE (F)   41        71      1992
 MINIMUM TEMPERATURE (F)   24        10      2014


SUNRISE AND SUNSET
MARCH  1 2015.........SUNRISE   627 AM CST   SUNSET   543 PM CST
MARCH  2 2015.........SUNRISE   626 AM CST   SUNSET   544 PM CST


-  INDICATES NEGATIVE NUMBERS.
R  INDICATES RECORD WAS SET OR TIED.
MM INDICATES DATA IS MISSING.
T  INDICATES TRACE AMOUNT.




$$
