006
CDUS43 KLOT 140632
CLILOT


CLIMATE REPORT
NATIONAL WEATHER SERVICE CHICAGO IL
1231 AM CST SUN FEB 14 2016


...................................

...THE ROMEOVILLE  WFO CLIMATE SUMMARY FOR FEBRUARY 13 2016...

CLIMATE NORMAL PERIOD 1981 TO 2010
CLIMATE RECORD PERIOD 1992 TO 2016


WEATHER ITEM   OBSERVED RECORD YEAR NORMAL DEPARTURE LAST
                VALUE   VALUE       VALUE  FROM      YEAR
                                           NORMAL
...........................................................
TEMPERATURE (F)
 YESTERDAY
  MAXIMUM         18     46    2005  35    -17       27
  MINIMUM          2      1    2015  19    -17        1
  AVERAGE         10                 27    -17       14

PRECIPITATION (IN)
  YESTERDAY        0.00   0.62 2005   0.06  -0.06     0.00
  MONTH TO DATE    0.82               0.73   0.09     1.14
  SINCE DEC 1      7.70               4.91   2.79     3.70
  SINCE JAN 1      1.85               2.66  -0.81     2.65

SNOWFALL (IN)
  YESTERDAY        0.0    8.2  2007   0.2   -0.2      0.0
  MONTH TO DATE    1.3                3.2   -1.9     15.2
  SINCE DEC 1     12.4               23.3  -10.9     26.0
  SINCE JUL 1     17.1               24.2   -7.1     27.4
  SNOW DEPTH       0

DEGREE DAYS
 HEATING
  YESTERDAY       55                 38     17
  MONTH TO DATE  522                516      6
  SINCE DEC 1   2563               2978   -415
  SINCE JUL 1   3565               4197   -632

 COOLING
  YESTERDAY        0                  0      0
  MONTH TO DATE    0                  0      0
  SINCE DEC 1      0                  0      0
  SINCE JAN 1      0                  0      0
...........................................................







THE ROMEOVILLE  WFO CLIMATE NORMALS FOR TODAY
                         NORMAL    RECORD    YEAR
 MAXIMUM TEMPERATURE (F)   35        56      2006
 MINIMUM TEMPERATURE (F)   19         2      2015


SUNRISE AND SUNSET
FEBRUARY 14 2016......SUNRISE   650 AM CST   SUNSET   524 PM CST
FEBRUARY 15 2016......SUNRISE   648 AM CST   SUNSET   525 PM CST


-  INDICATES NEGATIVE NUMBERS.
R  INDICATES RECORD WAS SET OR TIED.
MM INDICATES DATA IS MISSING.
T  INDICATES TRACE AMOUNT.




$$
