000
CDUS43 KLOT 200636
CLILOT


CLIMATE REPORT
NATIONAL WEATHER SERVICE CHICAGO IL
136 AM CDT SAT SEP 20 2014


...................................

...THE ROMEOVILLE  WFO CLIMATE SUMMARY FOR SEPTEMBER 19 2014...

CLIMATE NORMAL PERIOD 1981 TO 2010
CLIMATE RECORD PERIOD 1992 TO 2014


WEATHER ITEM   OBSERVED RECORD YEAR NORMAL DEPARTURE LAST
                VALUE   VALUE       VALUE  FROM      YEAR
                                           NORMAL
...........................................................
TEMPERATURE (F)
 YESTERDAY
  MAXIMUM         75     91    2013  75      0       91
  MINIMUM         53     40    1992  53      0       68
  AVERAGE         64                 64      0       80

PRECIPITATION (IN)
  YESTERDAY        0.00   0.69 2005   0.10  -0.10     0.05
  MONTH TO DATE    2.84               2.07   0.77     1.13
  SINCE SEP 1      2.84               2.07   0.77     1.13
  SINCE JAN 1     41.50              29.89  11.61    30.45

DEGREE DAYS
 HEATING
  YESTERDAY        1                  3     -2
  MONTH TO DATE   90                 32     58
  SINCE SEP 1     90                 32     58
  SINCE JUL 1    102                 40     62

 COOLING
  YESTERDAY        0                  2     -2
  MONTH TO DATE   56                 75    -19
  SINCE SEP 1     56                 75    -19
  SINCE JAN 1    727                828   -101
...........................................................







THE ROMEOVILLE  WFO CLIMATE NORMALS FOR TODAY
                         NORMAL    RECORD    YEAR
 MAXIMUM TEMPERATURE (F)   74        89      1998
 MINIMUM TEMPERATURE (F)   53        40      2006


SUNRISE AND SUNSET
SEPTEMBER 20 2014.....SUNRISE   638 AM CDT   SUNSET   653 PM CDT
SEPTEMBER 21 2014.....SUNRISE   639 AM CDT   SUNSET   651 PM CDT


-  INDICATES NEGATIVE NUMBERS.
R  INDICATES RECORD WAS SET OR TIED.
MM INDICATES DATA IS MISSING.
T  INDICATES TRACE AMOUNT.




$$
