000
CDUS43 KLOT 130636
CLILOT


CLIMATE REPORT
NATIONAL WEATHER SERVICE CHICAGO IL
135 AM CDT SUN JUL 13 2014


...................................

...THE ROMEOVILLE  WFO CLIMATE SUMMARY FOR JULY 12 2014...

CLIMATE NORMAL PERIOD 1981 TO 2010
CLIMATE RECORD PERIOD 1992 TO 2014


WEATHER ITEM   OBSERVED RECORD YEAR NORMAL DEPARTURE LAST
                VALUE   VALUE       VALUE  FROM      YEAR
                                           NORMAL
...........................................................
TEMPERATURE (F)
 YESTERDAY
  MAXIMUM         80     93    1995  84     -4       85
  MINIMUM         69     56    2007  64      5       59
  AVERAGE         75                 74      1       72

PRECIPITATION (IN)
  YESTERDAY        1.10R  0.72 2006   0.14   0.96     0.00
  MONTH TO DATE    2.61               1.63   0.98     0.21
  SINCE JUN 1     11.83               5.97   5.86     4.65
  SINCE JAN 1     27.20              20.67   6.53    25.64

DEGREE DAYS
 HEATING
  YESTERDAY        0                  0      0
  MONTH TO DATE    3                  0      3
  SINCE JUN 1     15                 33    -18
  SINCE JUL 1      3                  0      3

 COOLING
  YESTERDAY       10                  9      1
  MONTH TO DATE   63                108    -45
  SINCE JUN 1    261                288    -27
  SINCE JAN 1    349                346      3
...........................................................







THE ROMEOVILLE  WFO CLIMATE NORMALS FOR TODAY
                         NORMAL    RECORD    YEAR
 MAXIMUM TEMPERATURE (F)   84       100      1995
 MINIMUM TEMPERATURE (F)   64        56      2007


SUNRISE AND SUNSET
JULY 13 2014..........SUNRISE   530 AM CDT   SUNSET   826 PM CDT
JULY 14 2014..........SUNRISE   530 AM CDT   SUNSET   826 PM CDT


-  INDICATES NEGATIVE NUMBERS.
R  INDICATES RECORD WAS SET OR TIED.
MM INDICATES DATA IS MISSING.
T  INDICATES TRACE AMOUNT.




$$
