000
CDUS43 KLOT 260633
CLILOT


CLIMATE REPORT
NATIONAL WEATHER SERVICE CHICAGO IL
1232 AM CST MON JAN 26 2015


...................................

...THE ROMEOVILLE  WFO CLIMATE SUMMARY FOR JANUARY 25 2015...

CLIMATE NORMAL PERIOD 1981 TO 2010
CLIMATE RECORD PERIOD 1992 TO 2015


WEATHER ITEM   OBSERVED RECORD YEAR NORMAL DEPARTURE LAST
                VALUE   VALUE       VALUE  FROM      YEAR
                                           NORMAL
...........................................................
TEMPERATURE (F)
 YESTERDAY
  MAXIMUM         35     51    2002  31      4       33
  MINIMUM         23     -8    2008  16      7        6
  AVERAGE         29                 23      6       20

PRECIPITATION (IN)
  YESTERDAY        0.07   0.20 1992   0.05   0.02      T
  MONTH TO DATE    1.21               1.62  -0.41     2.37
  SINCE DEC 1      2.26               3.87  -1.61     3.71
  SINCE JAN 1      1.21               1.62  -0.41     2.37

SNOWFALL (IN)
  YESTERDAY        0.3    2.6  1992   0.4   -0.1       T
  MONTH TO DATE    8.6                8.8   -0.2     25.9
  SINCE DEC 1      8.6               18.1   -9.5     38.1
  SINCE JUL 1     10.0               19.0   -9.0     39.0
  SNOW DEPTH       0

DEGREE DAYS
 HEATING
  YESTERDAY       36                 42     -6
  MONTH TO DATE 1095               1047     48
  SINCE DEC 1   2122               2214    -92
  SINCE JUL 1   3598               3433    165

 COOLING
  YESTERDAY        0                  0      0
  MONTH TO DATE    0                  0      0
  SINCE DEC 1      0                  0      0
  SINCE JAN 1      0                  0      0
...........................................................







THE ROMEOVILLE  WFO CLIMATE NORMALS FOR TODAY
                         NORMAL    RECORD    YEAR
 MAXIMUM TEMPERATURE (F)   31        55      2002
 MINIMUM TEMPERATURE (F)   16        -1      1997


SUNRISE AND SUNSET
JANUARY 26 2015.......SUNRISE   710 AM CST   SUNSET   500 PM CST
JANUARY 27 2015.......SUNRISE   709 AM CST   SUNSET   501 PM CST


-  INDICATES NEGATIVE NUMBERS.
R  INDICATES RECORD WAS SET OR TIED.
MM INDICATES DATA IS MISSING.
T  INDICATES TRACE AMOUNT.




$$
