000
CDUS43 KLOT 300637
CLILOT


CLIMATE REPORT
NATIONAL WEATHER SERVICE CHICAGO IL
136 AM CDT TUE JUN 30 2015


...................................

...THE ROMEOVILLE  WFO CLIMATE SUMMARY FOR JUNE 29 2015...

CLIMATE NORMAL PERIOD 1981 TO 2010
CLIMATE RECORD PERIOD 1992 TO 2015


WEATHER ITEM   OBSERVED RECORD YEAR NORMAL DEPARTURE LAST
                VALUE   VALUE       VALUE  FROM      YEAR
                                           NORMAL
...........................................................
TEMPERATURE (F)
 YESTERDAY
  MAXIMUM         74     95    1996  84    -10       84
  MINIMUM         63     54    2004  63      0       68
                               1993
                               1992
  AVERAGE         69                 73     -4       76

PRECIPITATION (IN)
  YESTERDAY        1.82R  1.18 2012   0.11   1.71     0.08
  MONTH TO DATE    8.50               4.22   4.28     7.32
  SINCE JUN 1      8.50               4.22   4.28     7.32
  SINCE JAN 1     20.41              18.92   1.49    22.69

DEGREE DAYS
 HEATING
  YESTERDAY        0                  0      0
  MONTH TO DATE   27                 31     -4
  SINCE JUN 1     27                 31     -4
  SINCE JUL 1   6751               6217    534

 COOLING
  YESTERDAY        4                  8     -4
  MONTH TO DATE  134                169    -35
  SINCE JUN 1    134                169    -35
  SINCE JAN 1    210                227    -17
...........................................................







THE ROMEOVILLE  WFO CLIMATE NORMALS FOR TODAY
                         NORMAL    RECORD    YEAR
 MAXIMUM TEMPERATURE (F)   84        93      1996
 MINIMUM TEMPERATURE (F)   63        54      2000


SUNRISE AND SUNSET
JUNE 30 2015..........SUNRISE   521 AM CDT   SUNSET   830 PM CDT
JULY  1 2015..........SUNRISE   522 AM CDT   SUNSET   830 PM CDT


-  INDICATES NEGATIVE NUMBERS.
R  INDICATES RECORD WAS SET OR TIED.
MM INDICATES DATA IS MISSING.
T  INDICATES TRACE AMOUNT.




$$
