000
CDUS43 KLOT 250635
CLILOT


CLIMATE REPORT
NATIONAL WEATHER SERVICE CHICAGO IL
135 AM CDT TUE APR 25 2017


...................................

...THE ROMEOVILLE  WFO CLIMATE SUMMARY FOR APRIL 24 2017...

CLIMATE NORMAL PERIOD 1981 TO 2010
CLIMATE RECORD PERIOD 1992 TO 2017


WEATHER ITEM   OBSERVED RECORD YEAR NORMAL DEPARTURE LAST
                VALUE   VALUE       VALUE  FROM      YEAR
                                           NORMAL
...........................................................
TEMPERATURE (F)
 YESTERDAY
  MAXIMUM         75     84    1994  64     11       79
  MINIMUM         41     31    2015  43     -2       45
                               1995
  AVERAGE         58                 53      5       62

PRECIPITATION (IN)
  YESTERDAY        0.00   0.66 2004   0.14  -0.14     0.00
  MONTH TO DATE    2.75               3.02  -0.27     1.40
  SINCE MAR 1      7.67               5.79   1.88     5.13
  SINCE JAN 1     13.38               9.50   3.88     7.20

SNOWFALL (IN)
  YESTERDAY        0.0    0.0  2011   0.0    0.0      0.0
                               2010
                               2009
  MONTH TO DATE    T                  0.5   -0.5      0.4
  SINCE MAR 1      4.9                4.9    0.0      2.4
  SINCE JUL 1     24.3               32.3   -8.0     22.3
  SNOW DEPTH       0

DEGREE DAYS
 HEATING
  YESTERDAY        7                 12     -5
  MONTH TO DATE  272                385   -113
  SINCE MAR 1   1067               1202   -135
  SINCE JUL 1   5042               5930   -888

 COOLING
  YESTERDAY        0                  0      0
  MONTH TO DATE    7                  0      7
  SINCE MAR 1      7                  0      7
  SINCE JAN 1      7                  0      7
...........................................................







THE ROMEOVILLE  WFO CLIMATE NORMALS FOR TODAY
                         NORMAL    RECORD    YEAR
 MAXIMUM TEMPERATURE (F)   65        86      1994
 MINIMUM TEMPERATURE (F)   43        34      2005


SUNRISE AND SUNSET
APRIL 25 2017.........SUNRISE   557 AM CDT   SUNSET   744 PM CDT
APRIL 26 2017.........SUNRISE   556 AM CDT   SUNSET   745 PM CDT


-  INDICATES NEGATIVE NUMBERS.
R  INDICATES RECORD WAS SET OR TIED.
MM INDICATES DATA IS MISSING.
T  INDICATES TRACE AMOUNT.




$$
