000
CDUS43 KLMK 220630
CLILOU


CLIMATE REPORT
NATIONAL WEATHER SERVICE LOUISVILLE KY
229 AM EDT THU JUN 22 2017


...................................

...THE LOUISVILLE BOWMAN KY CLIMATE SUMMARY FOR JUNE 21 2017...

CLIMATE NORMAL PERIOD 1981 TO 2010
CLIMATE RECORD PERIOD 9999 TO 9999


WEATHER ITEM   OBSERVED TIME   RECORD YEAR NORMAL DEPARTURE LAST
                VALUE   (LST)  VALUE       VALUE  FROM      YEAR
                                                  NORMAL
..................................................................
TEMPERATURE (F)
 YESTERDAY
  MAXIMUM         92    257 PM  MM      MM  86      6       90
  MINIMUM         68    533 AM  MM      MM  67      1       78
  AVERAGE         80                        77      3       84

PRECIPITATION (IN)
  YESTERDAY        0.00         MM      MM   0.11  -0.11     0.00
  MONTH TO DATE    1.42                      3.12  -1.70     2.03
  SINCE JUN 1      1.42                      3.12  -1.70     2.03
  SINCE JAN 1     20.98                     23.04  -2.06    21.64

SNOWFALL (IN)
  YESTERDAY       MM            MM      MM  MM     MM       MM
  MONTH TO DATE   MM                        MM     MM       MM
  SINCE JUN 1     MM                        MM     MM       MM
  SINCE JUL 1     MM                        MM     MM       MM
  SNOW DEPTH      MM

DEGREE DAYS
 HEATING
  YESTERDAY        0                         0      0        0
  MONTH TO DATE    0                         2     -2        0
  SINCE JUN 1      0                         2     -2        0
  SINCE JUL 1   3225                      4267  -1042     3488

 COOLING
  YESTERDAY       15                        12      3       19
  MONTH TO DATE  222                       196     26      253
  SINCE JUN 1    222                       196     26      253
  SINCE JAN 1    475                       343    132      400
..................................................................


WIND (MPH)
  HIGHEST WIND SPEED    16   HIGHEST WIND DIRECTION    SW (230)
  HIGHEST GUST SPEED    24   HIGHEST GUST DIRECTION     S (200)
  AVERAGE WIND SPEED     7.2


SKY COVER
  POSSIBLE SUNSHINE  MM
  AVERAGE SKY COVER 0.1


WEATHER CONDITIONS
 THE FOLLOWING WEATHER WAS RECORDED YESTERDAY.
  NO SIGNIFICANT WEATHER WAS OBSERVED.


RELATIVE HUMIDITY (PERCENT)
 HIGHEST    81           500 AM
 LOWEST     38           200 PM
 AVERAGE    60

..........................................................


THE LOUISVILLE BOWMAN KY CLIMATE NORMALS FOR TODAY
                         NORMAL
 MAXIMUM TEMPERATURE (F)   86
 MINIMUM TEMPERATURE (F)   67


SUNRISE AND SUNSET
JUNE 22 2017..........SUNRISE   620 AM EDT   SUNSET   910 PM EDT
JUNE 23 2017..........SUNRISE   620 AM EDT   SUNSET   910 PM EDT


-  INDICATES NEGATIVE NUMBERS.
R  INDICATES RECORD WAS SET OR TIED.
MM INDICATES DATA IS MISSING.
T  INDICATES TRACE AMOUNT.




$$
