000
CDUS43 KLMK 220628
CLILOU


CLIMATE REPORT
NATIONAL WEATHER SERVICE LOUISVILLE KY
228 AM EDT MON SEP 22 2014


...................................

...THE LOUISVILLE BOWMAN KY CLIMATE SUMMARY FOR SEPTEMBER 21 2014...

CLIMATE NORMAL PERIOD 1981 TO 2010
CLIMATE RECORD PERIOD 9999 TO 9999


WEATHER ITEM   OBSERVED TIME   RECORD YEAR NORMAL DEPARTURE LAST
                VALUE   (LST)  VALUE       VALUE  FROM      YEAR
                                                  NORMAL
..................................................................
TEMPERATURE (F)
 YESTERDAY
  MAXIMUM         81   1212 PM  MM      MM  78      3       75
  MINIMUM         60   1159 PM  MM      MM  57      3       55
  AVERAGE         71                        67      4       65

PRECIPITATION (IN)
  YESTERDAY        T            MM      MM   0.11  -0.11     0.62
  MONTH TO DATE    3.05                      2.09   0.96     3.33
  SINCE SEP 1      3.05                      2.09   0.96     3.33
  SINCE JAN 1     33.51                     33.63  -0.12    40.39

SNOWFALL (IN)
  YESTERDAY       MM            MM      MM  MM     MM       MM
  MONTH TO DATE   MM                        MM     MM       MM
  SINCE SEP 1     MM                        MM     MM       MM
  SINCE JUL 1     MM                        MM     MM       MM
  SNOW DEPTH      MM

DEGREE DAYS
 HEATING
  YESTERDAY        0                         2     -2        0
  MONTH TO DATE   22                        10     12        3
  SINCE SEP 1     22                        10     12        3
  SINCE JUL 1     22                        10     12        3

 COOLING
  YESTERDAY        6                         4      2        0
  MONTH TO DATE  132                       147    -15      179
  SINCE SEP 1    132                       147    -15      179
  SINCE JAN 1   1477                      1386     91     1382
..................................................................


WIND (MPH)
  HIGHEST WIND SPEED    23   HIGHEST WIND DIRECTION    NW (300)
  HIGHEST GUST SPEED    33   HIGHEST GUST DIRECTION    NW (310)
  AVERAGE WIND SPEED    10.3


SKY COVER
  POSSIBLE SUNSHINE  MM
  AVERAGE SKY COVER 0.2


WEATHER CONDITIONS
 THE FOLLOWING WEATHER WAS RECORDED YESTERDAY.
  LIGHT RAIN


RELATIVE HUMIDITY (PERCENT)
 HIGHEST    84          1200 AM
 LOWEST     32           200 PM
 AVERAGE    58

..........................................................


THE LOUISVILLE BOWMAN KY CLIMATE NORMALS FOR TODAY
                         NORMAL
 MAXIMUM TEMPERATURE (F)   77
 MINIMUM TEMPERATURE (F)   56


SUNRISE AND SUNSET
SEPTEMBER 22 2014.....SUNRISE   730 AM EDT   SUNSET   740 PM EDT
SEPTEMBER 23 2014.....SUNRISE   731 AM EDT   SUNSET   738 PM EDT


-  INDICATES NEGATIVE NUMBERS.
R  INDICATES RECORD WAS SET OR TIED.
MM INDICATES DATA IS MISSING.
T  INDICATES TRACE AMOUNT.




$$
