000
CDUS43 KJKL 050614 RRA
CLILOZ

CLIMATE REPORT
NATIONAL WEATHER SERVICE JACKSON KY
114 AM EST MON DEC 5 2016

...................................

...THE LONDON KY CLIMATE SUMMARY FOR DECEMBER 4 2016...

CLIMATE NORMAL PERIOD 1981 TO 2010
CLIMATE RECORD PERIOD 1954 TO 2016

WEATHER ITEM   OBSERVED TIME   RECORD YEAR NORMAL DEPARTURE LAST
                VALUE   (LST)  VALUE       VALUE  FROM      YEAR
                                                  NORMAL
..................................................................
TEMPERATURE (F)
 YESTERDAY
  MAXIMUM         47   1159 PM  77    1982  51     -4       50
  MINIMUM         37    810 AM  13    2000  32      5       25
  AVERAGE         42                        41      1       38

PRECIPITATION (IN)
  YESTERDAY        0.33          2.28 1993   0.14   0.19     0.00
  MONTH TO DATE    0.33                      0.57  -0.24     1.56
  SINCE DEC 1      0.33                      0.57  -0.24     1.56

SNOWFALL (IN)
  YESTERDAY       MM
  MONTH TO DATE   MM
  SINCE DEC 1     MM
  SINCE JUL 1     MM
  SNOW DEPTH      MM

DEGREE DAYS
 HEATING
  YESTERDAY       23                        24     -1       27
  MONTH TO DATE  103                        93     10       85
  SINCE DEC 1    103                        93     10       85
  SINCE JUL 1    694                       923   -229      750

 COOLING
  YESTERDAY        0                         0      0        0
  MONTH TO DATE    0                         0      0        0
  SINCE DEC 1      0                         0      0        0
  SINCE JAN 1   1507                      1190    317     1387
..................................................................

WIND (MPH)
  HIGHEST WIND SPEED    13   HIGHEST WIND DIRECTION    SW (220)
  HIGHEST GUST SPEED    16   HIGHEST GUST DIRECTION    SW (210)
  AVERAGE WIND SPEED     4.2

SKY COVER
  POSSIBLE SUNSHINE  MM
  AVERAGE SKY COVER 1.0

WEATHER CONDITIONS
 THE FOLLOWING WEATHER WAS RECORDED YESTERDAY.
  RAIN
  LIGHT RAIN
  FOG

RELATIVE HUMIDITY (PERCENT)
 HIGHEST    92           300 PM
 LOWEST     64          1200 AM
 AVERAGE    78
..........................................................

THE LONDON KY CLIMATE NORMALS FOR TODAY
                         NORMAL    RECORD    YEAR
 MAXIMUM TEMPERATURE (F)   51        72      2013
                                             2001
 MINIMUM TEMPERATURE (F)   32        12      1969

SUNRISE AND SUNSET
DECEMBER  5 2016......SUNRISE   735 AM EST   SUNSET   519 PM EST
DECEMBER  6 2016......SUNRISE   736 AM EST   SUNSET   519 PM EST

-  INDICATES NEGATIVE NUMBERS.
R  INDICATES RECORD WAS SET OR TIED.
MM INDICATES DATA IS MISSING.
T  INDICATES TRACE AMOUNT.

$$

RAY
