000
CDUS43 KJKL 302019 RRA
CLILOZ

CLIMATE REPORT
NATIONAL WEATHER SERVICE JACKSON KY
420 PM EDT THU MAR 30 2017

...................................

...THE LONDON KY CLIMATE SUMMARY FOR MARCH 30 2017...
VALID TODAY AS OF 0400 PM LOCAL TIME.

CLIMATE NORMAL PERIOD 1981 TO 2010
CLIMATE RECORD PERIOD 1954 TO 2017

WEATHER ITEM   OBSERVED TIME   RECORD YEAR NORMAL DEPARTURE LAST
                VALUE   (LST)  VALUE       VALUE  FROM      YEAR
                                                  NORMAL
..................................................................
TEMPERATURE (F)
 TODAY
  MAXIMUM         78    259 PM  83    1963  63     15       73
  MINIMUM         54    324 AM  19    1964  40     14       35
  AVERAGE         66                        52     14       54

PRECIPITATION (IN)
  TODAY            0.00          1.04 1962   0.14  -0.14     0.00
  MONTH TO DATE    4.54                      3.92   0.62     1.53
  SINCE MAR 1      4.54                      3.92   0.62     1.53

SNOWFALL (IN)
  TODAY           MM
  MONTH TO DATE   MM
  SINCE MAR 1     MM
  SINCE JUL 1     MM
  SNOW DEPTH      MM

DEGREE DAYS
 HEATING
  TODAY            0                        14    -14       11
  MONTH TO DATE  505                       535    -30      399
  SINCE MAR 1    505                       535    -30      399
  SINCE JUL 1   3100                      3811   -711     3315

 COOLING
  TODAY            1                         0      1        0
  MONTH TO DATE    2                         0      2        0
  SINCE MAR 1      2                         0      2        0
  SINCE JAN 1      2                         0      2        0
..................................................................

WIND (MPH)
  HIGHEST WIND SPEED    31   HIGHEST WIND DIRECTION     S (190)
  HIGHEST GUST SPEED    45   HIGHEST GUST DIRECTION     S (200)
  AVERAGE WIND SPEED     8.6

SKY COVER
  POSSIBLE SUNSHINE  MM
  AVERAGE SKY COVER 0.1

WEATHER CONDITIONS
 THE FOLLOWING WEATHER WAS RECORDED TODAY.
  NO SIGNIFICANT WEATHER WAS OBSERVED.

RELATIVE HUMIDITY (PERCENT)
 HIGHEST    77           300 AM
 LOWEST     30           300 PM
 AVERAGE    54
..........................................................

THE LONDON KY CLIMATE NORMALS FOR TOMORROW
                         NORMAL    RECORD    YEAR
 MAXIMUM TEMPERATURE (F)   64        84      1963
 MINIMUM TEMPERATURE (F)   40        18      1969

SUNRISE AND SUNSET
MARCH 30 2017.........SUNRISE   725 AM EDT   SUNSET   757 PM EDT
MARCH 31 2017.........SUNRISE   723 AM EDT   SUNSET   758 PM EDT

-  INDICATES NEGATIVE NUMBERS.
R  INDICATES RECORD WAS SET OR TIED.
MM INDICATES DATA IS MISSING.
T  INDICATES TRACE AMOUNT.

$$

TAB
