000
CDUS44 KCRP 290724
CLILRD

CLIMATE REPORT
NATIONAL WEATHER SERVICE CORPUS CHRISTI TX
124 AM CST MON DEC 29 2014


...THE LAREDO CLIMATE SUMMARY FOR DECEMBER 28 2014...

CLIMATE NORMAL PERIOD 1981 TO 2010
CLIMATE RECORD PERIOD 1900 TO 2014


WEATHER ITEM   OBSERVED TIME   RECORD YEAR NORMAL DEPARTURE LAST
                VALUE   (LST)  VALUE       VALUE  FROM      YEAR
                                                  NORMAL
..................................................................
TEMPERATURE (F)
 YESTERDAY
  MAXIMUM         52    454 PM  88    1940  66    -14       60
  MINIMUM         41   1155 PM  22    1904  46     -5       50
  AVERAGE         47                        56     -9       55

PRECIPITATION (IN)
  YESTERDAY        0.11          0.31 1962   0.03   0.08     0.02
  MONTH TO DATE    0.64                      0.78  -0.14     1.09
  SINCE DEC 1      0.64                      0.78  -0.14     1.09
  SINCE JAN 1     16.31                     20.10  -3.79    21.49

SNOWFALL (IN)
  YESTERDAY        0.0
  MONTH TO DATE    0.0
  SINCE DEC 1      0.0
  SINCE JUL 1      0.0

DEGREE DAYS
 HEATING
  YESTERDAY       18                        10      8       10
  MONTH TO DATE  129                       245   -116      263
  SINCE DEC 1    129                       245   -116      263
  SINCE JUL 1    287                       360    -73      428

 COOLING
  YESTERDAY        0                         1     -1        0
  MONTH TO DATE   36                        32      4       37
  SINCE DEC 1     36                        32      4       37
  SINCE JAN 1   4511                      4287    224     4519
..................................................................


WIND (MPH)
  HIGHEST WIND SPEED    20   HIGHEST WIND DIRECTION    NW (320)
  HIGHEST GUST SPEED    25   HIGHEST GUST DIRECTION    NW (330)
  AVERAGE WIND SPEED     8.1


SKY COVER
  POSSIBLE SUNSHINE  MM
  AVERAGE SKY COVER 0.6


WEATHER CONDITIONS
 THE FOLLOWING WEATHER WAS RECORDED YESTERDAY.
  LIGHT RAIN


RELATIVE HUMIDITY (PERCENT)
 HIGHEST    89          1000 AM
 LOWEST     68           400 PM

..........................................................


THE LAREDO CLIMATE NORMALS FOR TODAY
                         NORMAL    RECORD    YEAR
 MAXIMUM TEMPERATURE (F)   66        87      1951
 MINIMUM TEMPERATURE (F)   46        22      1983


SUNRISE AND SUNSET
DECEMBER 29 2014......SUNRISE   727 AM CST   SUNSET   553 PM CST
DECEMBER 30 2014......SUNRISE   728 AM CST   SUNSET   553 PM CST


-  INDICATES NEGATIVE NUMBERS.
R  INDICATES RECORD WAS SET OR TIED.
MM INDICATES DATA IS MISSING.
T  INDICATES TRACE AMOUNT.


$$

TMT
