000
CDUS44 KCRP 220747 RRA
CLILRD

CLIMATE REPORT
NATIONAL WEATHER SERVICE CORPUS CHRISTI TX
147 AM CST MON JAN 22 2018


...THE LAREDO CLIMATE SUMMARY FOR JANUARY 21 2018...

CLIMATE NORMAL PERIOD 1981 TO 2010
CLIMATE RECORD PERIOD 1900 TO 2018


WEATHER ITEM   OBSERVED TIME   RECORD YEAR NORMAL DEPARTURE LAST
                VALUE   (LST)  VALUE       VALUE  FROM      YEAR
                                                  NORMAL
..................................................................
TEMPERATURE (F)
 YESTERDAY
  MAXIMUM         73    230 PM  94    2017  67      6       94
  MINIMUM         53   1150 PM  20    1943  46      7       54
  AVERAGE         63                        57      6       74

PRECIPITATION (IN)
  YESTERDAY        0.00          0.62 1966   0.03  -0.03     0.00
  MONTH TO DATE    0.10                      0.61  -0.51     0.01
  SINCE DEC 1      2.79                      1.49   1.30     1.63
  SINCE JAN 1      0.10                      0.61  -0.51     0.01

SNOWFALL (IN)
  YESTERDAY        0.0
  MONTH TO DATE    T
  SINCE DEC 1      1.3
  SINCE JUL 1      1.3

DEGREE DAYS
 HEATING
  YESTERDAY        2                         9     -7        0
  MONTH TO DATE  281                       205     76       94
  SINCE DEC 1    594                       480    114      273
  SINCE JUL 1    663                       595     68      290

 COOLING
  YESTERDAY        0                         1     -1        9
  MONTH TO DATE    1                        21    -20       91
  SINCE DEC 1     44                        56    -12      154
  SINCE JAN 1      1                        21    -20       91
..................................................................


WIND (MPH)
  HIGHEST WIND SPEED    15   HIGHEST WIND DIRECTION    SE (150)
  HIGHEST GUST SPEED    MM   HIGHEST GUST DIRECTION    MM
  AVERAGE WIND SPEED     7.5


SKY COVER
  POSSIBLE SUNSHINE  MM
  AVERAGE SKY COVER 0.2


WEATHER CONDITIONS
 THE FOLLOWING WEATHER WAS RECORDED YESTERDAY.
  FOG
  FOG W/VISIBILITY <= 1/4 MILE


RELATIVE HUMIDITY (PERCENT)
 HIGHEST   100           300 AM
 LOWEST     68           100 PM

..........................................................


THE LAREDO CLIMATE NORMALS FOR TODAY
                         NORMAL    RECORD    YEAR
 MAXIMUM TEMPERATURE (F)   68        91      1969
 MINIMUM TEMPERATURE (F)   46        20      1935


SUNRISE AND SUNSET
JANUARY 22 2018.......SUNRISE   728 AM CST   SUNSET   611 PM CST
JANUARY 23 2018.......SUNRISE   728 AM CST   SUNSET   612 PM CST


-  INDICATES NEGATIVE NUMBERS.
R  INDICATES RECORD WAS SET OR TIED.
MM INDICATES DATA IS MISSING.
T  INDICATES TRACE AMOUNT.

$$

TMT
