000
CDUS44 KCRP 290951
CLILRD

CLIMATE REPORT
NATIONAL WEATHER SERVICE CORPUS CHRISTI TX
451 AM CDT MON MAY 29 2017


...................................

...THE LAREDO CLIMATE SUMMARY FOR MAY 28 2017...

CLIMATE NORMAL PERIOD 1981 TO 2010
CLIMATE RECORD PERIOD 1900 TO 2017


WEATHER ITEM   OBSERVED TIME   RECORD YEAR NORMAL DEPARTURE LAST
                VALUE   (LST)  VALUE       VALUE  FROM      YEAR
                                                  NORMAL
..................................................................
TEMPERATURE (F)
 YESTERDAY
  MAXIMUM        102        MM 112    2011  96      6       97
  MINIMUM         72    900 PM  60    1918  74     -2       78
  AVERAGE         87                        85      2       88

PRECIPITATION (IN)
  YESTERDAY        0.78          2.25 1914   0.09   0.69     0.00
  MONTH TO DATE    4.86                      2.24   2.62     2.33
  SINCE MAR 1      8.68                      4.78   3.90     8.21
  SINCE JAN 1      9.65                      6.62   3.03    10.10

SNOWFALL (IN)
  YESTERDAY        0.0
  MONTH TO DATE    0.0
  SINCE MAR 1      0.0
  SINCE JUL 1      0.0

DEGREE DAYS
 HEATING
  YESTERDAY        0                         0      0        0
  MONTH TO DATE    0                         0      0        0
  SINCE MAR 1     16                        82    -66       18
  SINCE JUL 1    396                       926   -530      594

 COOLING
  YESTERDAY       22                        20      2       23
  MONTH TO DATE  497                       483     14      447
  SINCE MAR 1   1165                       998    167     1088
  SINCE JAN 1   1471                      1083    388     1206
..................................................................


WIND (MPH)
  HIGHEST WIND SPEED    25   HIGHEST WIND DIRECTION     E (90)
  HIGHEST GUST SPEED    40   HIGHEST GUST DIRECTION    NW (330)
  AVERAGE WIND SPEED    13.5


SKY COVER
  POSSIBLE SUNSHINE  MM
  AVERAGE SKY COVER 0.1


WEATHER CONDITIONS
 THE FOLLOWING WEATHER WAS RECORDED YESTERDAY.
  THUNDERSTORM
  HEAVY RAIN
  RAIN
  LIGHT RAIN
  FOG
  HAZE


RELATIVE HUMIDITY (PERCENT)
 HIGHEST    93          1000 PM
 LOWEST     42           300 PM

..........................................................


THE LAREDO CLIMATE NORMALS FOR TODAY
                         NORMAL    RECORD    YEAR
 MAXIMUM TEMPERATURE (F)   96       109      1912
 MINIMUM TEMPERATURE (F)   74        59      1917


SUNRISE AND SUNSET
MAY 29 2017...........SUNRISE   643 AM CDT   SUNSET   828 PM CDT
MAY 30 2017...........SUNRISE   643 AM CDT   SUNSET   828 PM CDT


-  INDICATES NEGATIVE NUMBERS.
R  INDICATES RECORD WAS SET OR TIED.
MM INDICATES DATA IS MISSING.
T  INDICATES TRACE AMOUNT.




$$
