221
CDUS44 KCRP 240841
CLILRD

CLIMATE REPORT
NATIONAL WEATHER SERVICE CORPUS CHRISTI TX
340 AM CDT SUN JUL 24 2016


...................................

...THE LAREDO CLIMATE SUMMARY FOR JULY 23 2016...

CLIMATE NORMAL PERIOD 1981 TO 2010
CLIMATE RECORD PERIOD 1900 TO 2016


WEATHER ITEM   OBSERVED TIME   RECORD YEAR NORMAL DEPARTURE LAST
                VALUE   (LST)  VALUE       VALUE  FROM      YEAR
                                                  NORMAL
..................................................................
TEMPERATURE (F)
 YESTERDAY
  MAXIMUM        105        MM 109    1994 100      5      104
  MINIMUM         77        MM  64    1908  77      0       78
  AVERAGE         91                        88      3       91

PRECIPITATION (IN)
  YESTERDAY        0.00          1.95 1919   0.05  -0.05     0.00
  MONTH TO DATE    0.04                      1.65  -1.61      T
  SINCE JUN 1      1.96                      3.88  -1.92     1.20
  SINCE JAN 1     12.47                     10.75   1.72    19.90

SNOWFALL (IN)
  YESTERDAY        0.0
  MONTH TO DATE    0.0
  SINCE JUN 1      0.0
  SINCE JUL 1      0.0

DEGREE DAYS
 HEATING
  YESTERDAY        0                         0      0        0
  MONTH TO DATE    0                         0      0        0
  SINCE JUN 1      0                         0      0        0
  SINCE JUL 1      0                         0      0        0

 COOLING
  YESTERDAY       26                        23      3       26
  MONTH TO DATE  607                       529     78      546
  SINCE JUN 1   1250                      1189     61     1146
  SINCE JAN 1   2514                      2332    182     2088
..................................................................


WIND (MPH)
  HIGHEST WIND SPEED    20   HIGHEST WIND DIRECTION    SE (130)
  HIGHEST GUST SPEED    30   HIGHEST GUST DIRECTION    SE (120)
  AVERAGE WIND SPEED    11.6


SKY COVER
  POSSIBLE SUNSHINE  MM
  AVERAGE SKY COVER 0.0


WEATHER CONDITIONS
 THE FOLLOWING WEATHER WAS RECORDED YESTERDAY.
  HAZE


RELATIVE HUMIDITY (PERCENT)
 HIGHEST    88           600 AM
 LOWEST     30           400 PM

..........................................................


THE LAREDO CLIMATE NORMALS FOR TODAY
                         NORMAL    RECORD    YEAR
 MAXIMUM TEMPERATURE (F)  100       109      1994
 MINIMUM TEMPERATURE (F)   77        64      1908


SUNRISE AND SUNSET
JULY 24 2016..........SUNRISE   657 AM CDT   SUNSET   831 PM CDT
JULY 25 2016..........SUNRISE   658 AM CDT   SUNSET   831 PM CDT


-  INDICATES NEGATIVE NUMBERS.
R  INDICATES RECORD WAS SET OR TIED.
MM INDICATES DATA IS MISSING.
T  INDICATES TRACE AMOUNT.




$$
