750
CDUS44 KCRP 170959 RRB
CLILRD

CLIMATE REPORT
NATIONAL WEATHER SERVICE CORPUS CHRISTI TX
356 AM CST TUE JAN 17 2017


...................................

...THE LAREDO CLIMATE SUMMARY FOR JANUARY 16 2017...

CLIMATE NORMAL PERIOD 1981 TO 2010
CLIMATE RECORD PERIOD 1900 TO 2017


WEATHER ITEM   OBSERVED TIME   RECORD YEAR NORMAL DEPARTURE LAST
                VALUE   (LST)  VALUE       VALUE  FROM      YEAR
                                                  NORMAL
..................................................................
TEMPERATURE (F)
 YESTERDAY
  MAXIMUM         75        MM  92    1943  67      8       73
  MINIMUM         66        MM  24    1905  46     20       46
  AVERAGE         71                        56     15       60

PRECIPITATION (IN)
  YESTERDAY        0.00          0.54 1919   0.03  -0.03     0.00
  MONTH TO DATE    T                         0.47  -0.47     1.88
  SINCE DEC 1      1.62                      1.35   0.27     2.01
  SINCE JAN 1      T                         0.47  -0.47     1.88

SNOWFALL (IN)
  YESTERDAY        0.0
  MONTH TO DATE    0.0
  SINCE DEC 1      0.0
  SINCE JUL 1      0.0

DEGREE DAYS
 HEATING
  YESTERDAY        0                        10    -10        5
  MONTH TO DATE   89                       160    -71      170
  SINCE DEC 1    268                       435   -167      317
  SINCE JUL 1    285                       550   -265      388

 COOLING
  YESTERDAY        6                         1      5        0
  MONTH TO DATE   74                        16     58        0
  SINCE DEC 1    137                        51     86       63
  SINCE JAN 1     74                        16     58        0
..................................................................


WIND (MPH)
  HIGHEST WIND SPEED    18   HIGHEST WIND DIRECTION    SE (140)
  HIGHEST GUST SPEED    MM   HIGHEST GUST DIRECTION    MM
  AVERAGE WIND SPEED     6.5


SKY COVER
  POSSIBLE SUNSHINE  MM
  AVERAGE SKY COVER 0.6


WEATHER CONDITIONS
 THE FOLLOWING WEATHER WAS RECORDED YESTERDAY.
  NO SIGNIFICANT WEATHER WAS OBSERVED.


RELATIVE HUMIDITY (PERCENT)
 HIGHEST    93           700 AM
 LOWEST     54           400 PM

..........................................................


THE LAREDO CLIMATE NORMALS FOR TODAY
                         NORMAL    RECORD    YEAR
 MAXIMUM TEMPERATURE (F)   67        98      1936
 MINIMUM TEMPERATURE (F)   46        25      1982


SUNRISE AND SUNSET
JANUARY 17 2017.......SUNRISE   729 AM CST   SUNSET   607 PM CST
JANUARY 18 2017.......SUNRISE   729 AM CST   SUNSET   608 PM CST


-  INDICATES NEGATIVE NUMBERS.
R  INDICATES RECORD WAS SET OR TIED.
MM INDICATES DATA IS MISSING.
T  INDICATES TRACE AMOUNT.




$$
