000
CDUS43 KARX 060655
CLILSE


CLIMATE REPORT
NATIONAL WEATHER SERVICE LA CROSSE WI
1254 AM CST TUE DEC 6 2016


...................................

...THE LA CROSSE WI CLIMATE SUMMARY FOR DECEMBER 5 2016...

CLIMATE NORMAL PERIOD 1981 TO 2010
CLIMATE RECORD PERIOD 1873 TO 2016


WEATHER ITEM   OBSERVED TIME   RECORD YEAR NORMAL DEPARTURE LAST
                VALUE   (LST)  VALUE       VALUE  FROM      YEAR
                                                  NORMAL
..................................................................
TEMPERATURE (F)
 YESTERDAY
  MAXIMUM         39    305 PM  67    1998  33      6       48
  MINIMUM         35    922 AM  -5    1880  18     17       36
                                      1873
  AVERAGE         37                        25     12       42

PRECIPITATION (IN)
  YESTERDAY        0.00          1.40 1879   0.05  -0.05     0.00
  MONTH TO DATE    0.31                      0.27   0.04     0.07
  SINCE DEC 1      0.31                      0.27   0.04     0.07
  SINCE JAN 1     42.88                     31.97  10.91    29.62

SNOWFALL (IN)
  YESTERDAY        0.0           3.8  1925   0.4   -0.4      0.0
  MONTH TO DATE    2.3                       1.8    0.5      0.5
  SINCE JUL 1      2.3                       6.1   -3.8      1.4
  SNOW DEPTH       1

DEGREE DAYS
 HEATING
  YESTERDAY       28                        40    -12       23
  MONTH TO DATE  144                       194    -50      143
  SINCE JUL 1   1003                      1694   -691     1229

 COOLING
  YESTERDAY        0                         0      0        0
  MONTH TO DATE    0                         0      0        0
  SINCE JAN 1   1033                       782    251      887
..................................................................


WIND (MPH)
  HIGHEST WIND SPEED    18   HIGHEST WIND DIRECTION     S (170)
  HIGHEST GUST SPEED    22   HIGHEST GUST DIRECTION     S (170)
  AVERAGE WIND SPEED    11.5


SKY COVER
  POSSIBLE SUNSHINE  MM
  AVERAGE SKY COVER 0.9


WEATHER CONDITIONS
 THE FOLLOWING WEATHER WAS RECORDED YESTERDAY.
  FOG


RELATIVE HUMIDITY (PERCENT)
 HIGHEST    92          1200 AM
 LOWEST     76           500 PM
 AVERAGE    84

..........................................................


THE LA CROSSE WI CLIMATE NORMALS FOR TODAY
                         NORMAL    RECORD    YEAR
 MAXIMUM TEMPERATURE (F)   32        55      1939
 MINIMUM TEMPERATURE (F)   18       -16      1972


SUNRISE AND SUNSET
DECEMBER  6 2016......SUNRISE   725 AM CST   SUNSET   427 PM CST
DECEMBER  7 2016......SUNRISE   726 AM CST   SUNSET   427 PM CST


-  INDICATES NEGATIVE NUMBERS.
R  INDICATES RECORD WAS SET OR TIED.
MM INDICATES DATA IS MISSING.
T  INDICATES TRACE AMOUNT.




$$
