000
CDUS43 KARX 202233
CLILSE


CLIMATE REPORT
NATIONAL WEATHER SERVICE LA CROSSE WI
433 PM CST SAT JAN 20 2018


...................................

...THE LA CROSSE WI CLIMATE SUMMARY FOR JANUARY 20 2018...
VALID TODAY AS OF 0430 PM LOCAL TIME.

CLIMATE NORMAL PERIOD 1981 TO 2010
CLIMATE RECORD PERIOD 1873 TO 2018


WEATHER ITEM   OBSERVED TIME   RECORD YEAR NORMAL DEPARTURE LAST
                VALUE   (LST)  VALUE       VALUE  FROM      YEAR
                                                  NORMAL
..................................................................
TEMPERATURE (F)
 TODAY
  MAXIMUM         40    409 PM  50    1968  26     14       42
                                      1921
  MINIMUM         21    650 AM -33    1994   8     13       36
  AVERAGE         31                        17     14       39

PRECIPITATION (IN)
  TODAY            0.00          0.42 1937   0.04  -0.04     0.05
  MONTH TO DATE    0.46                      0.71  -0.25     1.94
  SINCE DEC 1      0.99                      2.07  -1.08     4.13
  SINCE JAN 1      0.46                      0.71  -0.25     1.94

SNOWFALL (IN)
  TODAY            0.0           4.9  1990   0.4   -0.4      0.0
  MONTH TO DATE    8.1                       6.5    1.6      4.6
  SINCE JUL 1     12.5                      22.1   -9.6     25.4
  SNOW DEPTH       2

DEGREE DAYS
 HEATING
  TODAY           34                        48    -14       26
  MONTH TO DATE 1015                       956     59      899
  SINCE JUL 1   3579                      3800   -221     3034

 COOLING
  TODAY            0                         0      0        0
  MONTH TO DATE    0                         0      0        0
  SINCE JAN 1      0                         0      0        0
..................................................................


WIND (MPH)
  HIGHEST WIND SPEED     8   HIGHEST WIND DIRECTION     S (180)
  HIGHEST GUST SPEED    10   HIGHEST GUST DIRECTION     S (190)
  AVERAGE WIND SPEED     2.1


SKY COVER
  POSSIBLE SUNSHINE  MM
  AVERAGE SKY COVER 0.1


WEATHER CONDITIONS
 THE FOLLOWING WEATHER WAS RECORDED TODAY.
  FOG
  FOG W/VISIBILITY <= 1/4 MILE


RELATIVE HUMIDITY (PERCENT)
 HIGHEST   100           400 AM
 LOWEST     70           200 PM
 AVERAGE    85

..........................................................


THE LA CROSSE WI CLIMATE NORMALS FOR TOMORROW
                         NORMAL    RECORD    YEAR
 MAXIMUM TEMPERATURE (F)   26        50      1921
                                             1908
 MINIMUM TEMPERATURE (F)    8       -42      1888


SUNRISE AND SUNSET
JANUARY 20 2018.......SUNRISE   733 AM CST   SUNSET   500 PM CST
JANUARY 21 2018.......SUNRISE   732 AM CST   SUNSET   501 PM CST


-  INDICATES NEGATIVE NUMBERS.
R  INDICATES RECORD WAS SET OR TIED.
MM INDICATES DATA IS MISSING.
T  INDICATES TRACE AMOUNT.




$$
