000
CDUS46 KMTR 070038
CLILVK


CLIMATE REPORT
NATIONAL WEATHER SERVICE SAN FRANCISCO BAY AREA
438 PM PST FRI MAR 6 2015


...................................

...THE LIVERMORE AIRPORT CLIMATE SUMMARY FOR MARCH 6 2015...
VALID TODAY AS OF 0400 PM LOCAL TIME.

CLIMATE NORMAL PERIOD 1981 TO 2010
CLIMATE RECORD PERIOD 1930 TO 2015


WEATHER ITEM   OBSERVED TIME   RECORD YEAR NORMAL DEPARTURE LAST
                VALUE   (LST)  VALUE       VALUE  FROM      YEAR
                                                  NORMAL
..................................................................
TEMPERATURE (F)
 TODAY
  MAXIMUM         73        MM  82    1972  64      9       61
  MINIMUM         36        MM  24    1971  42     -6       50
  AVERAGE         55                        53      2       56

PRECIPITATION (IN)
  TODAY            0.00          0.76 1951   0.08  -0.08     0.04
  MONTH TO DATE    T                         0.56  -0.56     0.22
  SINCE OCT 1     11.92                     12.18  -0.26     4.76
  SINCE JAN 1      2.30                      6.60  -4.30     2.85

DEGREE DAYS
 HEATING
  TODAY           10                        12     -2        9
  MONTH TO DATE   75                        72      3       47
  SINCE MAR 1     75                        72      3       47
  SINCE JUL 1   1261                      2079   -818     1561

 COOLING
  TODAY            0                         0      0        0
  MONTH TO DATE    0                         0      0        0
  SINCE MAR 1      0                         0      0        0
  SINCE JAN 1      0                         0      0        0
..................................................................


WIND (MPH)
  RESULTANT WIND SPEED   2   RESULTANT WIND DIRECTION   E (70)
  HIGHEST WIND SPEED     8   HIGHEST WIND DIRECTION    NE (50)
  HIGHEST GUST SPEED    MM   HIGHEST GUST DIRECTION    MM
  AVERAGE WIND SPEED     2.2


SKY COVER
  POSSIBLE SUNSHINE  MM
  AVERAGE SKY COVER 0.0


WEATHER CONDITIONS
 THE FOLLOWING WEATHER WAS RECORDED TODAY.
  NO SIGNIFICANT WEATHER WAS OBSERVED.


RELATIVE HUMIDITY (PERCENT)
 HIGHEST    79           300 AM
 LOWEST     29           200 PM
 AVERAGE    54

..........................................................


THE LIVERMORE AIRPORT CLIMATE NORMALS FOR TOMORROW
                         NORMAL    RECORD    YEAR
 MAXIMUM TEMPERATURE (F)   64        82      1972
 MINIMUM TEMPERATURE (F)   42        25      1964


SUNRISE AND SUNSET
MARCH  6 2015.........SUNRISE   632 AM PST   SUNSET   606 PM PST
MARCH  7 2015.........SUNRISE   630 AM PST   SUNSET   607 PM PST


-  INDICATES NEGATIVE NUMBERS.
R  INDICATES RECORD WAS SET OR TIED.
MM INDICATES DATA IS MISSING.
T  INDICATES TRACE AMOUNT.




$$
