000
CDUS46 KMTR 010027
CLILVK


CLIMATE REPORT
NATIONAL WEATHER SERVICE SAN FRANCISCO BAY AREA
527 PM PDT SAT APR 30 2016


...................................

...THE LIVERMORE AIRPORT CLIMATE SUMMARY FOR APRIL 30 2016...
VALID TODAY AS OF 0500 PM LOCAL TIME.

CLIMATE NORMAL PERIOD 1981 TO 2010
CLIMATE RECORD PERIOD 1930 TO 2016


WEATHER ITEM   OBSERVED TIME   RECORD YEAR NORMAL DEPARTURE LAST
                VALUE   (LST)  VALUE       VALUE  FROM      YEAR
                                                  NORMAL
..................................................................
TEMPERATURE (F)
 TODAY
  MAXIMUM         79    327 PM  95    1981  73      6       90
  MINIMUM         48    117 AM  34    1961  47      1       51
  AVERAGE         64                        60      4       71

PRECIPITATION (IN)
  TODAY            0.00          0.25 1941   0.02  -0.02     0.00
  MONTH TO DATE    1.67                      1.00   0.67     0.93
  SINCE OCT 1     15.18                     14.82   0.36    13.04
  SINCE JAN 1     10.18                      9.24   0.94     3.42

DEGREE DAYS
 HEATING
  TODAY            1                         6     -5        0
  MONTH TO DATE  140                       259   -119      144
  SINCE MAR 1    420                       615   -195      294
  SINCE JUL 1   2125                      2622   -497     1480

 COOLING
  TODAY            0                         1     -1        6
  MONTH TO DATE    8                         8      0       14
  SINCE MAR 1      8                         9     -1       20
  SINCE JAN 1      8                         9     -1       20
..................................................................


WIND (MPH)
  RESULTANT WIND SPEED  12   RESULTANT WIND DIRECTION   N (0)
  HIGHEST WIND SPEED    24   HIGHEST WIND DIRECTION     N (350)
  HIGHEST GUST SPEED    35   HIGHEST GUST DIRECTION     N (350)
  AVERAGE WIND SPEED    12.9


SKY COVER
  POSSIBLE SUNSHINE  MM
  AVERAGE SKY COVER 0.0


WEATHER CONDITIONS
 THE FOLLOWING WEATHER WAS RECORDED TODAY.
  NO SIGNIFICANT WEATHER WAS OBSERVED.


RELATIVE HUMIDITY (PERCENT)
 HIGHEST    86           200 AM
 LOWEST     23           300 PM
 AVERAGE    55

..........................................................


THE LIVERMORE AIRPORT CLIMATE NORMALS FOR TOMORROW
                         NORMAL    RECORD    YEAR
 MAXIMUM TEMPERATURE (F)   73        95      2014
 MINIMUM TEMPERATURE (F)   47        35      1967


SUNRISE AND SUNSET
APRIL 30 2016.........SUNRISE   612 AM PDT   SUNSET   757 PM PDT
MAY  1 2016...........SUNRISE   611 AM PDT   SUNSET   758 PM PDT


-  INDICATES NEGATIVE NUMBERS.
R  INDICATES RECORD WAS SET OR TIED.
MM INDICATES DATA IS MISSING.
T  INDICATES TRACE AMOUNT.




$$
